{"id":813,"date":"2020-02-18T10:05:15","date_gmt":"2020-02-18T09:05:15","guid":{"rendered":"http:\/\/us.edu.pl\/instytut\/ij\/?post_type=osoby&#038;p=813"},"modified":"2020-10-18T01:44:45","modified_gmt":"2020-10-17T23:44:45","slug":"tyc-ewelina","status":"publish","type":"osoby","link":"https:\/\/us.edu.pl\/instytut\/ij\/osoby\/tyc-ewelina\/","title":{"rendered":"Ewelina Tyc"},"content":{"rendered":"<p><img class=\"alignnone size-medium wp-image-1497\" src=\"https:\/\/us.edu.pl\/instytut\/ij\/wp-content\/uploads\/sites\/25\/Nieprzypisane\/Ewelina_Tyc-200x300.jpg\" alt=\"dr Ewelina Tyc\" width=\"200\" height=\"300\" srcset=\"https:\/\/us.edu.pl\/instytut\/ij\/wp-content\/uploads\/sites\/25\/Nieprzypisane\/Ewelina_Tyc-200x300.jpg 200w, https:\/\/us.edu.pl\/instytut\/ij\/wp-content\/uploads\/sites\/25\/Nieprzypisane\/Ewelina_Tyc-768x1150.jpg 768w, https:\/\/us.edu.pl\/instytut\/ij\/wp-content\/uploads\/sites\/25\/Nieprzypisane\/Ewelina_Tyc-684x1024.jpg 684w, https:\/\/us.edu.pl\/instytut\/ij\/wp-content\/uploads\/sites\/25\/Nieprzypisane\/Ewelina_Tyc-384x575.jpg 384w\" sizes=\"(max-width: 200px) 100vw, 200px\" \/><\/p>\n<p><strong>dr Ewelina Tyc<\/strong><\/p>\n<p><strong>Kontakt: <\/strong><a href=\"mailto:ewelina.tyc@us.edu.pl\">ewelina.tyc@us.edu.pl,<\/a>\u00a0<a href=\"mailto:etyc.us@wp.pl\">etyc.us@wp.pl<\/a><\/p>\n<p style=\"text-align: justify\">Doktor nauk humanistycznych w zakresie j\u0119zykoznawstwa. Absolwentka filologii polskiej, politologii i studi\u00f3w podyplomowych PR \u2013 nowoczesna komunikacja w praktyce oraz Akademii Trener\u00f3w Biznesu; specjalizuje si\u0119 w sztuce wyst\u0105pie\u0144 publicznych, kreowaniu wizerunku i etykiecie. Cz\u0142onkini Polskiego Towarzystwa Retorycznego, Polskiego Towarzystwa Komunikacji Spo\u0142ecznej oraz Zespo\u0142u ds. Promocji Wydzia\u0142u Humanistycznego U\u015a. Wsp\u00f3\u0142organizatorka cyklu konferencji po\u015bwi\u0119conych strategiom autopromocyjnym w przestrzeni publicznej. W kr\u0119gu jej zainteresowa\u0144 naukowych znajduje si\u0119 retoryka w dyskursie publicznym oraz mediolingwistyka.<\/p>\n<p><strong>Profil Pracownika w portalu ORCID: <a href=\"https:\/\/orcid.org\/0000-0002-1191-0347\">https:\/\/orcid.org\/0000-0002-1191-0347<\/a><\/strong><\/p>\n<p><strong>Wybrane publikacje:<\/strong><\/p>\n<p>2020: Kobiece poradnictwo w internecie (na przyk\u0142adzie kana\u0142u Red Lipstick Monster), \u201eZeszyty Prasoznawcze\u201d, nr 2, s. 47-63.<\/p>\n<p>2020: \u015amier\u0107 prezydenta Gda\u0144ska Paw\u0142a Adamowicza w nag\u0142\u00f3wkach polskich dziennik\u00f3w i tygodnik\u00f3w, \u201eRes Rhetorica\u201d, nr 1, s. 1-21 (wsp\u00f3\u0142autorstwo z Paw\u0142em Sarn\u0105).<\/p>\n<p>2020: Partnerstwo w komunikacji, red. A. Kalisz, E. Tyc, Katowice.<\/p>\n<p>2019: Nieestetyczne zachowania jako technika autoprezentacji w mediach masowych, [w:] Zielonog\u00f3rskie seminaria j\u0119zykoznawcze, red. M. Steci\u0105g, M. Kaczor, Zielona G\u00f3ra, s. 151-164.<\/p>\n<p>2019: J\u0119zyk sukcesu w dyskursie telewizyjnym (na przyk\u0142adzie porannego magazynu \u201eOnet Rano\u201d), [w:] Autopromocja, Autoprezentacja, wizerunek w komunikowaniu masowym. B\u0142\u0105d, kryzys, skandal, red. E. Bi\u0142as-Pleszak, A. Kalisz, E. Tyc, Katowice, T. 5, s. 75-88.<\/p>\n<p>2018: \u201eKawa czy herbata?\u201d Pierwszy telewizyjny program \u015bniadaniowy. Komunikat polimodalny z perspektywy lingwistyki dyskursu, Katowice.<\/p>\n<p>2018: Medialny obraz \u015bwiata w telewizyjnych transmisjach plenerowych (wybrane przyk\u0142ady), \u201eMedia i Spo\u0142ecze\u0144stwo\u201d, nr 9\/2018, s. 21-35.<\/p>\n<p>2018: Prezenterzy magazynu \u015bniadaniowego <em>Kawa czy herbata?<\/em> w kontek\u015bcie autoprezentacji, [w:] Autopromocja, autoprezentacja, wizerunek w mediach audiowizualnych, red. A. Kalisz, E. Tyc, Katowice,\u00a0 T. 4, s. 137-150.<\/p>\n<p>2017: <em>Bezludna wyspa<\/em> Niny Terentiew jako przyk\u0142ad kreacji wizerunku opartej na stereotypie p\u0142ci, [w:] Autopromocja, autoprezentacja, wizerunek w mediach masowych, red. A. Kalisz, E. Tyc, Katowice, T. 3, s. 115-128.<\/p>","protected":false},"excerpt":{"rendered":"<p>dr Ewelina Tyc Kontakt: ewelina.tyc@us.edu.pl,\u00a0etyc.us@wp.pl Doktor nauk humanistycznych w zakresie j\u0119zykoznawstwa. Absolwentka filologii polskiej, politologii i studi\u00f3w podyplomowych PR \u2013 nowoczesna komunikacja w praktyce oraz Akademii Trener\u00f3w Biznesu; specjalizuje si\u0119 w sztuce wyst\u0105pie\u0144 publicznych, kreowaniu wizerunku i etykiecie. Cz\u0142onkini Polskiego Towarzystwa Retorycznego, Polskiego Towarzystwa Komunikacji Spo\u0142ecznej oraz Zespo\u0142u ds. Promocji Wydzia\u0142u Humanistycznego U\u015a. Wsp\u00f3\u0142organizatorka cyklu [&#8230;]<\/p>\n<p><a class=\"btn btn-secondary understrap-read-more-link\" href=\"https:\/\/us.edu.pl\/instytut\/ij\/osoby\/tyc-ewelina\/\">Read More&#8230;<\/a><\/p>\n","protected":false},"author":1015,"featured_media":0,"template":"","meta":{"_expiration-date-status":"saved","_expiration-date":0,"_expiration-date-type":"","_expiration-date-categories":[],"_expiration-date-options":[]},"acf":[],"_links":{"self":[{"href":"https:\/\/us.edu.pl\/instytut\/ij\/wp-json\/wp\/v2\/osoby\/813"}],"collection":[{"href":"https:\/\/us.edu.pl\/instytut\/ij\/wp-json\/wp\/v2\/osoby"}],"about":[{"href":"https:\/\/us.edu.pl\/instytut\/ij\/wp-json\/wp\/v2\/types\/osoby"}],"author":[{"embeddable":true,"href":"https:\/\/us.edu.pl\/instytut\/ij\/wp-json\/wp\/v2\/users\/1015"}],"version-history":[{"count":5,"href":"https:\/\/us.edu.pl\/instytut\/ij\/wp-json\/wp\/v2\/osoby\/813\/revisions"}],"predecessor-version":[{"id":1536,"href":"https:\/\/us.edu.pl\/instytut\/ij\/wp-json\/wp\/v2\/osoby\/813\/revisions\/1536"}],"wp:attachment":[{"href":"https:\/\/us.edu.pl\/instytut\/ij\/wp-json\/wp\/v2\/media?parent=813"}],"curies":[{"name":"wp","href":"https:\/\/api.w.org\/{rel}","templated":true}]}}

<p><img class="alignnone size-medium wp-image-1497" src="https://us.edu.pl/instytut/ij/wp-content/uploads/sites/25/Nieprzypisane/Ewelina_Tyc-200x300.jpg" alt="dr Ewelina Tyc" width="200" height="300" srcset="https://us.edu.pl/instytut/ij/wp-content/uploads/sites/25/Nieprzypisane/Ewelina_Tyc-200x300.jpg 200w, https://us.edu.pl/instytut/ij/wp-content/uploads/sites/25/Nieprzypisane/Ewelina_Tyc-768x1150.jpg 768w, https://us.edu.pl/instytut/ij/wp-content/uploads/sites/25/Nieprzypisane/Ewelina_Tyc-684x1024.jpg 684w, https://us.edu.pl/instytut/ij/wp-content/uploads/sites/25/Nieprzypisane/Ewelina_Tyc-384x575.jpg 384w" sizes="(max-width: 200px) 100vw, 200px" /></p>
<p><strong>dr Ewelina Tyc</strong></p>
<p><strong>Kontakt: </strong><a href="mailto:ewelina.tyc@us.edu.pl">ewelina.tyc@us.edu.pl,</a> <a href="mailto:etyc.us@wp.pl">etyc.us@wp.pl</a></p>
<p style="text-align: justify">Doktor nauk humanistycznych w zakresie językoznawstwa. Absolwentka filologii polskiej, politologii i studiów podyplomowych PR – nowoczesna komunikacja w praktyce oraz Akademii Trenerów Biznesu; specjalizuje się w sztuce wystąpień publicznych, kreowaniu wizerunku i etykiecie. Członkini Polskiego Towarzystwa Retorycznego, Polskiego Towarzystwa Komunikacji Społecznej oraz Zespołu ds. Promocji Wydziału Humanistycznego UŚ. Współorganizatorka cyklu konferencji poświęconych strategiom autopromocyjnym w przestrzeni publicznej. W kręgu jej zainteresowań naukowych znajduje się retoryka w dyskursie publicznym oraz mediolingwistyka.</p>
<p><strong>Profil Pracownika w portalu ORCID: <a href="https://orcid.org/0000-0002-1191-0347">https://orcid.org/0000-0002-1191-0347</a></strong></p>
<p><strong>Wybrane publikacje:</strong></p>
<p>2020: Kobiece poradnictwo w internecie (na przykładzie kanału Red Lipstick Monster), „Zeszyty Prasoznawcze”, nr 2, s. 47-63.</p>
<p>2020: Śmierć prezydenta Gdańska Pawła Adamowicza w nagłówkach polskich dzienników i tygodników, „Res Rhetorica”, nr 1, s. 1-21 (współautorstwo z Pawłem Sarną).</p>
<p>2020: Partnerstwo w komunikacji, red. A. Kalisz, E. Tyc, Katowice.</p>
<p>2019: Nieestetyczne zachowania jako technika autoprezentacji w mediach masowych, [w:] Zielonogórskie seminaria językoznawcze, red. M. Steciąg, M. Kaczor, Zielona Góra, s. 151-164.</p>
<p>2019: Język sukcesu w dyskursie telewizyjnym (na przykładzie porannego magazynu „Onet Rano”), [w:] Autopromocja, Autoprezentacja, wizerunek w komunikowaniu masowym. Błąd, kryzys, skandal, red. E. Biłas-Pleszak, A. Kalisz, E. Tyc, Katowice, T. 5, s. 75-88.</p>
<p>2018: „Kawa czy herbata?” Pierwszy telewizyjny program śniadaniowy. Komunikat polimodalny z perspektywy lingwistyki dyskursu, Katowice.</p>
<p>2018: Medialny obraz świata w telewizyjnych transmisjach plenerowych (wybrane przykłady), „Media i Społeczeństwo”, nr 9/2018, s. 21-35.</p>
<p>2018: Prezenterzy magazynu śniadaniowego <em>Kawa czy herbata?</em> w kontekście autoprezentacji, [w:] Autopromocja, autoprezentacja, wizerunek w mediach audiowizualnych, red. A. Kalisz, E. Tyc, Katowice,  T. 4, s. 137-150.</p>
<p>2017: <em>Bezludna wyspa</em> Niny Terentiew jako przykład kreacji wizerunku opartej na stereotypie płci, [w:] Autopromocja, autoprezentacja, wizerunek w mediach masowych, red. A. Kalisz, E. Tyc, Katowice, T. 3, s. 115-128.</p>

<p>dr Ewelina Tyc Kontakt: ewelina.tyc@us.edu.pl, etyc.us@wp.pl Doktor nauk humanistycznych w zakresie językoznawstwa. Absolwentka filologii polskiej, politologii i studiów podyplomowych PR – nowoczesna komunikacja w praktyce oraz Akademii Trenerów Biznesu; specjalizuje się w sztuce wystąpień publicznych, kreowaniu wizerunku i etykiecie. Członkini Polskiego Towarzystwa Retorycznego, Polskiego Towarzystwa Komunikacji Społecznej oraz Zespołu ds. Promocji Wydziału Humanistycznego UŚ. Współorganizatorka cyklu [&#8230;]</p>
<p><a class="btn btn-secondary understrap-read-more-link" href="https://us.edu.pl/instytut/ij/osoby/tyc-ewelina/">Read More&#8230;</a></p>
