{"id":381,"date":"2020-02-20T17:31:09","date_gmt":"2020-02-20T16:31:09","guid":{"rendered":"http:\/\/us.edu.pl\/instytut\/il\/?post_type=osoby&#038;p=381"},"modified":"2021-02-25T11:47:00","modified_gmt":"2021-02-25T10:47:00","slug":"danuta-opacka-walasek","status":"publish","type":"osoby","link":"https:\/\/us.edu.pl\/instytut\/il\/osoby\/danuta-opacka-walasek\/","title":{"rendered":"Danuta Opacka-Walasek"},"content":{"rendered":"<p>[vc_row][vc_column width=&#8221;2\/3&#8243;][vc_tta_tabs][vc_tta_section title=&#8221;POLISH&#8221; tab_id=&#8221;1614249850621-383e6eb8-7feb&#8221;]\r\n                <div class=\"text-modules\">\r\n                    <div class=\"container\">\r\n                        \r\n                        <div class=\"text-modules__content\"><p><b>prof. dr hab. Danuta Opacka-Walasek \u2013\u00a0<\/b>od pocz\u0105tku studi\u00f3w (1982 r.) zwi\u0105zana z Uniwersytetem \u015al\u0105skim. Tutaj uzyska\u0142a wszystkie stopnie naukowe: magisterium \u2013\u00a0<i>Czasoprzestrze\u0144 artystyczna w\u00a0<\/i>Sonetach krymskich\u00a0<i>Adama Mickiewicza<\/i>\u00a0(1987); doktorat \u2013\u00a0<i>\u201e\u2026pozosta\u0107 wiernym niepewnej jasno\u015bci\u201d. Wybrane problemy poezji Zbigniewa Herberta (<\/i>1995); habilitacj\u0119 \u2013\u00a0<i>Chwile i eony. Obrazy czasu w polskiej poezji drugiej po\u0142owy XX wieku (<\/i>2006). Tytu\u0142 profesora otrzyma\u0142a w 2016 roku.<\/p>\n<p align=\"justify\">W latach 1987-1990 pracowa\u0142a na Wydziale Radia i Telewizji U\u015a (obecnie: Szko\u0142a Filmowa im. Krzysztofa Kie\u015blowskiego) w Zak\u0142adzie Obrazu Telewizyjno-Filmowego, od roku 1990 \u2013 na Wydziale Filologicznym, w Zak\u0142adzie Literatury Wsp\u00f3\u0142czesnej, p\u00f3\u017aniej: Literatury XX i XXI wieku w Instytucie Nauk o Literaturze Polskiej im. Ireneusza Opackiego. W latach 2008-2013 by\u0142a kierownikiem studi\u00f3w doktoranckich Wydzia\u0142u Filologicznego U\u015a. Od 2011 roku jest cz\u0142onkiem Komitetu Nauk o Literaturze PAN (dwie kadencje), a tak\u017ce towarzystw naukowych, komitet\u00f3w naukowych oraz redakcji czasopism (m. in. \u201eZagadnienia Rodzaj\u00f3w Literackich\u201d, \u201e\u015al\u0105skie Studia Polonistyczne\u201d). Wyg\u0142osi\u0142a kilkadziesi\u0105t wyk\u0142ad\u00f3w zagranicznych o literaturze polskiej, w tym w Argentynie, Brazylii, Francji, Bu\u0142garii, Niemczech, W\u0142oszech, na Ukrainie, Litwie, w Macedonii.<\/p>\n<p align=\"justify\"><b>Ksi\u0105\u017cki:<\/b><\/p>\n<ol>\n<li>\u201e<i>\u2026pozosta\u0107 wiernym niepewnej jasno\u015bci\u201d. Wybrane problemy poezji Zbigniewa Herberta.\u00a0<\/i>Wydawnictwo Uniwersytetu \u015al\u0105skiego. Katowice 1996. ISBN 83-226-0716-4. ss. 184;<\/li>\n<li><i>Pot\u0119ga smaku. Zbigniew Herbert<\/i>. TVP S.A.- Ministerstwo Edukacji Narodowej. Warszawa 1997. ISBN 83-86925-71-X, ss. 48.<\/li>\n<li><i>Czytaj\u0105c Herberta<\/i>. Wydawnictwo Naukowe \u201e\u015al\u0105sk\u201d. Katowice 2001. ISBN 83-7164-265-2, ss. 210;<\/li>\n<li><i>Chwile i eony. Obrazy czasu w polskiej poezji drugiej po\u0142owy XX wieku<\/i>. Wydawnictwo Uniwersytetu \u015al\u0105skiego. Katowice 2005. ISBN 83-226-1477-2, ss. 251;<\/li>\n<li><i>Pasa\u017ce liryczne<\/i>. Uniwersytet \u015al\u0105ski, Oficyna Wydawnicza WW. Katowice 2013. ISBN 978-83-60743-72-0, ss. 230;<\/li>\n<li><i>Podr\u00f3\u017c Pana Cogito. A Viagem do Senhor Cogito<\/i>. Wyb\u00f3r i oprac. D. Opacka-Walasek,<br \/>\nP. Kilanowski, t\u0142um. P. Kilanowski. Wydawnictwo Gnome. Katowice 2016. ISBN 978-83-63268-49-7, ss. 139.<\/li>\n<\/ol>\n<p>\n<\/div>\r\n                    <\/div>\r\n                <\/div>[\/vc_tta_section][vc_tta_section title=&#8221;ENGLISH&#8221; tab_id=&#8221;1614249850660-ed0da3f3-32fd&#8221;]\r\n                <div class=\"text-modules\">\r\n                    <div class=\"container\">\r\n                        \r\n                        <div class=\"text-modules__content\"><p><strong>Prof. Danuta Opacka-Walasek, PhD, D<\/strong><strong>Litt<\/strong><\/p>\n<p><strong>Professor in the Institute of Literary Studies<br \/>\n<\/strong><strong>Faculty of Humanities<\/strong><\/p>\n<p><a href=\"mailto:danuta.opacka-walasek@us.edu.pl\">danuta.opacka-walasek@us.edu.pl<\/a><\/p>\n<p>&nbsp;<\/p>\n<p>ORCID: 0000-0001-9104-0590<\/p>\n<p><strong>Research interests<\/strong>:<\/p>\n<p>Polish poetry of the 20th and 21st centuries, the art of interpretation, dialogue with tradition, transtextual and intersemiotic strategies<\/p>\n<p><strong>Publications (5)<\/strong>:<\/p>\n<ol>\n<li><em>\u201e\u2026gorzkie rozwa\u017cania o zbyt wielkiej pami\u0119ci o zbyt ma\u0142ym sercu\u201d. Do\u015bwiadczenie krzywdy i wybaczania w poezji Czes\u0142awa Mi\u0142osza i Zbigniewa Herberta <\/em>[\u201c\u2026gorzkie rozwa\u017cania o zbyt wielkiej pami\u0119ci o zbyt ma\u0142ym sercu.\u201d Experiencing harm and forgiveness in the poetry of Czes\u0142aw Mi\u0142osz and Zbigniew Herbert]<em>. <\/em><em>\u201e<\/em>Ethos\u201d 2018 no. 2 (122), s. 202-225.<\/li>\n<li><em>Nanomoments and Eons: The Question of Time in Contemporary Polish Poetry (A Recoinnaissance)<\/em>, \u201eStudia Philologica Universitatis Velikotarnovensis\u201d 2017 T. 36, z.1, pp. 325-335.<\/li>\n<li><em>\u201e&#8230; ta pr<\/em><em>\u00f3ba jest grana tak, \u017ce si\u0119 na raz dziej\u0105 wszystkie sceny\u201d. Teatralizacje Stanis\u0142awa Bara\u0144czaka <\/em>[\u201c&#8230; ta pr\u00f3ba jest grana tak, \u017ce si\u0119 na raz dziej\u0105 wszystkie sceny.\u201d Teatralization in Stanis\u0142aw Bara\u0144czak\u2019s texts]. In: <em>Literatura polska w \u015bwiecie<\/em>. T. 6, <em>Bara\u0144czak<\/em> (Katowice: Uniwersytet \u015al\u0105ski, 2016, pp. 27-42).<\/li>\n<li><em>A Viagem do Senhor Cogito \/ Podr\u00f3\u017c Pana Cogito. Zbigniew Herbert <\/em>[A Viagem do Senhor Cogito \/ Mr. Cogito\u2019s trip. Zbigniew Herbert]; translated by Piotr Kilanowski, selection and compilation by D. Opacka-Walasek i P. Kilanowski, introduction by D. Opacka-Walasek. (Katowice: Wydawnictwo Gnome, 2016).<\/li>\n<li><em>A Pastiche Against Dying: <\/em>In Honour of the Reverend Baka <em>by Czes\u0142aw Mi\u0142osz<\/em>. In: <em>Mi\u0142osz Like the World<\/em>. Z. \u0141api\u0144ski (ed.). (Bruxelles, New York, Oxford, Wien: Peter Lang International Academic, 2015, pp. 363-378).<\/li>\n<\/ol>\n<p>\n<\/div>\r\n                    <\/div>\r\n                <\/div>[\/vc_tta_section][\/vc_tta_tabs][\/vc_column][vc_column width=&#8221;1\/3&#8243;]\r\n                <div class=\"text-modules\">\r\n                    <div class=\"container\">\r\n                        \r\n                        <div class=\"text-modules__content\"><\/p>\n<p>&nbsp;<\/p>\n<p><img class=\"alignnone wp-image-461 size-large\" src=\"https:\/\/us.edu.pl\/instytut\/il\/wp-content\/uploads\/sites\/27\/Nieprzypisane\/danuta-opacka-walasek-1024x683.jpg\" alt=\"Danuta Opacka-Walasek - zdj\u0119cie profilowe\" width=\"640\" height=\"427\" srcset=\"https:\/\/us.edu.pl\/instytut\/il\/wp-content\/uploads\/sites\/27\/Nieprzypisane\/danuta-opacka-walasek-1024x683.jpg 1024w, https:\/\/us.edu.pl\/instytut\/il\/wp-content\/uploads\/sites\/27\/Nieprzypisane\/danuta-opacka-walasek-300x200.jpg 300w, https:\/\/us.edu.pl\/instytut\/il\/wp-content\/uploads\/sites\/27\/Nieprzypisane\/danuta-opacka-walasek-768x512.jpg 768w, https:\/\/us.edu.pl\/instytut\/il\/wp-content\/uploads\/sites\/27\/Nieprzypisane\/danuta-opacka-walasek-575x383.jpg 575w\" sizes=\"(max-width: 640px) 100vw, 640px\" \/><\/p>\n<\/div>\r\n                    <\/div>\r\n                <\/div>[\/vc_column][\/vc_row]<\/p>","protected":false},"excerpt":{"rendered":"<p>[vc_row][vc_column width=&#8221;2\/3&#8243;][vc_tta_tabs][vc_tta_section title=&#8221;POLISH&#8221; tab_id=&#8221;1614249850621-383e6eb8-7feb&#8221;][\/vc_tta_section][vc_tta_section title=&#8221;ENGLISH&#8221; tab_id=&#8221;1614249850660-ed0da3f3-32fd&#8221;][\/vc_tta_section][\/vc_tta_tabs][\/vc_column][vc_column width=&#8221;1\/3&#8243;][\/vc_column][\/vc_row] [&#8230;]<\/p>\n<p><a class=\"btn btn-secondary understrap-read-more-link\" href=\"https:\/\/us.edu.pl\/instytut\/il\/osoby\/danuta-opacka-walasek\/\">Read More&#8230;<\/a><\/p>\n","protected":false},"author":1,"featured_media":0,"template":"","meta":{"_expiration-date-status":"saved","_expiration-date":0,"_expiration-date-type":"","_expiration-date-categories":[],"_expiration-date-options":[]},"acf":[],"_links":{"self":[{"href":"https:\/\/us.edu.pl\/instytut\/il\/wp-json\/wp\/v2\/osoby\/381"}],"collection":[{"href":"https:\/\/us.edu.pl\/instytut\/il\/wp-json\/wp\/v2\/osoby"}],"about":[{"href":"https:\/\/us.edu.pl\/instytut\/il\/wp-json\/wp\/v2\/types\/osoby"}],"author":[{"embeddable":true,"href":"https:\/\/us.edu.pl\/instytut\/il\/wp-json\/wp\/v2\/users\/1"}],"version-history":[{"count":5,"href":"https:\/\/us.edu.pl\/instytut\/il\/wp-json\/wp\/v2\/osoby\/381\/revisions"}],"predecessor-version":[{"id":2510,"href":"https:\/\/us.edu.pl\/instytut\/il\/wp-json\/wp\/v2\/osoby\/381\/revisions\/2510"}],"wp:attachment":[{"href":"https:\/\/us.edu.pl\/instytut\/il\/wp-json\/wp\/v2\/media?parent=381"}],"curies":[{"name":"wp","href":"https:\/\/api.w.org\/{rel}","templated":true}]}}

<p>[vc_row][vc_column width=&#8221;2/3&#8243;][vc_tta_tabs][vc_tta_section title=&#8221;POLISH&#8221; tab_id=&#8221;1614249850621-383e6eb8-7feb&#8221;]
                <div class="text-modules">
                    <div class="container">
                        
                        <div class="text-modules__content"><p><b>prof. dr hab. Danuta Opacka-Walasek – </b>od początku studiów (1982 r.) związana z Uniwersytetem Śląskim. Tutaj uzyskała wszystkie stopnie naukowe: magisterium – <i>Czasoprzestrzeń artystyczna w </i>Sonetach krymskich <i>Adama Mickiewicza</i> (1987); doktorat – <i>„…pozostać wiernym niepewnej jasności”. Wybrane problemy poezji Zbigniewa Herberta (</i>1995); habilitację – <i>Chwile i eony. Obrazy czasu w polskiej poezji drugiej połowy XX wieku (</i>2006). Tytuł profesora otrzymała w 2016 roku.</p>
<p align="justify">W latach 1987-1990 pracowała na Wydziale Radia i Telewizji UŚ (obecnie: Szkoła Filmowa im. Krzysztofa Kieślowskiego) w Zakładzie Obrazu Telewizyjno-Filmowego, od roku 1990 – na Wydziale Filologicznym, w Zakładzie Literatury Współczesnej, później: Literatury XX i XXI wieku w Instytucie Nauk o Literaturze Polskiej im. Ireneusza Opackiego. W latach 2008-2013 była kierownikiem studiów doktoranckich Wydziału Filologicznego UŚ. Od 2011 roku jest członkiem Komitetu Nauk o Literaturze PAN (dwie kadencje), a także towarzystw naukowych, komitetów naukowych oraz redakcji czasopism (m. in. „Zagadnienia Rodzajów Literackich”, „Śląskie Studia Polonistyczne”). Wygłosiła kilkadziesiąt wykładów zagranicznych o literaturze polskiej, w tym w Argentynie, Brazylii, Francji, Bułgarii, Niemczech, Włoszech, na Ukrainie, Litwie, w Macedonii.</p>
<p align="justify"><b>Książki:</b></p>
<ol>
<li>„<i>…pozostać wiernym niepewnej jasności”. Wybrane problemy poezji Zbigniewa Herberta. </i>Wydawnictwo Uniwersytetu Śląskiego. Katowice 1996. ISBN 83-226-0716-4. ss. 184;</li>
<li><i>Potęga smaku. Zbigniew Herbert</i>. TVP S.A.- Ministerstwo Edukacji Narodowej. Warszawa 1997. ISBN 83-86925-71-X, ss. 48.</li>
<li><i>Czytając Herberta</i>. Wydawnictwo Naukowe „Śląsk”. Katowice 2001. ISBN 83-7164-265-2, ss. 210;</li>
<li><i>Chwile i eony. Obrazy czasu w polskiej poezji drugiej połowy XX wieku</i>. Wydawnictwo Uniwersytetu Śląskiego. Katowice 2005. ISBN 83-226-1477-2, ss. 251;</li>
<li><i>Pasaże liryczne</i>. Uniwersytet Śląski, Oficyna Wydawnicza WW. Katowice 2013. ISBN 978-83-60743-72-0, ss. 230;</li>
<li><i>Podróż Pana Cogito. A Viagem do Senhor Cogito</i>. Wybór i oprac. D. Opacka-Walasek,<br />
P. Kilanowski, tłum. P. Kilanowski. Wydawnictwo Gnome. Katowice 2016. ISBN 978-83-63268-49-7, ss. 139.</li>
</ol>
<p>
</div>
                    </div>
                </div>[/vc_tta_section][vc_tta_section title=&#8221;ENGLISH&#8221; tab_id=&#8221;1614249850660-ed0da3f3-32fd&#8221;]
                <div class="text-modules">
                    <div class="container">
                        
                        <div class="text-modules__content"><p><strong>Prof. Danuta Opacka-Walasek, PhD, D</strong><strong>Litt</strong></p>
<p><strong>Professor in the Institute of Literary Studies<br />
</strong><strong>Faculty of Humanities</strong></p>
<p><a href="mailto:danuta.opacka-walasek@us.edu.pl">danuta.opacka-walasek@us.edu.pl</a></p>
<p>&nbsp;</p>
<p>ORCID: 0000-0001-9104-0590</p>
<p><strong>Research interests</strong>:</p>
<p>Polish poetry of the 20th and 21st centuries, the art of interpretation, dialogue with tradition, transtextual and intersemiotic strategies</p>
<p><strong>Publications (5)</strong>:</p>
<ol>
<li><em>„…gorzkie rozważania o zbyt wielkiej pamięci o zbyt małym sercu”. Doświadczenie krzywdy i wybaczania w poezji Czesława Miłosza i Zbigniewa Herberta </em>[“…gorzkie rozważania o zbyt wielkiej pamięci o zbyt małym sercu.” Experiencing harm and forgiveness in the poetry of Czesław Miłosz and Zbigniew Herbert]<em>. </em><em>„</em>Ethos” 2018 no. 2 (122), s. 202-225.</li>
<li><em>Nanomoments and Eons: The Question of Time in Contemporary Polish Poetry (A Recoinnaissance)</em>, „Studia Philologica Universitatis Velikotarnovensis” 2017 T. 36, z.1, pp. 325-335.</li>
<li><em>„&#8230; ta pr</em><em>óba jest grana tak, że się na raz dzieją wszystkie sceny”. Teatralizacje Stanisława Barańczaka </em>[“&#8230; ta próba jest grana tak, że się na raz dzieją wszystkie sceny.” Teatralization in Stanisław Barańczak’s texts]. In: <em>Literatura polska w świecie</em>. T. 6, <em>Barańczak</em> (Katowice: Uniwersytet Śląski, 2016, pp. 27-42).</li>
<li><em>A Viagem do Senhor Cogito / Podróż Pana Cogito. Zbigniew Herbert </em>[A Viagem do Senhor Cogito / Mr. Cogito’s trip. Zbigniew Herbert]; translated by Piotr Kilanowski, selection and compilation by D. Opacka-Walasek i P. Kilanowski, introduction by D. Opacka-Walasek. (Katowice: Wydawnictwo Gnome, 2016).</li>
<li><em>A Pastiche Against Dying: </em>In Honour of the Reverend Baka <em>by Czesław Miłosz</em>. In: <em>Miłosz Like the World</em>. Z. Łapiński (ed.). (Bruxelles, New York, Oxford, Wien: Peter Lang International Academic, 2015, pp. 363-378).</li>
</ol>
<p>
</div>
                    </div>
                </div>[/vc_tta_section][/vc_tta_tabs][/vc_column][vc_column width=&#8221;1/3&#8243;]
                <div class="text-modules">
                    <div class="container">
                        
                        <div class="text-modules__content"></p>
<p>&nbsp;</p>
<p><img class="alignnone wp-image-461 size-large" src="https://us.edu.pl/instytut/il/wp-content/uploads/sites/27/Nieprzypisane/danuta-opacka-walasek-1024x683.jpg" alt="Danuta Opacka-Walasek - zdjęcie profilowe" width="640" height="427" srcset="https://us.edu.pl/instytut/il/wp-content/uploads/sites/27/Nieprzypisane/danuta-opacka-walasek-1024x683.jpg 1024w, https://us.edu.pl/instytut/il/wp-content/uploads/sites/27/Nieprzypisane/danuta-opacka-walasek-300x200.jpg 300w, https://us.edu.pl/instytut/il/wp-content/uploads/sites/27/Nieprzypisane/danuta-opacka-walasek-768x512.jpg 768w, https://us.edu.pl/instytut/il/wp-content/uploads/sites/27/Nieprzypisane/danuta-opacka-walasek-575x383.jpg 575w" sizes="(max-width: 640px) 100vw, 640px" /></p>
</div>
                    </div>
                </div>[/vc_column][/vc_row]</p>
