{"id":1079,"date":"2020-02-15T04:58:23","date_gmt":"2020-02-15T03:58:23","guid":{"rendered":"http:\/\/us.edu.pl\/instytut\/im\/?page_id=1079"},"modified":"2024-12-06T20:55:09","modified_gmt":"2024-12-06T19:55:09","slug":"studia","status":"publish","type":"page","link":"https:\/\/us.edu.pl\/instytut\/im\/strona-glownaim\/studia\/","title":{"rendered":"Studia"},"content":{"rendered":"<p>[vc_row][vc_column]\r\n                <div class=\"text-modules\">\r\n                    <div class=\"container\">\r\n                        <h3 class=\"page-title text__title\">Studia na kierunku matematyka<\/h3>\r\n                        <div class=\"text-modules__content\"><p><span style=\"font-size: 12pt; font-family: 'trebuchet ms', geneva, sans-serif;\">Obecnie prowadzimy studia I i II stopnia, czyli licencjackie i magisterskie (te drugie r\u00f3wnie\u017c w trybie niestacjonarnym). Studia matematyczne (zar\u00f3wno I jak i II stopnia) oferowane s\u0105 w zakresie <a href=\"https:\/\/us.edu.pl\/instytut\/im\/strona-glownaim\/studia\/specjalnosci\/\">kilku specjalno\u015bci<\/a>. Podstawowy program ka\u017cdej z nich zapewnia gruntown\u0105 i wszechstronn\u0105 wiedz\u0119 matematyczn\u0105.<\/span><\/p>\n<p><span style=\"font-size: 12pt; font-family: 'trebuchet ms', geneva, sans-serif;\">Studia matematyczne w Uniwersytecie \u015al\u0105skim daj\u0105 szerokie mo\u017cliwo\u015bci na rynku pracy.\u00a0Po\u0142\u0105czenie gruntownej wiedzy matematycznej, wspartej znajomo\u015bci\u0105 narz\u0119dzi informatycznych, z wiedz\u0105 specjalistyczn\u0105 powoduje, \u017ce nasz absolwent jest dobrze wykwalifikowany, a przy tym potrafi elastycznie dopasowa\u0107 si\u0119 do warunk\u00f3w charakterystycznych dla konkretnego zawodu oraz stanowiska. Naszych absolwent\u00f3w wyr\u00f3\u017cnia te\u017c umiej\u0119tno\u015b\u0107 szybkiego uczenia si\u0119, przekwalifikowania oraz adaptacji do zmieniaj\u0105cych si\u0119 warunk\u00f3w pracy.<\/span><\/p>\n<\/div>\r\n                    <\/div>\r\n                <\/div>[\/vc_column][\/vc_row][vc_row][vc_column css=&#8221;.vc_custom_1592433065612{margin-top: -60px !important;}&#8221;]\r\n                <div class=\"tiles-section\" style=\"background: \">\r\n                    <div class=\"container\">\r\n                        <h3 class=\"page-title\"><\/h3>\r\n                        <div class=\"tiles tiles-4\">\r\n                            <a href=\"https:\/\/us.edu.pl\/instytut\/im\/strona-glownaim\/studia\/dziekanat\" class=\"tile tile_ justify-content-center\" style=\"background-color: #002E5A; font-weight: ; color: #ffffff;  \">\r\n                                \r\n                                   \r\n                               \r\n                                <div class=\"tile__name\">Dziekanat<\/div>\r\n                            <\/a>\r\n                            <a href=\"https:\/\/us.edu.pl\/instytut\/im\/strona-glownaim\/studia\/specjalnosci\" class=\"tile tile_ justify-content-center\" style=\"background-color: #002E5A; font-weight: ; color: #ffffff;  \">\r\n                                \r\n                                   \r\n                               \r\n                                <div class=\"tile__name\">Oferta specjalno\u015bci<\/div>\r\n                            <\/a>\r\n                            <a href=\"https:\/\/us.edu.pl\/instytut\/im\/strona-glownaim\/studia\/regulamin-dyplomowania\/\" class=\"tile tile_ justify-content-center\" style=\"background-color: #002E5A; font-weight: ; color: #ffffff;  \">\r\n                                \r\n                                   \r\n                               \r\n                                <div class=\"tile__name\">Organizacja procesu uzyskania dyplomu<\/div>\r\n                            <\/a>\r\n                            <a href=\"https:\/\/us.edu.pl\/instytut\/im\/strona-glownaim\/studia\/projekty\/\" class=\"tile tile_ justify-content-center\" style=\"background-color: #002E5A; font-weight: ; color: #ffffff;  \">\r\n                                \r\n                                   \r\n                               \r\n                                <div class=\"tile__name\">Projekty wsp\u00f3\u0142finansowane przez Fundusze Europejskie<\/div>\r\n                            <\/a>\r\n                            <a href=\"https:\/\/us.edu.pl\/instytut\/im\/wspolpraca\/intermaths\/\" class=\"tile tile_ justify-content-center\" style=\"background-color: #002E5A; font-weight: ; color: #ffffff;  \">\r\n                                \r\n                                   \r\n                               \r\n                                <div class=\"tile__name\">RealMaths<\/div>\r\n                            <\/a>\r\n                            <a href=\"https:\/\/us.edu.pl\/instytut\/im\/strona-glownaim\/studia\/plany-zajec\/\" class=\"tile tile_ justify-content-center\" style=\"background-color: #002E5A; font-weight: ; color: #ffffff;  \">\r\n                                \r\n                                   \r\n                               \r\n                                <div class=\"tile__name\">Plany zaj\u0119\u0107<br\/><\/div>\r\n                            <\/a>\r\n                            <a href=\"https:\/\/us.edu.pl\/instytut\/im\/strona-glownaim\/studia\/serwisy-dydaktyczne\/\" class=\"tile tile_ justify-content-center\" style=\"background-color: #002E5A; font-weight: ; color: #ffffff;  \">\r\n                                \r\n                                   \r\n                               \r\n                                <div class=\"tile__name\">Serwisy dydaktyczne<\/div>\r\n                            <\/a>\r\n                            <a href=\"https:\/\/us.edu.pl\/organizacja-roku-akademickiego\/\" class=\"tile tile_ justify-content-center\" style=\"background-color: #002E5A; font-weight: ; color: #ffffff;  \">\r\n                                \r\n                                   \r\n                               \r\n                                <div class=\"tile__name\">Organizacja roku akademickiego<\/div>\r\n                            <\/a><\/div>\r\n                    <\/div>\r\n                <\/div>[\/vc_column][\/vc_row]<\/p>","protected":false},"excerpt":{"rendered":"<p>[vc_row][vc_column][\/vc_column][\/vc_row][vc_row][vc_column css=&#8221;.vc_custom_1592433065612{margin-top: -60px !important;}&#8221;][\/vc_column][\/vc_row] [&#8230;]<\/p>\n<p><a class=\"btn btn-secondary understrap-read-more-link\" href=\"https:\/\/us.edu.pl\/instytut\/im\/strona-glownaim\/studia\/\">Read More&#8230;<\/a><\/p>\n","protected":false},"author":820,"featured_media":0,"parent":5,"menu_order":0,"comment_status":"closed","ping_status":"closed","template":"","meta":{"_expiration-date-status":"","_expiration-date":0,"_expiration-date-type":"","_expiration-date-categories":[],"_expiration-date-options":[]},"acf":[],"_links":{"self":[{"href":"https:\/\/us.edu.pl\/instytut\/im\/wp-json\/wp\/v2\/pages\/1079"}],"collection":[{"href":"https:\/\/us.edu.pl\/instytut\/im\/wp-json\/wp\/v2\/pages"}],"about":[{"href":"https:\/\/us.edu.pl\/instytut\/im\/wp-json\/wp\/v2\/types\/page"}],"author":[{"embeddable":true,"href":"https:\/\/us.edu.pl\/instytut\/im\/wp-json\/wp\/v2\/users\/820"}],"replies":[{"embeddable":true,"href":"https:\/\/us.edu.pl\/instytut\/im\/wp-json\/wp\/v2\/comments?post=1079"}],"version-history":[{"count":10,"href":"https:\/\/us.edu.pl\/instytut\/im\/wp-json\/wp\/v2\/pages\/1079\/revisions"}],"predecessor-version":[{"id":1081,"href":"https:\/\/us.edu.pl\/instytut\/im\/wp-json\/wp\/v2\/pages\/1079\/revisions\/1081"}],"up":[{"embeddable":true,"href":"https:\/\/us.edu.pl\/instytut\/im\/wp-json\/wp\/v2\/pages\/5"}],"wp:attachment":[{"href":"https:\/\/us.edu.pl\/instytut\/im\/wp-json\/wp\/v2\/media?parent=1079"}],"curies":[{"name":"wp","href":"https:\/\/api.w.org\/{rel}","templated":true}]}}

<p>[vc_row][vc_column]
                <div class="text-modules">
                    <div class="container">
                        <h3 class="page-title text__title">Studia na kierunku matematyka</h3>
                        <div class="text-modules__content"><p><span style="font-size: 12pt; font-family: 'trebuchet ms', geneva, sans-serif;">Obecnie prowadzimy studia I i II stopnia, czyli licencjackie i magisterskie (te drugie również w trybie niestacjonarnym). Studia matematyczne (zarówno I jak i II stopnia) oferowane są w zakresie <a href="https://us.edu.pl/instytut/im/strona-glownaim/studia/specjalnosci/">kilku specjalności</a>. Podstawowy program każdej z nich zapewnia gruntowną i wszechstronną wiedzę matematyczną.</span></p>
<p><span style="font-size: 12pt; font-family: 'trebuchet ms', geneva, sans-serif;">Studia matematyczne w Uniwersytecie Śląskim dają szerokie możliwości na rynku pracy. Połączenie gruntownej wiedzy matematycznej, wspartej znajomością narzędzi informatycznych, z wiedzą specjalistyczną powoduje, że nasz absolwent jest dobrze wykwalifikowany, a przy tym potrafi elastycznie dopasować się do warunków charakterystycznych dla konkretnego zawodu oraz stanowiska. Naszych absolwentów wyróżnia też umiejętność szybkiego uczenia się, przekwalifikowania oraz adaptacji do zmieniających się warunków pracy.</span></p>
</div>
                    </div>
                </div>[/vc_column][/vc_row][vc_row][vc_column css=&#8221;.vc_custom_1592433065612{margin-top: -60px !important;}&#8221;]
                <div class="tiles-section" style="background: ">
                    <div class="container">
                        <h3 class="page-title"></h3>
                        <div class="tiles tiles-4">
                            <a href="https://us.edu.pl/instytut/im/strona-glownaim/studia/dziekanat" class="tile tile_ justify-content-center" style="background-color: #002E5A; font-weight: ; color: #ffffff;  ">
                                
                                   
                               
                                <div class="tile__name">Dziekanat</div>
                            </a>
                            <a href="https://us.edu.pl/instytut/im/strona-glownaim/studia/specjalnosci" class="tile tile_ justify-content-center" style="background-color: #002E5A; font-weight: ; color: #ffffff;  ">
                                
                                   
                               
                                <div class="tile__name">Oferta specjalności</div>
                            </a>
                            <a href="https://us.edu.pl/instytut/im/strona-glownaim/studia/regulamin-dyplomowania/" class="tile tile_ justify-content-center" style="background-color: #002E5A; font-weight: ; color: #ffffff;  ">
                                
                                   
                               
                                <div class="tile__name">Organizacja procesu uzyskania dyplomu</div>
                            </a>
                            <a href="https://us.edu.pl/instytut/im/strona-glownaim/studia/projekty/" class="tile tile_ justify-content-center" style="background-color: #002E5A; font-weight: ; color: #ffffff;  ">
                                
                                   
                               
                                <div class="tile__name">Projekty współfinansowane przez Fundusze Europejskie</div>
                            </a>
                            <a href="https://us.edu.pl/instytut/im/wspolpraca/intermaths/" class="tile tile_ justify-content-center" style="background-color: #002E5A; font-weight: ; color: #ffffff;  ">
                                
                                   
                               
                                <div class="tile__name">RealMaths</div>
                            </a>
                            <a href="https://us.edu.pl/instytut/im/strona-glownaim/studia/plany-zajec/" class="tile tile_ justify-content-center" style="background-color: #002E5A; font-weight: ; color: #ffffff;  ">
                                
                                   
                               
                                <div class="tile__name">Plany zajęć<br/></div>
                            </a>
                            <a href="https://us.edu.pl/instytut/im/strona-glownaim/studia/serwisy-dydaktyczne/" class="tile tile_ justify-content-center" style="background-color: #002E5A; font-weight: ; color: #ffffff;  ">
                                
                                   
                               
                                <div class="tile__name">Serwisy dydaktyczne</div>
                            </a>
                            <a href="https://us.edu.pl/organizacja-roku-akademickiego/" class="tile tile_ justify-content-center" style="background-color: #002E5A; font-weight: ; color: #ffffff;  ">
                                
                                   
                               
                                <div class="tile__name">Organizacja roku akademickiego</div>
                            </a></div>
                    </div>
                </div>[/vc_column][/vc_row]</p>
