{"id":3022,"date":"2020-08-31T03:22:26","date_gmt":"2020-08-31T01:22:26","guid":{"rendered":"https:\/\/us.edu.pl\/instytut\/im\/?page_id=3022"},"modified":"2020-08-31T03:22:26","modified_gmt":"2020-08-31T01:22:26","slug":"sp-mgr-antoni-tomala","status":"publish","type":"page","link":"https:\/\/us.edu.pl\/instytut\/im\/pamietamy\/sp-mgr-antoni-tomala\/","title":{"rendered":"\u015ap. mgr Antoni Tomala"},"content":{"rendered":"<p>[vc_row][vc_column]\r\n                <div class=\"text-modules \">\r\n                    <div class=\"container\">\r\n                        <h3 class=\"section-title section-title_border-bottom\">Pami\u0119tamy o...<\/h3> <h3 class=\"subtitle text-modules__subtitle\">Magister Antoni Tomala (1951 - 2004)<\/h3>\r\n                        <div class=\"row m-0\">\r\n                            <div class=\"text-modules__content\">\r\n                                <\/p>\n<div class=\"page\" title=\"Page 1\">\n<div class=\"layoutArea\">\n<div class=\"column\">\n<p><span style=\"font-size: 12pt;font-family: 'trebuchet ms', geneva, sans-serif;color: #000000\">Antoni Tomala urodzi\u0142 si\u0119 06.11.1951 r. w Katowicach, zmar\u0142 20.05.2004 r. Studiowa\u0142 w latach 1969-1974 na Uniwersytecie \u015al\u0105skim na kierunku matematyka, sekcja teoretyczna. Bezpo\u015brednio po studiach, dnia 01.10.1974 r. rozpocz\u0105\u0142 prac\u0119 na Uniwersytecie \u015al\u0105skim w Zak\u0142adzie Funkcji Analitycznych, jako asystent a nast\u0119pnie st. asystent. Wsp\u00f3\u0142pracowa\u0142 tak\u017ce z Zak\u0142adem R\u00f3wna\u0144 R\u00f3\u017cniczkowych, kierowanym przez prof. T. D\u0142otko oraz Zak\u0142adem kierowanym przez prof. J. Siciaka na Uniwersytecie Jagiello\u0144skim.<\/span><\/p>\n<p><span style=\"font-size: 12pt;font-family: 'trebuchet ms', geneva, sans-serif;color: #000000\">Na U\u015a pracowa\u0142 jako pracownik naukowo-dydaktyczny do 30.09.1983 r. Od 01.10.1983 do 28.02.1988 pracowa\u0142 w G\u0142\u00f3wnym Instytucie G\u00f3rnictwa, w Zak\u0142adzie mechanicznej przer\u00f3bki w\u0119gla, jako st. asystent \u2013 opracowywa\u0142 metody numeryczne i statystyczne dla proces\u00f3w badawczych realizowanych w zak\u0142adzie. Pracuj\u0105c w GIG, nadal uczestniczy\u0142 w seminariach Zak\u0142adu kierowanego przez prof. T. D\u0142otko. Od 01.03.1988 r. rozpocz\u0105\u0142 prac\u0119 w Centralnym O\u015brodku Informatyki G\u00f3rnictwa jako projektant i programista. By\u0142 tw\u00f3rc\u0105 wielu algorytm\u00f3w wykorzystywanych w rozwi\u0105zaniach informatycznych COIG S.A.<\/span><\/p>\n<p><span style=\"font-size: 12pt;font-family: 'trebuchet ms', geneva, sans-serif;color: #000000\">W roku 1996 wyda\u0142 ksi\u0105\u017ck\u0119 p.t. <em>Podstawowe metody programowania w relacyjnej bazie Oracle<\/em>. W latach 1995-2000 pracowa\u0142 jako pracownik dydaktyczny w Pomaturalnym Studium Informatycznym oraz Technikum G\u00f3rniczym w Katowicach. W latach 1980-2003 uczestniczy\u0142 w pracach Okr\u0119gowego Komitetu Olimpiady Matematycznej i za t\u0105 prac\u0119 otrzyma\u0142 dwa odznaczenia. <\/span><\/p>\n<\/div>\n<\/div>\n<\/div>\n<div class=\"page\" title=\"Page 3\">\n<div class=\"layoutArea\">\n<div class=\"column\">\n<p><span style=\"font-size: 12pt;font-family: 'trebuchet ms', geneva, sans-serif\"><strong>Opracowa\u0142a: Anna Tomala<\/strong><\/span><\/p>\n<\/div>\n<\/div>\n<\/div>\n<div class=\"mt-3\"><\/div>\r\n                            <\/div>\r\n                            \r\n                            \r\n                        <\/div>\r\n                    <\/div>\r\n                <\/div>[\/vc_column][\/vc_row]<\/p>","protected":false},"excerpt":{"rendered":"<p>[vc_row][vc_column][\/vc_column][\/vc_row] [&#8230;]<\/p>\n<p><a class=\"btn btn-secondary understrap-read-more-link\" href=\"https:\/\/us.edu.pl\/instytut\/im\/pamietamy\/sp-mgr-antoni-tomala\/\">Read More&#8230;<\/a><\/p>\n","protected":false},"author":820,"featured_media":0,"parent":2381,"menu_order":0,"comment_status":"closed","ping_status":"closed","template":"","meta":{"_expiration-date-status":"saved","_expiration-date":0,"_expiration-date-type":"","_expiration-date-categories":[],"_expiration-date-options":[]},"acf":[],"_links":{"self":[{"href":"https:\/\/us.edu.pl\/instytut\/im\/wp-json\/wp\/v2\/pages\/3022"}],"collection":[{"href":"https:\/\/us.edu.pl\/instytut\/im\/wp-json\/wp\/v2\/pages"}],"about":[{"href":"https:\/\/us.edu.pl\/instytut\/im\/wp-json\/wp\/v2\/types\/page"}],"author":[{"embeddable":true,"href":"https:\/\/us.edu.pl\/instytut\/im\/wp-json\/wp\/v2\/users\/820"}],"replies":[{"embeddable":true,"href":"https:\/\/us.edu.pl\/instytut\/im\/wp-json\/wp\/v2\/comments?post=3022"}],"version-history":[{"count":1,"href":"https:\/\/us.edu.pl\/instytut\/im\/wp-json\/wp\/v2\/pages\/3022\/revisions"}],"predecessor-version":[{"id":3023,"href":"https:\/\/us.edu.pl\/instytut\/im\/wp-json\/wp\/v2\/pages\/3022\/revisions\/3023"}],"up":[{"embeddable":true,"href":"https:\/\/us.edu.pl\/instytut\/im\/wp-json\/wp\/v2\/pages\/2381"}],"wp:attachment":[{"href":"https:\/\/us.edu.pl\/instytut\/im\/wp-json\/wp\/v2\/media?parent=3022"}],"curies":[{"name":"wp","href":"https:\/\/api.w.org\/{rel}","templated":true}]}}

Śp. mgr Antoni Tomala

<p>[vc_row][vc_column]
                <div class="text-modules ">
                    <div class="container">
                        <h3 class="section-title section-title_border-bottom">Pamiętamy o...</h3> <h3 class="subtitle text-modules__subtitle">Magister Antoni Tomala (1951 - 2004)</h3>
                        <div class="row m-0">
                            <div class="text-modules__content">
                                </p>
<div class="page" title="Page 1">
<div class="layoutArea">
<div class="column">
<p><span style="font-size: 12pt;font-family: 'trebuchet ms', geneva, sans-serif;color: #000000">Antoni Tomala urodził się 06.11.1951 r. w Katowicach, zmarł 20.05.2004 r. Studiował w latach 1969-1974 na Uniwersytecie Śląskim na kierunku matematyka, sekcja teoretyczna. Bezpośrednio po studiach, dnia 01.10.1974 r. rozpoczął pracę na Uniwersytecie Śląskim w Zakładzie Funkcji Analitycznych, jako asystent a następnie st. asystent. Współpracował także z Zakładem Równań Różniczkowych, kierowanym przez prof. T. Dłotko oraz Zakładem kierowanym przez prof. J. Siciaka na Uniwersytecie Jagiellońskim.</span></p>
<p><span style="font-size: 12pt;font-family: 'trebuchet ms', geneva, sans-serif;color: #000000">Na UŚ pracował jako pracownik naukowo-dydaktyczny do 30.09.1983 r. Od 01.10.1983 do 28.02.1988 pracował w Głównym Instytucie Górnictwa, w Zakładzie mechanicznej przeróbki węgla, jako st. asystent – opracowywał metody numeryczne i statystyczne dla procesów badawczych realizowanych w zakładzie. Pracując w GIG, nadal uczestniczył w seminariach Zakładu kierowanego przez prof. T. Dłotko. Od 01.03.1988 r. rozpoczął pracę w Centralnym Ośrodku Informatyki Górnictwa jako projektant i programista. Był twórcą wielu algorytmów wykorzystywanych w rozwiązaniach informatycznych COIG S.A.</span></p>
<p><span style="font-size: 12pt;font-family: 'trebuchet ms', geneva, sans-serif;color: #000000">W roku 1996 wydał książkę p.t. <em>Podstawowe metody programowania w relacyjnej bazie Oracle</em>. W latach 1995-2000 pracował jako pracownik dydaktyczny w Pomaturalnym Studium Informatycznym oraz Technikum Górniczym w Katowicach. W latach 1980-2003 uczestniczył w pracach Okręgowego Komitetu Olimpiady Matematycznej i za tą pracę otrzymał dwa odznaczenia. </span></p>
</div>
</div>
</div>
<div class="page" title="Page 3">
<div class="layoutArea">
<div class="column">
<p><span style="font-size: 12pt;font-family: 'trebuchet ms', geneva, sans-serif"><strong>Opracowała: Anna Tomala</strong></span></p>
</div>
</div>
</div>
<div class="mt-3"></div>
                            </div>
                            
                            
                        </div>
                    </div>
                </div>[/vc_column][/vc_row]</p>
