{"id":392,"date":"2020-04-15T12:35:27","date_gmt":"2020-04-15T10:35:27","guid":{"rendered":"http:\/\/us.edu.pl\/instytut\/inok\/?post_type=osoby&#038;p=392"},"modified":"2022-05-26T12:41:21","modified_gmt":"2022-05-26T10:41:21","slug":"karol-makles","status":"publish","type":"osoby","link":"https:\/\/us.edu.pl\/instytut\/inok\/osoby\/karol-makles\/","title":{"rendered":"Karol Makles"},"content":{"rendered":"<p>[vc_row][vc_column width=&#8221;2\/3&#8243;][vc_tta_tabs][vc_tta_section title=&#8221;POLISH&#8221; tab_id=&#8221;1653381524383-234e7ce8-b341&#8243;]\r\n                <div class=\"text-modules\">\r\n                    <div class=\"container\">\r\n                        \r\n                        <div class=\"text-modules__content\"><p><strong>dr Karol Makles<\/strong><\/p>\n<p><strong>Dyrektor Kierunk\u00f3w Instytutu Nauk o Kulturze<\/strong><\/p>\n<p>e-mail:\u00a0<a href=\"mailto:karol.makles@us.edu.pl\">karol.makles@us.edu.pl<\/a><\/p>\n<p><a href=\"https:\/\/orcid.org\/0000-0002-4964-4486\" target=\"_blank\" rel=\"noopener noreferrer\">https:\/\/orcid.org\/0000-0002-4964-4486<\/a><\/p>\n<p><a href=\"https:\/\/silesian.academia.edu\/KarolMakles\" target=\"_blank\" rel=\"noopener\">https:\/\/silesian.academia.edu\/KarolMakles<\/a><\/p>\n<p><a href=\"https:\/\/www.researchgate.net\/profile\/Karol-Makles\" target=\"_blank\" rel=\"noopener\">https:\/\/www.researchgate.net\/profile\/Karol-Makles<\/a><\/p>\n<p><strong>Tematyka badawcza:<\/strong><\/p>\n<ul>\n<li>dziedzictwo kulturowe,<\/li>\n<li>kultura ksi\u0105\u017cki i prasy,<\/li>\n<li>historia ksi\u0105\u017cki i prasy,<\/li>\n<li>nowoczesne narz\u0119dzia informacyjne.<\/li>\n<\/ul>\n<p><strong>Stopnie i tytu\u0142y naukowe:<\/strong><\/p>\n<p><strong>Doktorat<\/strong><\/p>\n<p>2011 \u2013 Prasa centralnych zwi\u0105zk\u00f3w samorz\u0105dowych w Drugiej Rzeczypospolitej \u2013 studium historyczno-bibliologiczne, Wydzia\u0142 Filologiczny, Uniwersytet \u015al\u0105ski.<\/p>\n<p><strong>Magisterium<\/strong><\/p>\n<p>2006 \u2013 \u201eSamorz\u0105d Miejski\u201d (1921-1939): pr\u00f3ba monografii bibliograficznej, Wydzia\u0142 Filologiczny, Uniwersytet \u015al\u0105ski.<\/p>\n<p><strong>Wybrane publikacje:<\/strong><\/p>\n<ol>\n<li>Centrum badawczo-dokumentacyjne dziedzictwa Kres\u00f3w Po\u0142udniowo-Wschodnich Drugiej Rzeczypospolitej : idea, stan i perspektywy powo\u0142ania. \u201eAnnales Universitatis Paedagogicae Cracoviensis. Studia ad Bibliothecarum Scientiam Pertinentia\u201d 2020, vol. 18, s. 393-398.<\/li>\n<li>Kontrahenci Biblioteki Fundacji Wiktora hr. Baworowskiego we Lwowie (na podstawie wpis\u00f3w w ksi\u0119dze kasowej). \u201eBibliotheca Nostra\u201d 2018, nr 4, s. 39-59.<\/li>\n<li>Informacja w instytucjach e-spo\u0142ecze\u0144stwa, Renata Fr\u0105czek, Karol Makles. \u201ePraktyka i Teoria Informacji Naukowej i Technicznej\u201d 2018, nr 24, s. 74-89.<\/li>\n<li>Bibliofilstwo i bibliomania \u2013 rekonesans badawczy. W: Kultura ksi\u0105\u017cki i informacji: ksi\u0119ga jubileuszowa dedykowana Profesor El\u017cbiecie Gondek, red. Arkadiusz Pulikowski. Wydawnictwo Uniwersytetu \u015al\u0105skiego, Katowice 2017, s. 285-294. ISBN 978-83-226-3095-2.<\/li>\n<li>Problemy, stan i perspektywy bada\u0144 nad og\u00f3lnopolsk\u0105 pras\u0105 samorz\u0105dow\u0105 w Drugiej Rzeczypospolitej Polskiej. W: Studia z dziej\u00f3w ksi\u0105\u017cki, prasy i bibliotek: stan bada\u0144 za lata 2010-2013: praca zbiorowa, red. Zdzis\u0142aw Kropid\u0142owski, Dariusz Spycha\u0142a. Wydawnictwo Uniwersytetu Kazimierza Wielkiego. Bydgoszcz 2014, s. 273-286. ISBN 978-83-7096-978-3.<\/li>\n<li>Prasa centralnych zwi\u0105zk\u00f3w samorz\u0105dowych w Drugiej Rzeczypospolitej. Wydawnictwo Uniwersytetu \u015al\u0105skiego. Katowice 2014, ss. 404. ISBN 978-83-226-2254-4.<\/li>\n<li>Narz\u0119dzia bibliograficzne w badaniach historii prasy, ze szczeg\u00f3lnym uwzgl\u0119dnieniem czasopism centralnych zwi\u0105zk\u00f3w samorz\u0105dowych w Drugiej Rzeczypospolitej Polskiej. \u201eNowa Biblioteka\u201d 2013, nr 1, s. 59-73.<\/li>\n<li>\u201eSamorz\u0105d Miejski\u201d 1921-1939 i jego dzieje. \u201eRoczniki Historii Prasy Polskiej\u201d2012, t. 14, s. 89-109.<\/li>\n<li>Znaki wsp\u00f3\u0142czesno\u015bci. Szkice o prozie i poezji, red. Karol Makles, Agnieszka N\u0119cka. G\u00f3rno\u015bl\u0105skie Towarzystwo Literackie. Katowice 2010, ss. 216. ISBN 978-83-922-1080-1.<\/li>\n<li>Polonijne zagadnienia ksi\u0105\u017cki i prasy \u2013 na \u0142amach czasopisma \u201eWsp\u00f3lnota Polska\u201d, w latach 2002-2007. Wybrane problemy. W: Kultura ksi\u0105\u017cki i prasy polonijnej. Dziedzictwo \u015bwiatowe i narodowe, red. Maria Kalczy\u0144ska, Zdzis\u0142aw Ma\u0142ecki, Danuta Sieradzka. Wydawnictwo Uniwersytetu \u015al\u0105skiego. Katowice 2009, s. 211-223. ISBN 978-83-226-1824-0.<\/li>\n<\/ol>\n<p><strong>Przynale\u017cno\u015b\u0107 do organizacji i towarzystw naukowych:<\/strong><\/p>\n<ul>\n<li>Stacja Naukowa Polskiej Akademii Umiej\u0119tno\u015bci w Katowicach, sekretarz Komisji Historii \u015al\u0105ska; Bibliotekarz Stacji,<\/li>\n<li>International Society for Knowledge Organization,<\/li>\n<li>Polskie Towarzystwo Bibliologiczne, wiceprzewodnicz\u0105cy Oddzia\u0142u Katowickiego,<\/li>\n<li>\u015al\u0105skie Towarzystwo Mi\u0142o\u015bnik\u00f3w Ksi\u0105\u017cki i Grafiki,<\/li>\n<li>Rada Programowa Biblioteki \u015al\u0105skiej.<\/li>\n<\/ul>\n<p>\n<\/div>\r\n                    <\/div>\r\n                <\/div>[\/vc_tta_section][vc_tta_section title=&#8221;ENGLISH&#8221; tab_id=&#8221;1653381524391-f4ee49f5-21e7&#8243;]\r\n                <div class=\"text-modules\">\r\n                    <div class=\"container\">\r\n                        \r\n                        <div class=\"text-modules__content\"><p><strong>Karol Makles, PhD<br \/>\n<\/strong><strong>Assistant Professor in the Institute of Culture Studies, the University of Silesia in Katowice<\/strong><\/p>\n<p><strong>Degree <\/strong><strong>Program Director: Library and Information Science<\/strong><\/p>\n<p><a href=\"mailto:karol.makles@us.edu.pl\">karol.makles@us.edu.pl<\/a><\/p>\n<p>ORCID <a href=\"https:\/\/orcid.org\/0000-0002-4964-4486\" target=\"_blank\" rel=\"noopener\">0000-0002-4964-4486<\/a><\/p>\n<p><a href=\"https:\/\/silesian.academia.edu\/KarolMakles\" target=\"_blank\" rel=\"noopener\">https:\/\/silesian.academia.edu\/KarolMakles<\/a><\/p>\n<p><a href=\"https:\/\/www.researchgate.net\/profile\/Karol-Makles\" target=\"_blank\" rel=\"noopener\">https:\/\/www.researchgate.net\/profile\/Karol-Makles<\/a><\/p>\n<p><strong>Research interests:<\/strong><\/p>\n<ul>\n<li>cultural heritage,<\/li>\n<li>book and press culture,<\/li>\n<li>book and library history,<\/li>\n<li>modern information tools.<\/li>\n<\/ul>\n<p><strong>Selected publications:<\/strong><\/p>\n<ol>\n<li><em>Centrum badawczo-dokumentacyjne dziedzictwa Kres\u00f3w Po\u0142udniowo-Wschodnich Drugiej Rzeczypospolitej : idea, stan i perspektywy powo\u0142ania<\/em> [<em>The Centre for Research and Documentation of Cultural and Natural Heritage of the South\u2013Eastern Borderlands of the Second Polish Republic. Its concept, present state, and prospects<\/em>]. \u201eAnnales Universitatis Paedagogicae Cracoviensis. Studia ad Bibliothecarum Scientiam Pertinentia\u201d 2020, vol. 18, pp. 393-398.<\/li>\n<li><em>By zachowa\u0107 to, co najcenniejsze : o dzia\u0142aniach prowadzonych na rzecz ochrony dziedzictwa Baworovianum &#8211; tropy z &#8222;Ksi\u0119gi kasowej&#8221;<\/em> [<em>To preserve what is most valuable. About activities carried out to protect the heritage of Baworovianum &#8211; clues from the \u201cKsi\u0119ga kasowa\u201d<\/em>]. &#8222;Annales Universitatis Paedagogicae Cracoviensis Studia ad Bibliothecarum Scientiam Pertinentia&#8221; 2019, vol. 17, pp. 40-56.<\/li>\n<li><em>Zarys kszta\u0142towania si\u0119 ksi\u0119gozbioru Biblioteki Fundacji Wiktora hr. Baworowskiego we Lwowie [An outline of the creation of bibliotheca in the Count Viktor Baworowski Foundation Library] <\/em>(co-author Agnieszka \u0141akomy-Ch\u0142osta). &#8222;Bibliotheca Nostra&#8221; 2018, no. 4, pp. 30-38.<\/li>\n<li><em>Prasa centralnych zwi\u0105zk\u00f3w samorz\u0105dowych w Drugiej Rzeczypospolitej [Press of the central government unions in Second Republic of Poland<\/em>]. Wydawnictwo Uniwersytetu \u015al\u0105skiego, Katowice 2014, 404 pages. ISBN 978-83-226-2254-4.<\/li>\n<\/ol>\n<p>\n<\/div>\r\n                    <\/div>\r\n                <\/div>[\/vc_tta_section][\/vc_tta_tabs][\/vc_column][vc_column width=&#8221;1\/3&#8243;]\r\n                <div class=\"text-modules\">\r\n                    <div class=\"container\">\r\n                        \r\n                        <div class=\"text-modules__content\"><\/p>\n<p>&nbsp;<\/p>\n<p><img class=\"alignnone wp-image-1319 size-full\" src=\"https:\/\/us.edu.pl\/instytut\/inok\/wp-content\/uploads\/sites\/28\/2020\/04\/dr_Karol_Makles-460x575.jpg\" alt=\"Karol Makles - zdj\u0119cie profilowe\" width=\"460\" height=\"575\" srcset=\"https:\/\/us.edu.pl\/instytut\/inok\/wp-content\/uploads\/sites\/28\/2020\/04\/dr_Karol_Makles-460x575.jpg 460w, https:\/\/us.edu.pl\/instytut\/inok\/wp-content\/uploads\/sites\/28\/2020\/04\/dr_Karol_Makles-460x575-240x300.jpg 240w\" sizes=\"(max-width: 460px) 100vw, 460px\" \/><\/p>\n<\/div>\r\n                    <\/div>\r\n                <\/div>[\/vc_column][\/vc_row]<\/p>","protected":false},"excerpt":{"rendered":"<p>[vc_row][vc_column width=&#8221;2\/3&#8243;][vc_tta_tabs][vc_tta_section title=&#8221;POLISH&#8221; tab_id=&#8221;1653381524383-234e7ce8-b341&#8243;][\/vc_tta_section][vc_tta_section title=&#8221;ENGLISH&#8221; tab_id=&#8221;1653381524391-f4ee49f5-21e7&#8243;][\/vc_tta_section][\/vc_tta_tabs][\/vc_column][vc_column width=&#8221;1\/3&#8243;][\/vc_column][\/vc_row] [&#8230;]<\/p>\n<p><a class=\"btn btn-secondary understrap-read-more-link\" href=\"https:\/\/us.edu.pl\/instytut\/inok\/osoby\/karol-makles\/\">Read More&#8230;<\/a><\/p>\n","protected":false},"author":32,"featured_media":0,"template":"","meta":{"_expiration-date-status":"","_expiration-date":0,"_expiration-date-type":"","_expiration-date-categories":[],"_expiration-date-options":[]},"acf":[],"_links":{"self":[{"href":"https:\/\/us.edu.pl\/instytut\/inok\/wp-json\/wp\/v2\/osoby\/392"}],"collection":[{"href":"https:\/\/us.edu.pl\/instytut\/inok\/wp-json\/wp\/v2\/osoby"}],"about":[{"href":"https:\/\/us.edu.pl\/instytut\/inok\/wp-json\/wp\/v2\/types\/osoby"}],"author":[{"embeddable":true,"href":"https:\/\/us.edu.pl\/instytut\/inok\/wp-json\/wp\/v2\/users\/32"}],"version-history":[{"count":10,"href":"https:\/\/us.edu.pl\/instytut\/inok\/wp-json\/wp\/v2\/osoby\/392\/revisions"}],"predecessor-version":[{"id":2542,"href":"https:\/\/us.edu.pl\/instytut\/inok\/wp-json\/wp\/v2\/osoby\/392\/revisions\/2542"}],"wp:attachment":[{"href":"https:\/\/us.edu.pl\/instytut\/inok\/wp-json\/wp\/v2\/media?parent=392"}],"curies":[{"name":"wp","href":"https:\/\/api.w.org\/{rel}","templated":true}]}}

<p>[vc_row][vc_column width=&#8221;2/3&#8243;][vc_tta_tabs][vc_tta_section title=&#8221;POLISH&#8221; tab_id=&#8221;1653381524383-234e7ce8-b341&#8243;]
                <div class="text-modules">
                    <div class="container">
                        
                        <div class="text-modules__content"><p><strong>dr Karol Makles</strong></p>
<p><strong>Dyrektor Kierunków Instytutu Nauk o Kulturze</strong></p>
<p>e-mail: <a href="mailto:karol.makles@us.edu.pl">karol.makles@us.edu.pl</a></p>
<p><a href="https://orcid.org/0000-0002-4964-4486" target="_blank" rel="noopener noreferrer">https://orcid.org/0000-0002-4964-4486</a></p>
<p><a href="https://silesian.academia.edu/KarolMakles" target="_blank" rel="noopener">https://silesian.academia.edu/KarolMakles</a></p>
<p><a href="https://www.researchgate.net/profile/Karol-Makles" target="_blank" rel="noopener">https://www.researchgate.net/profile/Karol-Makles</a></p>
<p><strong>Tematyka badawcza:</strong></p>
<ul>
<li>dziedzictwo kulturowe,</li>
<li>kultura książki i prasy,</li>
<li>historia książki i prasy,</li>
<li>nowoczesne narzędzia informacyjne.</li>
</ul>
<p><strong>Stopnie i tytuły naukowe:</strong></p>
<p><strong>Doktorat</strong></p>
<p>2011 – Prasa centralnych związków samorządowych w Drugiej Rzeczypospolitej – studium historyczno-bibliologiczne, Wydział Filologiczny, Uniwersytet Śląski.</p>
<p><strong>Magisterium</strong></p>
<p>2006 – „Samorząd Miejski” (1921-1939): próba monografii bibliograficznej, Wydział Filologiczny, Uniwersytet Śląski.</p>
<p><strong>Wybrane publikacje:</strong></p>
<ol>
<li>Centrum badawczo-dokumentacyjne dziedzictwa Kresów Południowo-Wschodnich Drugiej Rzeczypospolitej : idea, stan i perspektywy powołania. „Annales Universitatis Paedagogicae Cracoviensis. Studia ad Bibliothecarum Scientiam Pertinentia” 2020, vol. 18, s. 393-398.</li>
<li>Kontrahenci Biblioteki Fundacji Wiktora hr. Baworowskiego we Lwowie (na podstawie wpisów w księdze kasowej). „Bibliotheca Nostra” 2018, nr 4, s. 39-59.</li>
<li>Informacja w instytucjach e-społeczeństwa, Renata Frączek, Karol Makles. „Praktyka i Teoria Informacji Naukowej i Technicznej” 2018, nr 24, s. 74-89.</li>
<li>Bibliofilstwo i bibliomania – rekonesans badawczy. W: Kultura książki i informacji: księga jubileuszowa dedykowana Profesor Elżbiecie Gondek, red. Arkadiusz Pulikowski. Wydawnictwo Uniwersytetu Śląskiego, Katowice 2017, s. 285-294. ISBN 978-83-226-3095-2.</li>
<li>Problemy, stan i perspektywy badań nad ogólnopolską prasą samorządową w Drugiej Rzeczypospolitej Polskiej. W: Studia z dziejów książki, prasy i bibliotek: stan badań za lata 2010-2013: praca zbiorowa, red. Zdzisław Kropidłowski, Dariusz Spychała. Wydawnictwo Uniwersytetu Kazimierza Wielkiego. Bydgoszcz 2014, s. 273-286. ISBN 978-83-7096-978-3.</li>
<li>Prasa centralnych związków samorządowych w Drugiej Rzeczypospolitej. Wydawnictwo Uniwersytetu Śląskiego. Katowice 2014, ss. 404. ISBN 978-83-226-2254-4.</li>
<li>Narzędzia bibliograficzne w badaniach historii prasy, ze szczególnym uwzględnieniem czasopism centralnych związków samorządowych w Drugiej Rzeczypospolitej Polskiej. „Nowa Biblioteka” 2013, nr 1, s. 59-73.</li>
<li>„Samorząd Miejski” 1921-1939 i jego dzieje. „Roczniki Historii Prasy Polskiej”2012, t. 14, s. 89-109.</li>
<li>Znaki współczesności. Szkice o prozie i poezji, red. Karol Makles, Agnieszka Nęcka. Górnośląskie Towarzystwo Literackie. Katowice 2010, ss. 216. ISBN 978-83-922-1080-1.</li>
<li>Polonijne zagadnienia książki i prasy – na łamach czasopisma „Wspólnota Polska”, w latach 2002-2007. Wybrane problemy. W: Kultura książki i prasy polonijnej. Dziedzictwo światowe i narodowe, red. Maria Kalczyńska, Zdzisław Małecki, Danuta Sieradzka. Wydawnictwo Uniwersytetu Śląskiego. Katowice 2009, s. 211-223. ISBN 978-83-226-1824-0.</li>
</ol>
<p><strong>Przynależność do organizacji i towarzystw naukowych:</strong></p>
<ul>
<li>Stacja Naukowa Polskiej Akademii Umiejętności w Katowicach, sekretarz Komisji Historii Śląska; Bibliotekarz Stacji,</li>
<li>International Society for Knowledge Organization,</li>
<li>Polskie Towarzystwo Bibliologiczne, wiceprzewodniczący Oddziału Katowickiego,</li>
<li>Śląskie Towarzystwo Miłośników Książki i Grafiki,</li>
<li>Rada Programowa Biblioteki Śląskiej.</li>
</ul>
<p>
</div>
                    </div>
                </div>[/vc_tta_section][vc_tta_section title=&#8221;ENGLISH&#8221; tab_id=&#8221;1653381524391-f4ee49f5-21e7&#8243;]
                <div class="text-modules">
                    <div class="container">
                        
                        <div class="text-modules__content"><p><strong>Karol Makles, PhD<br />
</strong><strong>Assistant Professor in the Institute of Culture Studies, the University of Silesia in Katowice</strong></p>
<p><strong>Degree </strong><strong>Program Director: Library and Information Science</strong></p>
<p><a href="mailto:karol.makles@us.edu.pl">karol.makles@us.edu.pl</a></p>
<p>ORCID <a href="https://orcid.org/0000-0002-4964-4486" target="_blank" rel="noopener">0000-0002-4964-4486</a></p>
<p><a href="https://silesian.academia.edu/KarolMakles" target="_blank" rel="noopener">https://silesian.academia.edu/KarolMakles</a></p>
<p><a href="https://www.researchgate.net/profile/Karol-Makles" target="_blank" rel="noopener">https://www.researchgate.net/profile/Karol-Makles</a></p>
<p><strong>Research interests:</strong></p>
<ul>
<li>cultural heritage,</li>
<li>book and press culture,</li>
<li>book and library history,</li>
<li>modern information tools.</li>
</ul>
<p><strong>Selected publications:</strong></p>
<ol>
<li><em>Centrum badawczo-dokumentacyjne dziedzictwa Kresów Południowo-Wschodnich Drugiej Rzeczypospolitej : idea, stan i perspektywy powołania</em> [<em>The Centre for Research and Documentation of Cultural and Natural Heritage of the South–Eastern Borderlands of the Second Polish Republic. Its concept, present state, and prospects</em>]. „Annales Universitatis Paedagogicae Cracoviensis. Studia ad Bibliothecarum Scientiam Pertinentia” 2020, vol. 18, pp. 393-398.</li>
<li><em>By zachować to, co najcenniejsze : o działaniach prowadzonych na rzecz ochrony dziedzictwa Baworovianum &#8211; tropy z &#8222;Księgi kasowej&#8221;</em> [<em>To preserve what is most valuable. About activities carried out to protect the heritage of Baworovianum &#8211; clues from the “Księga kasowa”</em>]. &#8222;Annales Universitatis Paedagogicae Cracoviensis Studia ad Bibliothecarum Scientiam Pertinentia&#8221; 2019, vol. 17, pp. 40-56.</li>
<li><em>Zarys kształtowania się księgozbioru Biblioteki Fundacji Wiktora hr. Baworowskiego we Lwowie [An outline of the creation of bibliotheca in the Count Viktor Baworowski Foundation Library] </em>(co-author Agnieszka Łakomy-Chłosta). &#8222;Bibliotheca Nostra&#8221; 2018, no. 4, pp. 30-38.</li>
<li><em>Prasa centralnych związków samorządowych w Drugiej Rzeczypospolitej [Press of the central government unions in Second Republic of Poland</em>]. Wydawnictwo Uniwersytetu Śląskiego, Katowice 2014, 404 pages. ISBN 978-83-226-2254-4.</li>
</ol>
<p>
</div>
                    </div>
                </div>[/vc_tta_section][/vc_tta_tabs][/vc_column][vc_column width=&#8221;1/3&#8243;]
                <div class="text-modules">
                    <div class="container">
                        
                        <div class="text-modules__content"></p>
<p>&nbsp;</p>
<p><img class="alignnone wp-image-1319 size-full" src="https://us.edu.pl/instytut/inok/wp-content/uploads/sites/28/2020/04/dr_Karol_Makles-460x575.jpg" alt="Karol Makles - zdjęcie profilowe" width="460" height="575" srcset="https://us.edu.pl/instytut/inok/wp-content/uploads/sites/28/2020/04/dr_Karol_Makles-460x575.jpg 460w, https://us.edu.pl/instytut/inok/wp-content/uploads/sites/28/2020/04/dr_Karol_Makles-460x575-240x300.jpg 240w" sizes="(max-width: 460px) 100vw, 460px" /></p>
</div>
                    </div>
                </div>[/vc_column][/vc_row]</p>
