{"id":416,"date":"2020-04-15T13:00:47","date_gmt":"2020-04-15T11:00:47","guid":{"rendered":"http:\/\/us.edu.pl\/instytut\/inok\/?post_type=osoby&#038;p=416"},"modified":"2022-05-13T11:56:36","modified_gmt":"2022-05-13T09:56:36","slug":"marek-pacukiewicz","status":"publish","type":"osoby","link":"https:\/\/us.edu.pl\/instytut\/inok\/osoby\/marek-pacukiewicz\/","title":{"rendered":"Marek Pacukiewicz"},"content":{"rendered":"<p>[vc_row][vc_column width=&#8221;2\/3&#8243;][vc_tta_tabs][vc_tta_section title=&#8221;POLISH&#8221; tab_id=&#8221;1630507048146-fbe6cb39-7754&#8243;]\r\n                <div class=\"text-modules\">\r\n                    <div class=\"container\">\r\n                        \r\n                        <div class=\"text-modules__content\"><p><strong>dr hab. Marek Pacukiewicz, prof. U\u015a<br \/>\n<\/strong><\/p>\n<p>e-mail:\u00a0<a href=\"mailto:marek.pacukiewicz@us.edu.pl\">marek.pacukiewicz@us.edu.pl<\/a><\/p>\n<p><a href=\"https:\/\/orcid.org\/0000-0002-9420-1107\" target=\"_blank\" rel=\"noopener noreferrer\">https:\/\/orcid.org\/0000-0002-9420-1107<\/a><\/p>\n<p><strong>Tematyka badawcza:<\/strong><\/p>\n<ul>\n<li>teoria kultury,<\/li>\n<li>historia antropologii kulturowej,<\/li>\n<li>kulturowa antropologia literatury (Joseph Conrad),<\/li>\n<li>kulturowe taksonomie, wsp\u00f3\u0142czesne mitologie (yeti),<\/li>\n<li>krajobraz kulturowy oraz antropologia sztuki.<\/li>\n<\/ul>\n<p><strong>Stopnie i tytu\u0142y naukowe:<\/strong><\/p>\n<p><strong>Habilitacja<\/strong><\/p>\n<p>2014 \u2013 Gra\u0144 kultury. Transgresje alpinizmu, Wydzia\u0142 Filologiczny, Uniwersytet \u015al\u0105ski<\/p>\n<p><strong>Doktorat<\/strong><\/p>\n<p>2006 \u2013 Dyskurs antropologiczny w pisarstwie Josepha Conrada, Wydzia\u0142 Filologiczny, Uniwersytet \u015al\u0105ski<\/p>\n<p><strong>Magisterium<\/strong><\/p>\n<p>2002 \u2013 Podr\u00f3\u017c do j\u0105dra ciemno\u015bci czy ku granicom kultury? \u201eUczestnicz\u0105ce\u201d i \u201erozumiej\u0105ce\u201d bycie w kulturze w \u015bwietle bada\u0144 terenowych w \u015brodowisku himalaist\u00f3w i alpinist\u00f3w na terenie \u015al\u0105ska, Wydzia\u0142 Filologiczny, Uniwersytet \u015al\u0105ski.<\/p>\n<p><strong>Wybrane publikacje:<\/strong><\/p>\n<ol>\n<li>Krajobrazy kontekstu. Wydawnictwo Uniwersytetu \u015al\u0105skiego. Katowice 2021, ss. 304 s. ISBN 978-83-226-3896-5.<\/li>\n<li>Niemoc i wszechmoc narcyzmu. Kilka refleksji na temat anaklastyki. &#8222;Kultura Wsp\u00f3\u0142czesna&#8221; 2020, nr 1, s. 70-81.<\/li>\n<li>Kulturowe historie podr\u00f3\u017cowania, red. Jakub Dziewit, Marek Pacukiewicz, Adam Pisarek. Wydawnictwo Uniwersytetu \u015al\u0105skiego. Katowice 2020, ss. 418. ISBN 978-83-226-3967-2.<\/li>\n<li>Potw\u00f3r Levi-Straussa. W: Claude L\u00e9vi-Strauss : struktura i nieoswojone. Wydawnictwo Naukowe Uniwersytetu im. Adama Mickiewicza, Pozna\u0144 2019, s. 25-38. ISBN 978-83-232-3495-1.<\/li>\n<li>\u201eLaboratorium Kultury: Jan Czekanowski\u201d, red. Marek Pacukiewicz, Ma\u0142gorzata Ko\u0142odziej, 2017, nr 6, ss. 272.<\/li>\n<li>&#8222;Mroczna kraina z\u0142udze\u0144&#8221; : conradowskie krajobrazy kolonialn. &#8222;Konteksty&#8221; 2017, nr 1\/2, s. 168-176.<\/li>\n<li>Badanie kultury. Ludzie, projekty, realizacje, red. Anna Gom\u00f3\u0142a, Marek Pacukiewicz. Wydawnictwo Uniwersytetu \u015al\u0105skiego. Katowice 2016, ss. 344. ISBN 978-83-8012-867-5.<\/li>\n<li>\u201eLaboratorium Kultury: Laboratorium Bronis\u0142awa Malinowskiego\u201d, red. Marek Pacukiewicz, Adam Pisarek, 2013, nr 2, ss. 294.<\/li>\n<li>Gra\u0144 kultury : transgresje alpinizmu. Towarzystwo Autor\u00f3w i Wydawc\u00f3w Prac Naukowych \u201cUniversitas\u201d. Krak\u00f3w 2012, ss. 290. ISBN 978-83-242-1788-5.<\/li>\n<li>Dyskurs antropologiczny w pisarstwie Josepha Conrada. Towarzystwo Autor\u00f3w i Wydawc\u00f3w Prac Naukowych \u201cUniversitas\u201d. Krak\u00f3w 2008, ss. 300. ISBN <span dir=\"auto\">978-83-242-0821-0<\/span>.<\/li>\n<\/ol>\n<p><strong>Przynale\u017cno\u015b\u0107 do organizacji i towarzystw naukowych:<\/strong><\/p>\n<ul>\n<li>Zarz\u0105d G\u0142\u00f3wny Polskiego Towarzystwa Kulturoznawczego [Rada Programowa].<\/li>\n<\/ul>\n<p>\n<\/div>\r\n                    <\/div>\r\n                <\/div>[\/vc_tta_section][vc_tta_section title=&#8221;ENGLISH&#8221; tab_id=&#8221;1630507048161-3415c577-3ae8&#8243;]\r\n                <div class=\"text-modules\">\r\n                    <div class=\"container\">\r\n                        \r\n                        <div class=\"text-modules__content\"><p><strong>Marek Pacukiewicz, PhD, DLitt<br \/>\n<\/strong><strong>Associate Professor in the Institute of Culture Studies, the University of Silesia in Katowice<\/strong><\/p>\n<p><a href=\"mailto:marek.pacukiewicz@us.edu.pl\">marek.pacukiewicz@us.edu.pl<\/a><\/p>\n<p>ORCID <a href=\"https:\/\/orcid.org\/0000-0002-9420-1107\" target=\"_blank\" rel=\"noopener\">0000-0002-9420-1107<\/a><\/p>\n<p><a href=\"https:\/\/scholar.google.com\/citations?user=CblHkesAAAAJ&amp;hl=pl\" target=\"_blank\" rel=\"noopener\">https:\/\/scholar.google.com\/citations?user=CblHkesAAAAJ&amp;hl=pl<\/a><\/p>\n<p><a href=\"https:\/\/independent.academia.edu\/MarekPacukiewicz\" target=\"_blank\" rel=\"noopener\">https:\/\/independent.academia.edu\/MarekPacukiewicz<\/a><\/p>\n<p><strong>Research interests<\/strong>:<\/p>\n<ul>\n<li>theory of culture,<\/li>\n<li>history of cultural anthropology,<\/li>\n<li>anthropological discourse in Joseph Conrad\u2019s works,<\/li>\n<li>cultural context of Polish and European mountaineering,<\/li>\n<li>cultural landscape,<\/li>\n<li>myth as a taxonomic system of culture.<\/li>\n<\/ul>\n<p><strong>Recent publications:\u00a0 <\/strong><\/p>\n<ol>\n<li><em>Krajobrazy kontekstu<\/em> [Landscapes of context]. Wydawnictwo Uniwersytetu \u015al\u0105skiego. Katowice 2021, 301 pages. ISBN 978-83-226-3896-5.<\/li>\n<li><em>Kulturowe historie podr\u00f3\u017cowania<\/em> [Cultural histories of traveling], eds. Jakub Dziewit, Marek Pacukiewicz, Adam Pisarek. Wydawnictwo Uniwersytetu \u015al\u0105skiego, Katowice 2020, 420 pages. ISBN 978-83-226-3868-9.<\/li>\n<li><em>Niemoc i wszechmoc narcyzmu. Kilka refleksji na temat anaklastyki <\/em>[Frailty and omnipotence of n A few reflections on anaclastics]. \u201cKultura Wsp\u00f3\u0142czesna\u201d 2020, no. 1 (108), pp. 70-81. DOI <a href=\"http:\/\/doi.org\/10.26112\/kw.2020.108.06\" target=\"_blank\" rel=\"noopener\">10.26112\/kw.2020.108.06<\/a><\/li>\n<li><em>Potw<\/em><em>\u00f3<\/em><em>r L<\/em><em>\u00e9<\/em><em>vi-Straussa<\/em> [L\u00e9vi-Strauss\u2019 Monster]. In: <em>Claude L\u00e9vi-Strauss: struktura i nieoswojone<\/em>, ed Anna Grzegorczyk, Agnieszka Kaczmarek, Katarzyna Machtyl. Wydawnictwo Naukowe UAM, Pozna\u0144 2019, pp. 25-38.<\/li>\n<li><em>\u201eMroczna kraina z\u0142udze\u0144\u201d. Conradowskie krajobrazy kolonialne <\/em>[\u201cMroczna kraina z\u0142udze\u0144\u201d. Joseph Conrad\u2019s colonial landscapes]. \u201cKonteksty. Polska Sztuka Ludowa\u201d 2017, no. 1-2 (316-317), pp. 168-176.<\/li>\n<\/ol>\n<p><strong>Research grants:<\/strong><\/p>\n<ol>\n<li><strong><em>Krajobrazy kontekstu<\/em><\/strong> [<em>Landscapes of context<\/em>] (project manager, the research project of the Ministry of Science and Higher Education for completing a scientific monograph, \u201cDoskona\u0142a nauka \u2013 wsparcie monografii naukowych\u201d, 2020-2021).<\/li>\n<\/ol>\n<p><strong>Academic outreach and engagement<\/strong><strong>: <\/strong><\/p>\n<ol>\n<li><strong>\u201c<\/strong>Laboratory in the studio: model\u201d: workshop and research project in cooperation with ASP Katowice, 2018-2019.<\/li>\n<li>Participation in the debate on \u201cHeart of Darkness\u201d and \u201cApocalypse Now\u201d, the Warsaw Conrad Festival, 2017.<\/li>\n<\/ol>\n<p>\n<\/div>\r\n                    <\/div>\r\n                <\/div>[\/vc_tta_section][\/vc_tta_tabs][\/vc_column][vc_column width=&#8221;1\/3&#8243;]\r\n                <div class=\"text-modules\">\r\n                    <div class=\"container\">\r\n                        \r\n                        <div class=\"text-modules__content\"><\/p>\n<p>&nbsp;<\/p>\n<p><img class=\"alignnone wp-image-415 size-full\" src=\"https:\/\/us.edu.pl\/instytut\/inok\/wp-content\/uploads\/sites\/28\/Nieprzypisane\/Pacukiewicz-Marek.jpg\" alt=\"Marek Pacukiewicz - zdj\u0119cie profilowe\" width=\"290\" height=\"290\" srcset=\"https:\/\/us.edu.pl\/instytut\/inok\/wp-content\/uploads\/sites\/28\/Nieprzypisane\/Pacukiewicz-Marek.jpg 290w, https:\/\/us.edu.pl\/instytut\/inok\/wp-content\/uploads\/sites\/28\/Nieprzypisane\/Pacukiewicz-Marek-150x150.jpg 150w\" sizes=\"(max-width: 290px) 100vw, 290px\" \/><\/p>\n<\/div>\r\n                    <\/div>\r\n                <\/div>[\/vc_column][\/vc_row]<\/p>","protected":false},"excerpt":{"rendered":"<p>[vc_row][vc_column width=&#8221;2\/3&#8243;][vc_tta_tabs][vc_tta_section title=&#8221;POLISH&#8221; tab_id=&#8221;1630507048146-fbe6cb39-7754&#8243;][\/vc_tta_section][vc_tta_section title=&#8221;ENGLISH&#8221; tab_id=&#8221;1630507048161-3415c577-3ae8&#8243;][\/vc_tta_section][\/vc_tta_tabs][\/vc_column][vc_column width=&#8221;1\/3&#8243;][\/vc_column][\/vc_row] [&#8230;]<\/p>\n<p><a class=\"btn btn-secondary understrap-read-more-link\" href=\"https:\/\/us.edu.pl\/instytut\/inok\/osoby\/marek-pacukiewicz\/\">Read More&#8230;<\/a><\/p>\n","protected":false},"author":1,"featured_media":0,"template":"","meta":{"_expiration-date-status":"saved","_expiration-date":0,"_expiration-date-type":"","_expiration-date-categories":[],"_expiration-date-options":[]},"acf":[],"_links":{"self":[{"href":"https:\/\/us.edu.pl\/instytut\/inok\/wp-json\/wp\/v2\/osoby\/416"}],"collection":[{"href":"https:\/\/us.edu.pl\/instytut\/inok\/wp-json\/wp\/v2\/osoby"}],"about":[{"href":"https:\/\/us.edu.pl\/instytut\/inok\/wp-json\/wp\/v2\/types\/osoby"}],"author":[{"embeddable":true,"href":"https:\/\/us.edu.pl\/instytut\/inok\/wp-json\/wp\/v2\/users\/1"}],"version-history":[{"count":10,"href":"https:\/\/us.edu.pl\/instytut\/inok\/wp-json\/wp\/v2\/osoby\/416\/revisions"}],"predecessor-version":[{"id":2467,"href":"https:\/\/us.edu.pl\/instytut\/inok\/wp-json\/wp\/v2\/osoby\/416\/revisions\/2467"}],"wp:attachment":[{"href":"https:\/\/us.edu.pl\/instytut\/inok\/wp-json\/wp\/v2\/media?parent=416"}],"curies":[{"name":"wp","href":"https:\/\/api.w.org\/{rel}","templated":true}]}}

<p>[vc_row][vc_column width=&#8221;2/3&#8243;][vc_tta_tabs][vc_tta_section title=&#8221;POLISH&#8221; tab_id=&#8221;1630507048146-fbe6cb39-7754&#8243;]
                <div class="text-modules">
                    <div class="container">
                        
                        <div class="text-modules__content"><p><strong>dr hab. Marek Pacukiewicz, prof. UŚ<br />
</strong></p>
<p>e-mail: <a href="mailto:marek.pacukiewicz@us.edu.pl">marek.pacukiewicz@us.edu.pl</a></p>
<p><a href="https://orcid.org/0000-0002-9420-1107" target="_blank" rel="noopener noreferrer">https://orcid.org/0000-0002-9420-1107</a></p>
<p><strong>Tematyka badawcza:</strong></p>
<ul>
<li>teoria kultury,</li>
<li>historia antropologii kulturowej,</li>
<li>kulturowa antropologia literatury (Joseph Conrad),</li>
<li>kulturowe taksonomie, współczesne mitologie (yeti),</li>
<li>krajobraz kulturowy oraz antropologia sztuki.</li>
</ul>
<p><strong>Stopnie i tytuły naukowe:</strong></p>
<p><strong>Habilitacja</strong></p>
<p>2014 – Grań kultury. Transgresje alpinizmu, Wydział Filologiczny, Uniwersytet Śląski</p>
<p><strong>Doktorat</strong></p>
<p>2006 – Dyskurs antropologiczny w pisarstwie Josepha Conrada, Wydział Filologiczny, Uniwersytet Śląski</p>
<p><strong>Magisterium</strong></p>
<p>2002 – Podróż do jądra ciemności czy ku granicom kultury? „Uczestniczące” i „rozumiejące” bycie w kulturze w świetle badań terenowych w środowisku himalaistów i alpinistów na terenie Śląska, Wydział Filologiczny, Uniwersytet Śląski.</p>
<p><strong>Wybrane publikacje:</strong></p>
<ol>
<li>Krajobrazy kontekstu. Wydawnictwo Uniwersytetu Śląskiego. Katowice 2021, ss. 304 s. ISBN 978-83-226-3896-5.</li>
<li>Niemoc i wszechmoc narcyzmu. Kilka refleksji na temat anaklastyki. &#8222;Kultura Współczesna&#8221; 2020, nr 1, s. 70-81.</li>
<li>Kulturowe historie podróżowania, red. Jakub Dziewit, Marek Pacukiewicz, Adam Pisarek. Wydawnictwo Uniwersytetu Śląskiego. Katowice 2020, ss. 418. ISBN 978-83-226-3967-2.</li>
<li>Potwór Levi-Straussa. W: Claude Lévi-Strauss : struktura i nieoswojone. Wydawnictwo Naukowe Uniwersytetu im. Adama Mickiewicza, Poznań 2019, s. 25-38. ISBN 978-83-232-3495-1.</li>
<li>„Laboratorium Kultury: Jan Czekanowski”, red. Marek Pacukiewicz, Małgorzata Kołodziej, 2017, nr 6, ss. 272.</li>
<li>&#8222;Mroczna kraina złudzeń&#8221; : conradowskie krajobrazy kolonialn. &#8222;Konteksty&#8221; 2017, nr 1/2, s. 168-176.</li>
<li>Badanie kultury. Ludzie, projekty, realizacje, red. Anna Gomóła, Marek Pacukiewicz. Wydawnictwo Uniwersytetu Śląskiego. Katowice 2016, ss. 344. ISBN 978-83-8012-867-5.</li>
<li>„Laboratorium Kultury: Laboratorium Bronisława Malinowskiego”, red. Marek Pacukiewicz, Adam Pisarek, 2013, nr 2, ss. 294.</li>
<li>Grań kultury : transgresje alpinizmu. Towarzystwo Autorów i Wydawców Prac Naukowych “Universitas”. Kraków 2012, ss. 290. ISBN 978-83-242-1788-5.</li>
<li>Dyskurs antropologiczny w pisarstwie Josepha Conrada. Towarzystwo Autorów i Wydawców Prac Naukowych “Universitas”. Kraków 2008, ss. 300. ISBN <span dir="auto">978-83-242-0821-0</span>.</li>
</ol>
<p><strong>Przynależność do organizacji i towarzystw naukowych:</strong></p>
<ul>
<li>Zarząd Główny Polskiego Towarzystwa Kulturoznawczego [Rada Programowa].</li>
</ul>
<p>
</div>
                    </div>
                </div>[/vc_tta_section][vc_tta_section title=&#8221;ENGLISH&#8221; tab_id=&#8221;1630507048161-3415c577-3ae8&#8243;]
                <div class="text-modules">
                    <div class="container">
                        
                        <div class="text-modules__content"><p><strong>Marek Pacukiewicz, PhD, DLitt<br />
</strong><strong>Associate Professor in the Institute of Culture Studies, the University of Silesia in Katowice</strong></p>
<p><a href="mailto:marek.pacukiewicz@us.edu.pl">marek.pacukiewicz@us.edu.pl</a></p>
<p>ORCID <a href="https://orcid.org/0000-0002-9420-1107" target="_blank" rel="noopener">0000-0002-9420-1107</a></p>
<p><a href="https://scholar.google.com/citations?user=CblHkesAAAAJ&amp;hl=pl" target="_blank" rel="noopener">https://scholar.google.com/citations?user=CblHkesAAAAJ&amp;hl=pl</a></p>
<p><a href="https://independent.academia.edu/MarekPacukiewicz" target="_blank" rel="noopener">https://independent.academia.edu/MarekPacukiewicz</a></p>
<p><strong>Research interests</strong>:</p>
<ul>
<li>theory of culture,</li>
<li>history of cultural anthropology,</li>
<li>anthropological discourse in Joseph Conrad’s works,</li>
<li>cultural context of Polish and European mountaineering,</li>
<li>cultural landscape,</li>
<li>myth as a taxonomic system of culture.</li>
</ul>
<p><strong>Recent publications:  </strong></p>
<ol>
<li><em>Krajobrazy kontekstu</em> [Landscapes of context]. Wydawnictwo Uniwersytetu Śląskiego. Katowice 2021, 301 pages. ISBN 978-83-226-3896-5.</li>
<li><em>Kulturowe historie podróżowania</em> [Cultural histories of traveling], eds. Jakub Dziewit, Marek Pacukiewicz, Adam Pisarek. Wydawnictwo Uniwersytetu Śląskiego, Katowice 2020, 420 pages. ISBN 978-83-226-3868-9.</li>
<li><em>Niemoc i wszechmoc narcyzmu. Kilka refleksji na temat anaklastyki </em>[Frailty and omnipotence of n A few reflections on anaclastics]. “Kultura Współczesna” 2020, no. 1 (108), pp. 70-81. DOI <a href="http://doi.org/10.26112/kw.2020.108.06" target="_blank" rel="noopener">10.26112/kw.2020.108.06</a></li>
<li><em>Potw</em><em>ó</em><em>r L</em><em>é</em><em>vi-Straussa</em> [Lévi-Strauss’ Monster]. In: <em>Claude Lévi-Strauss: struktura i nieoswojone</em>, ed Anna Grzegorczyk, Agnieszka Kaczmarek, Katarzyna Machtyl. Wydawnictwo Naukowe UAM, Poznań 2019, pp. 25-38.</li>
<li><em>„Mroczna kraina złudzeń”. Conradowskie krajobrazy kolonialne </em>[“Mroczna kraina złudzeń”. Joseph Conrad’s colonial landscapes]. “Konteksty. Polska Sztuka Ludowa” 2017, no. 1-2 (316-317), pp. 168-176.</li>
</ol>
<p><strong>Research grants:</strong></p>
<ol>
<li><strong><em>Krajobrazy kontekstu</em></strong> [<em>Landscapes of context</em>] (project manager, the research project of the Ministry of Science and Higher Education for completing a scientific monograph, “Doskonała nauka – wsparcie monografii naukowych”, 2020-2021).</li>
</ol>
<p><strong>Academic outreach and engagement</strong><strong>: </strong></p>
<ol>
<li><strong>“</strong>Laboratory in the studio: model”: workshop and research project in cooperation with ASP Katowice, 2018-2019.</li>
<li>Participation in the debate on “Heart of Darkness” and “Apocalypse Now”, the Warsaw Conrad Festival, 2017.</li>
</ol>
<p>
</div>
                    </div>
                </div>[/vc_tta_section][/vc_tta_tabs][/vc_column][vc_column width=&#8221;1/3&#8243;]
                <div class="text-modules">
                    <div class="container">
                        
                        <div class="text-modules__content"></p>
<p>&nbsp;</p>
<p><img class="alignnone wp-image-415 size-full" src="https://us.edu.pl/instytut/inok/wp-content/uploads/sites/28/Nieprzypisane/Pacukiewicz-Marek.jpg" alt="Marek Pacukiewicz - zdjęcie profilowe" width="290" height="290" srcset="https://us.edu.pl/instytut/inok/wp-content/uploads/sites/28/Nieprzypisane/Pacukiewicz-Marek.jpg 290w, https://us.edu.pl/instytut/inok/wp-content/uploads/sites/28/Nieprzypisane/Pacukiewicz-Marek-150x150.jpg 150w" sizes="(max-width: 290px) 100vw, 290px" /></p>
</div>
                    </div>
                </div>[/vc_column][/vc_row]</p>
