{"id":3620,"date":"2024-05-17T13:57:16","date_gmt":"2024-05-17T11:57:16","guid":{"rendered":"https:\/\/us.edu.pl\/instytut\/inok\/?page_id=3620"},"modified":"2025-02-18T14:26:14","modified_gmt":"2025-02-18T13:26:14","slug":"2024-2","status":"publish","type":"page","link":"https:\/\/us.edu.pl\/instytut\/inok\/konferencje\/2024-2\/","title":{"rendered":"2024"},"content":{"rendered":"<p>[vc_row][vc_column]\r\n                <div class=\"text-modules\">\r\n                    <div class=\"container\">\r\n                        \r\n                        <div class=\"text-modules__content\"><\/p>\n<p style=\"text-align: center;\"><span style=\"font-size: 24pt; font-family: 'times new roman', times, serif;\"><b>2024<\/b><\/span><\/p>\n<p style=\"text-align: center;\"><span style=\"font-size: 18pt; font-family: 'times new roman', times, serif;\"><strong>Joga w kontekstach kulturowych, IX edycja<\/strong><\/span><\/p>\n<p><span style=\"font-size: 14pt; font-family: 'times new roman', times, serif;\"><em><strong>Katowice, 17-19 wrze\u015bnia 2024 r.<\/strong><\/em><\/span><\/p>\n<p><a href=\"https:\/\/awf.katowice.pl\/nauka\/konferencje-naukowe\/joga-w-kontekstach-kulturowych\" target=\"_blank\" rel=\"noopener\"><span style=\"font-family: 'times new roman', times, serif; font-size: 12pt;\">https:\/\/awf.katowice.pl\/nauka\/konferencje-naukowe\/joga-w-kontekstach-kulturowych<\/span><\/a><\/p>\n<p><span style=\"font-size: 12pt; font-family: 'times new roman', times, serif;\">Organizatorzy instytucjonalni: Katedra Zarz\u0105dzania Sportem i Turystyk\u0105 (Akademia Wychowania Fizycznego im. Jerzego Kukuczki w Katowicach),\u00a0<strong>Instytut Nauk o Kulturze<\/strong>, Centrum Informacji Naukowej i Biblioteka Akademicka (Katowice).<\/span><\/p>\n<p><span style=\"font-size: 12pt; font-family: 'times new roman', times, serif;\">Komitet naukowy konferencji: dr hab. Janusz Szopa, prof. AWF [przewodnicz\u0105cy], dr Micha\u0142 Dziadkiewicz [Politechnika Cz\u0119stochowska],\u00a0<strong>dr hab. Anna Gom\u00f3\u0142a, prof. U\u015a<\/strong>, dr hab. Ma\u0142gorzata Grabara, prof. AWF [Katowice], dr hab. Miros\u0142aw Harciarek, prof. Akademii Humanitas, prof. dr hab. Krzysztof Konecki [Uniwersytet \u0141\u00f3dzki], dr hab. Les\u0142aw Kulmatycki, prof. AWF [Wroc\u0142aw], dr in\u017c. Agnieszka Ulfik, dr hab. Anna Zwierzchowska, prof. AWF [Katowice], prof. dr hab. Aleksandra \u017bebrowska.<\/span><\/p>\n<p><span style=\"font-size: 12pt; font-family: 'times new roman', times, serif;\">Komitet organizacyjny konferencji: dr hab. Janusz Szopa, prof. AWF [przewodnicz\u0105cy], <strong>dr hab. Anna Gom\u00f3\u0142a, prof. U\u015a<\/strong>, dr Micha\u0142 Dziadkiewicz, <strong>dr Kamila G\u0119sikowska<\/strong>, mgr Dagmara Wasilewska.<\/span><\/p>\n<p><span style=\"font-size: 12pt; font-family: 'times new roman', times, serif;\">Konferencja naukowa \u201eJoga w kontekstach kulturowych\u201d jest w zamy\u015ble projektem interdyscyplinarnym. Jej celem jest pokazanie r\u00f3\u017cnych aspekt\u00f3w jogi przede wszystkim jako zjawiska modelowanego konkretnymi warunkami kulturowymi. Interesowa\u0107 nas b\u0119d\u0105 takie zagadnienia jak:<\/span><\/p>\n<p><span style=\"font-size: 12pt; font-family: 'times new roman', times, serif;\">* joga w tradycyjnym kontek\u015bcie kulturowohistorycznym,<\/span><br \/>\n<span style=\"font-size: 12pt; font-family: 'times new roman', times, serif;\">* joga jako przedmiot zainteresowania kultury zachodniej,<\/span><br \/>\n<span style=\"font-size: 12pt; font-family: 'times new roman', times, serif;\">* joga jako element procesu orientalizacji Zachodu,<\/span><br \/>\n<span style=\"font-size: 12pt; font-family: 'times new roman', times, serif;\">* joga w Polsce: szko\u0142y, o\u015brodki i tradycje,<\/span><br \/>\n<span style=\"font-size: 12pt; font-family: 'times new roman', times, serif;\">* polskie badania naukowe nad r\u00f3\u017cnymi aspektami jogi<\/span><br \/>\n<span style=\"font-size: 12pt; font-family: 'times new roman', times, serif;\">* joga w ogl\u0105dzie potocznym \u2013 wyobra\u017cenia i nieporozumienia.<\/span><\/p>\n<p style=\"text-align: center;\"><span style=\"font-size: 18pt; font-family: 'times new roman', times, serif;\"><strong>Filmoznawstwo i medioznawstwo w horyzoncie humanistyki<\/strong><\/span><\/p>\n<p style=\"margin-top: 0cm; background: white;\"><span style=\"font-family: 'times new roman', times, serif; font-size: 14pt;\"><strong><em><span style=\"color: black;\">Kamie\u0144 \u015al\u0105ski, 28 \u2013 30 listopada 2024 r.<\/span><\/em><\/strong><\/span><\/p>\n<p><span style=\"font-size: 12pt;\"><a title=\"https:\/\/us.edu.pl\/event\/konferencja-naukowa-filmoznawstwo-i-medioznawstwo-w-horyzoncie-humanistyki\/\" href=\"https:\/\/us.edu.pl\/event\/konferencja-naukowa-filmoznawstwo-i-medioznawstwo-w-horyzoncie-humanistyki\/\" target=\"_blank\" rel=\"noopener\"><span style=\"font-family: 'times new roman', times, serif;\">https:\/\/us.edu.pl\/event\/konferencja-naukowa-filmoznawstwo-i-medioznawstwo-w-horyzoncie-humanistyki\/<\/span><\/a><\/span><\/p>\n<p><span style=\"font-size: 12pt; font-family: 'times new roman', times, serif;\">Organizator instytucjonalny: <strong>Instytut Nauk o Kulturze.<\/strong><\/span><\/p>\n<p><span style=\"font-size: 12pt; font-family: 'times new roman', times, serif;\">Komitet naukowy konferencji: <strong>dr hab. Joanna Aleksandrowicz, dr hab. Karina Banaszkiewicz-Sadowska, dr hab. Ilona Copik, prof. U\u015a, prof. dr hab. Andrzej Gw\u00f3\u017ad\u017a (przewodnicz\u0105cy), dr hab. Magdalena Kempna-Pieni\u0105\u017cek, prof. U\u015a, dr hab. Barbara Kita, prof. U\u015a, dr hab. Jakub Zajdel, prof. U\u015a, prof. dr hab. Piotr Zawojski.<\/strong><\/span><\/p>\n<p><span style=\"font-family: 'times new roman', times, serif; font-size: 12pt;\">Komitet organizacyjny konferencji: <strong>dr hab. Joanna Aleksandrowicz, dr Piotr Aptacy, dr hab. Karina Banaszkiewicz-Sadowska, dr hab. Justyna Budzik, dr hab. Ilona Copik, prof. U\u015a, prof. dr hab. Andrzej Gw\u00f3\u017ad\u017a, dr hab. Magdalena Kempna-Pieni\u0105\u017cek, prof. U\u015a, dr hab. Barbara Kita, prof. U\u015a, dr Karolina Kostyra, dr Barbara Orze\u0142, dr Wojciech Sitek, dr hab. Jakub Zajdel, prof. U\u015a, prof. dr hab. Piotr Zawojski.<\/strong><\/span><\/p>\n<p><span style=\"font-size: 12pt; font-family: 'times new roman', times, serif;\">Obrady b\u0119d\u0105 odbywa\u0107 si\u0119 w ramach sze\u015bciu paneli:<\/span><\/p>\n<ul>\n<li><span style=\"font-size: 12pt; font-family: 'times new roman', times, serif;\">Teorie filmu\/medi\u00f3w: tryby przej\u015bcia<\/span><\/li>\n<li><span style=\"font-size: 12pt; font-family: 'times new roman', times, serif;\">Film i telewizja przez pryzmat teorii krytycznych<\/span><\/li>\n<li><span style=\"font-size: 12pt; font-family: 'times new roman', times, serif;\">Produkcja i dystrybucja tre\u015bci audiowizualnych w erze platformizacji<\/span><\/li>\n<li><span style=\"font-size: 12pt; font-family: 'times new roman', times, serif;\">Sztuka i kultura audiowizualna w czasach dominacji algorytm\u00f3w oraz sztucznej inteligencji<\/span><\/li>\n<li><span style=\"font-size: 12pt; font-family: 'times new roman', times, serif;\">Media audiowizualne w perspektywach posthumanistycznych<\/span><\/li>\n<li><span style=\"font-size: 12pt; font-family: 'times new roman', times, serif;\">Regu\u0142y i media cyfrowej wiedzy. Rachunek zysk\u00f3w i strat<\/span><\/li>\n<\/ul>\n<p><span style=\"font-size: 12pt; font-family: 'times new roman', times, serif;\">Opisy paneli, formularz zg\u0142oszeniowy i inne potrzebne informacje znajduj\u0105 si\u0119 na stronie:\u00a0<a href=\"https:\/\/filmoznawcy.us.edu.pl\/\" target=\"_blank\" rel=\"noopener\">filmoznawcy.us.edu.pl<\/a>.<\/span><\/p>\n<p><span style=\"font-size: 12pt; font-family: 'times new roman', times, serif;\">Kontakt: <a href=\"mailto:filmoznawcy.wh@us.edu.pl\" target=\"_blank\" rel=\"noopener\">filmoznawcy.wh@us.edu.pl<\/a>.<\/span><\/p>\n<\/div>\r\n                    <\/div>\r\n                <\/div>[\/vc_column][\/vc_row]<\/p>","protected":false},"excerpt":{"rendered":"<p>[vc_row][vc_column][\/vc_column][\/vc_row] [&#8230;]<\/p>\n<p><a class=\"btn btn-secondary understrap-read-more-link\" href=\"https:\/\/us.edu.pl\/instytut\/inok\/konferencje\/2024-2\/\">Read More&#8230;<\/a><\/p>\n","protected":false},"author":1658,"featured_media":0,"parent":127,"menu_order":0,"comment_status":"closed","ping_status":"closed","template":"","meta":{"_expiration-date-status":"saved","_expiration-date":0,"_expiration-date-type":"","_expiration-date-categories":[],"_expiration-date-options":[]},"acf":[],"_links":{"self":[{"href":"https:\/\/us.edu.pl\/instytut\/inok\/wp-json\/wp\/v2\/pages\/3620"}],"collection":[{"href":"https:\/\/us.edu.pl\/instytut\/inok\/wp-json\/wp\/v2\/pages"}],"about":[{"href":"https:\/\/us.edu.pl\/instytut\/inok\/wp-json\/wp\/v2\/types\/page"}],"author":[{"embeddable":true,"href":"https:\/\/us.edu.pl\/instytut\/inok\/wp-json\/wp\/v2\/users\/1658"}],"replies":[{"embeddable":true,"href":"https:\/\/us.edu.pl\/instytut\/inok\/wp-json\/wp\/v2\/comments?post=3620"}],"version-history":[{"count":6,"href":"https:\/\/us.edu.pl\/instytut\/inok\/wp-json\/wp\/v2\/pages\/3620\/revisions"}],"predecessor-version":[{"id":3854,"href":"https:\/\/us.edu.pl\/instytut\/inok\/wp-json\/wp\/v2\/pages\/3620\/revisions\/3854"}],"up":[{"embeddable":true,"href":"https:\/\/us.edu.pl\/instytut\/inok\/wp-json\/wp\/v2\/pages\/127"}],"wp:attachment":[{"href":"https:\/\/us.edu.pl\/instytut\/inok\/wp-json\/wp\/v2\/media?parent=3620"}],"curies":[{"name":"wp","href":"https:\/\/api.w.org\/{rel}","templated":true}]}}

<p>[vc_row][vc_column]
                <div class="text-modules">
                    <div class="container">
                        
                        <div class="text-modules__content"></p>
<p style="text-align: center;"><span style="font-size: 24pt; font-family: 'times new roman', times, serif;"><b>2024</b></span></p>
<p style="text-align: center;"><span style="font-size: 18pt; font-family: 'times new roman', times, serif;"><strong>Joga w kontekstach kulturowych, IX edycja</strong></span></p>
<p><span style="font-size: 14pt; font-family: 'times new roman', times, serif;"><em><strong>Katowice, 17-19 września 2024 r.</strong></em></span></p>
<p><a href="https://awf.katowice.pl/nauka/konferencje-naukowe/joga-w-kontekstach-kulturowych" target="_blank" rel="noopener"><span style="font-family: 'times new roman', times, serif; font-size: 12pt;">https://awf.katowice.pl/nauka/konferencje-naukowe/joga-w-kontekstach-kulturowych</span></a></p>
<p><span style="font-size: 12pt; font-family: 'times new roman', times, serif;">Organizatorzy instytucjonalni: Katedra Zarządzania Sportem i Turystyką (Akademia Wychowania Fizycznego im. Jerzego Kukuczki w Katowicach), <strong>Instytut Nauk o Kulturze</strong>, Centrum Informacji Naukowej i Biblioteka Akademicka (Katowice).</span></p>
<p><span style="font-size: 12pt; font-family: 'times new roman', times, serif;">Komitet naukowy konferencji: dr hab. Janusz Szopa, prof. AWF [przewodniczący], dr Michał Dziadkiewicz [Politechnika Częstochowska], <strong>dr hab. Anna Gomóła, prof. UŚ</strong>, dr hab. Małgorzata Grabara, prof. AWF [Katowice], dr hab. Mirosław Harciarek, prof. Akademii Humanitas, prof. dr hab. Krzysztof Konecki [Uniwersytet Łódzki], dr hab. Lesław Kulmatycki, prof. AWF [Wrocław], dr inż. Agnieszka Ulfik, dr hab. Anna Zwierzchowska, prof. AWF [Katowice], prof. dr hab. Aleksandra Żebrowska.</span></p>
<p><span style="font-size: 12pt; font-family: 'times new roman', times, serif;">Komitet organizacyjny konferencji: dr hab. Janusz Szopa, prof. AWF [przewodniczący], <strong>dr hab. Anna Gomóła, prof. UŚ</strong>, dr Michał Dziadkiewicz, <strong>dr Kamila Gęsikowska</strong>, mgr Dagmara Wasilewska.</span></p>
<p><span style="font-size: 12pt; font-family: 'times new roman', times, serif;">Konferencja naukowa „Joga w kontekstach kulturowych” jest w zamyśle projektem interdyscyplinarnym. Jej celem jest pokazanie różnych aspektów jogi przede wszystkim jako zjawiska modelowanego konkretnymi warunkami kulturowymi. Interesować nas będą takie zagadnienia jak:</span></p>
<p><span style="font-size: 12pt; font-family: 'times new roman', times, serif;">* joga w tradycyjnym kontekście kulturowohistorycznym,</span><br />
<span style="font-size: 12pt; font-family: 'times new roman', times, serif;">* joga jako przedmiot zainteresowania kultury zachodniej,</span><br />
<span style="font-size: 12pt; font-family: 'times new roman', times, serif;">* joga jako element procesu orientalizacji Zachodu,</span><br />
<span style="font-size: 12pt; font-family: 'times new roman', times, serif;">* joga w Polsce: szkoły, ośrodki i tradycje,</span><br />
<span style="font-size: 12pt; font-family: 'times new roman', times, serif;">* polskie badania naukowe nad różnymi aspektami jogi</span><br />
<span style="font-size: 12pt; font-family: 'times new roman', times, serif;">* joga w oglądzie potocznym – wyobrażenia i nieporozumienia.</span></p>
<p style="text-align: center;"><span style="font-size: 18pt; font-family: 'times new roman', times, serif;"><strong>Filmoznawstwo i medioznawstwo w horyzoncie humanistyki</strong></span></p>
<p style="margin-top: 0cm; background: white;"><span style="font-family: 'times new roman', times, serif; font-size: 14pt;"><strong><em><span style="color: black;">Kamień Śląski, 28 – 30 listopada 2024 r.</span></em></strong></span></p>
<p><span style="font-size: 12pt;"><a title="https://us.edu.pl/event/konferencja-naukowa-filmoznawstwo-i-medioznawstwo-w-horyzoncie-humanistyki/" href="https://us.edu.pl/event/konferencja-naukowa-filmoznawstwo-i-medioznawstwo-w-horyzoncie-humanistyki/" target="_blank" rel="noopener"><span style="font-family: 'times new roman', times, serif;">https://us.edu.pl/event/konferencja-naukowa-filmoznawstwo-i-medioznawstwo-w-horyzoncie-humanistyki/</span></a></span></p>
<p><span style="font-size: 12pt; font-family: 'times new roman', times, serif;">Organizator instytucjonalny: <strong>Instytut Nauk o Kulturze.</strong></span></p>
<p><span style="font-size: 12pt; font-family: 'times new roman', times, serif;">Komitet naukowy konferencji: <strong>dr hab. Joanna Aleksandrowicz, dr hab. Karina Banaszkiewicz-Sadowska, dr hab. Ilona Copik, prof. UŚ, prof. dr hab. Andrzej Gwóźdź (przewodniczący), dr hab. Magdalena Kempna-Pieniążek, prof. UŚ, dr hab. Barbara Kita, prof. UŚ, dr hab. Jakub Zajdel, prof. UŚ, prof. dr hab. Piotr Zawojski.</strong></span></p>
<p><span style="font-family: 'times new roman', times, serif; font-size: 12pt;">Komitet organizacyjny konferencji: <strong>dr hab. Joanna Aleksandrowicz, dr Piotr Aptacy, dr hab. Karina Banaszkiewicz-Sadowska, dr hab. Justyna Budzik, dr hab. Ilona Copik, prof. UŚ, prof. dr hab. Andrzej Gwóźdź, dr hab. Magdalena Kempna-Pieniążek, prof. UŚ, dr hab. Barbara Kita, prof. UŚ, dr Karolina Kostyra, dr Barbara Orzeł, dr Wojciech Sitek, dr hab. Jakub Zajdel, prof. UŚ, prof. dr hab. Piotr Zawojski.</strong></span></p>
<p><span style="font-size: 12pt; font-family: 'times new roman', times, serif;">Obrady będą odbywać się w ramach sześciu paneli:</span></p>
<ul>
<li><span style="font-size: 12pt; font-family: 'times new roman', times, serif;">Teorie filmu/mediów: tryby przejścia</span></li>
<li><span style="font-size: 12pt; font-family: 'times new roman', times, serif;">Film i telewizja przez pryzmat teorii krytycznych</span></li>
<li><span style="font-size: 12pt; font-family: 'times new roman', times, serif;">Produkcja i dystrybucja treści audiowizualnych w erze platformizacji</span></li>
<li><span style="font-size: 12pt; font-family: 'times new roman', times, serif;">Sztuka i kultura audiowizualna w czasach dominacji algorytmów oraz sztucznej inteligencji</span></li>
<li><span style="font-size: 12pt; font-family: 'times new roman', times, serif;">Media audiowizualne w perspektywach posthumanistycznych</span></li>
<li><span style="font-size: 12pt; font-family: 'times new roman', times, serif;">Reguły i media cyfrowej wiedzy. Rachunek zysków i strat</span></li>
</ul>
<p><span style="font-size: 12pt; font-family: 'times new roman', times, serif;">Opisy paneli, formularz zgłoszeniowy i inne potrzebne informacje znajdują się na stronie: <a href="https://filmoznawcy.us.edu.pl/" target="_blank" rel="noopener">filmoznawcy.us.edu.pl</a>.</span></p>
<p><span style="font-size: 12pt; font-family: 'times new roman', times, serif;">Kontakt: <a href="mailto:filmoznawcy.wh@us.edu.pl" target="_blank" rel="noopener">filmoznawcy.wh@us.edu.pl</a>.</span></p>
</div>
                    </div>
                </div>[/vc_column][/vc_row]</p>
