{"id":4173,"date":"2025-11-17T10:48:32","date_gmt":"2025-11-17T09:48:32","guid":{"rendered":"https:\/\/us.edu.pl\/instytut\/inok\/?page_id=4173"},"modified":"2025-11-17T11:07:13","modified_gmt":"2025-11-17T10:07:13","slug":"2025-2","status":"publish","type":"page","link":"https:\/\/us.edu.pl\/instytut\/inok\/konferencje\/2025-2\/","title":{"rendered":"2025"},"content":{"rendered":"<p>[vc_row][vc_column]\r\n                <div class=\"text-modules\">\r\n                    <div class=\"container\">\r\n                        \r\n                        <div class=\"text-modules__content\"><\/p>\n<p style=\"text-align: center;\"><span style=\"font-size: 24pt; font-family: 'times new roman', times, serif;\"><b>2025<\/b><\/span><\/p>\n<p style=\"text-align: center;\"><span style=\"font-size: 18pt; font-family: 'times new roman', times, serif;\"><strong>Joga w kontekstach kulturowych, X edycja<\/strong><\/span><\/p>\n<p><span style=\"font-size: 14pt; font-family: 'times new roman', times, serif;\"><em><strong>Katowice, 16-18 wrze\u015bnia 2025 r.<\/strong><\/em><\/span><\/p>\n<p><a href=\"https:\/\/awf.katowice.pl\/nauka\/konferencje-naukowe\/x-konferencja-naukowa---joga-w-kontekstach-kulturowych\" target=\"_blank\" rel=\"noopener\"><span style=\"font-family: 'times new roman', times, serif; font-size: 12pt;\">https:\/\/awf.katowice.pl\/nauka\/konferencje-naukowe\/x-konferencja-naukowa&#8212;joga-w-kontekstach-kulturowych<\/span><\/a><\/p>\n<p><span style=\"font-size: 12pt; font-family: 'times new roman', times, serif;\">Organizatorzy instytucjonalni: Katedra Zarz\u0105dzania Sportem i Turystyk\u0105 (Akademia Wychowania Fizycznego im. Jerzego Kukuczki w Katowicach),\u00a0<strong>Instytut Nauk o Kulturze<\/strong>, Centrum Informacji Naukowej i Biblioteka Akademicka (Katowice).<\/span><\/p>\n<p><span style=\"font-family: 'times new roman', times, serif; font-size: 12pt;\">Konferencja jest d\u0142ugofalowym, prowadzonym od 2014 roku, interdyscyplinarnym projektem, kt\u00f3rego celem jest pokazanie r\u00f3\u017cnych aspekt\u00f3w jogi \u2013 przede wszystkim jako zjawiska modelowanego konkretnymi warunkami kulturowymi.<\/span><\/p>\n<p><span style=\"font-family: 'times new roman', times, serif; font-size: 12pt;\">Zagadnienia, kt\u00f3re wyznaczaj\u0105 g\u0142\u00f3wn\u0105 o\u015b tematyczn\u0105 konferencji, to:<\/span><\/p>\n<ul class=\"row list-unstyled list-bt\" role=\"navigation\">\n<li style=\"list-style-type: none;\">\n<ul class=\"row list-unstyled list-bt\" role=\"navigation\">\n<li style=\"list-style-type: none;\">\n<ul>\n<li><span style=\"font-family: 'times new roman', times, serif; font-size: 12pt;\">joga w kontek\u015bcie tradycji historyczno-kulturowej;<\/span><\/li>\n<li><span style=\"font-family: 'times new roman', times, serif; font-size: 12pt;\">joga jako przedmiot zainteresowania kultury zachodniej;<\/span><\/li>\n<li><span style=\"font-family: 'times new roman', times, serif; font-size: 12pt;\">joga jako element procesu orientalizacji Zachodu;<\/span><\/li>\n<li><span style=\"font-family: 'times new roman', times, serif; font-size: 12pt;\">joga w Polsce: szko\u0142y, o\u015brodki i tradycje;<\/span><\/li>\n<li><span style=\"font-family: 'times new roman', times, serif; font-size: 12pt;\">polskie badania naukowe nad r\u00f3\u017cnymi aspektami jogi;<\/span><\/li>\n<li><span style=\"font-family: 'times new roman', times, serif; font-size: 12pt;\">joga w potocznym rozumieniu \u2013 wyobra\u017cenia i nieporozumienia.<\/span><\/li>\n<\/ul>\n<\/li>\n<\/ul>\n<\/li>\n<\/ul>\n<p style=\"text-align: center;\"><strong>SAUL 2025 \u2013<br \/>\n<\/strong><strong>5. International and Interdyscyplinary Conference \u201eSenses in Architecture, Urban Landscaping and Design\u201d<br \/>\nREVISIONS AND VISIONS, DIAGNOSIS, CHALLENGES<br \/>\n<\/strong><\/p>\n<p><strong><em>Katowice, 5 \u2013 7 grudnia 2025 r.<\/em><\/strong><\/p>\n<p>Organizatorzy:\u00a0<a href=\"https:\/\/us.edu.pl\/instytut\/inok\/osoby\/malgorzata-kadziela\/\" target=\"_blank\" rel=\"noopener\"><strong>dr Ma\u0142gorzata K\u0105dziela<\/strong><\/a> [inicjatorka i przewodnicz\u0105ca konferencji]; dr hab. arch. in\u017c. Katarzyna Ujma-W\u0105sowicz [Politechnika \u015al\u0105ska; inicjatorka].<\/p>\n<p>Eksperymentowanie wydaje si\u0119 by\u0107 atrakcyjnym, integralnym i niezbywalnym elementem procesu projektowania \u2013 zar\u00f3wno obiekt\u00f3w, przestrzeni jak i ca\u0142ych \u015brodowisk \u017cycia cz\u0142owieka. Przybiera r\u00f3\u017cne formy, dotyczy wielu aspekt\u00f3w, zachodzi w wielu kontekstach, ma wiele konsekwencji.<\/p>\n<p>Podczas tegorocznej konferencji chcemy przyjrze\u0107 si\u0119 znaczeniu (i potrzebie?) eksperymentowania w teorii i praktyce projektowej, architektonicznej i urbanistycznej; eksperymentowania bardzo szeroko rozumianego, eksponowanego wprost i ukrytego; interdyscyplinarnego, transkulturowego, globalnego i regionalnego. Jego kosztom i zyskom, naturalnym\/\u015brodowiskowym, kulturowym, spo\u0142ecznym, ekonomicznym, zdrowotnym i prawnym konsekwencjom. I temu, co trudne \u2013 w zwi\u0105zku z ich przeprowadzaniem \u2013 do przewidzenia.<\/p>\n<p><strong><em><a href=\"https:\/\/saul-katowice.pl\/\" target=\"_blank\" rel=\"noopener\">https:\/\/saul-katowice.pl\/<\/a><\/em><\/strong><\/p>\n<\/div>\r\n                    <\/div>\r\n                <\/div>[\/vc_column][\/vc_row]<\/p>","protected":false},"excerpt":{"rendered":"<p>[vc_row][vc_column][\/vc_column][\/vc_row] [&#8230;]<\/p>\n<p><a class=\"btn btn-secondary understrap-read-more-link\" href=\"https:\/\/us.edu.pl\/instytut\/inok\/konferencje\/2025-2\/\">Read More&#8230;<\/a><\/p>\n","protected":false},"author":1658,"featured_media":0,"parent":127,"menu_order":0,"comment_status":"closed","ping_status":"closed","template":"","meta":{"_expiration-date-status":"saved","_expiration-date":0,"_expiration-date-type":"","_expiration-date-categories":[],"_expiration-date-options":[]},"acf":[],"_links":{"self":[{"href":"https:\/\/us.edu.pl\/instytut\/inok\/wp-json\/wp\/v2\/pages\/4173"}],"collection":[{"href":"https:\/\/us.edu.pl\/instytut\/inok\/wp-json\/wp\/v2\/pages"}],"about":[{"href":"https:\/\/us.edu.pl\/instytut\/inok\/wp-json\/wp\/v2\/types\/page"}],"author":[{"embeddable":true,"href":"https:\/\/us.edu.pl\/instytut\/inok\/wp-json\/wp\/v2\/users\/1658"}],"replies":[{"embeddable":true,"href":"https:\/\/us.edu.pl\/instytut\/inok\/wp-json\/wp\/v2\/comments?post=4173"}],"version-history":[{"count":3,"href":"https:\/\/us.edu.pl\/instytut\/inok\/wp-json\/wp\/v2\/pages\/4173\/revisions"}],"predecessor-version":[{"id":4177,"href":"https:\/\/us.edu.pl\/instytut\/inok\/wp-json\/wp\/v2\/pages\/4173\/revisions\/4177"}],"up":[{"embeddable":true,"href":"https:\/\/us.edu.pl\/instytut\/inok\/wp-json\/wp\/v2\/pages\/127"}],"wp:attachment":[{"href":"https:\/\/us.edu.pl\/instytut\/inok\/wp-json\/wp\/v2\/media?parent=4173"}],"curies":[{"name":"wp","href":"https:\/\/api.w.org\/{rel}","templated":true}]}}

<p>[vc_row][vc_column]
                <div class="text-modules">
                    <div class="container">
                        
                        <div class="text-modules__content"></p>
<p style="text-align: center;"><span style="font-size: 24pt; font-family: 'times new roman', times, serif;"><b>2025</b></span></p>
<p style="text-align: center;"><span style="font-size: 18pt; font-family: 'times new roman', times, serif;"><strong>Joga w kontekstach kulturowych, X edycja</strong></span></p>
<p><span style="font-size: 14pt; font-family: 'times new roman', times, serif;"><em><strong>Katowice, 16-18 września 2025 r.</strong></em></span></p>
<p><a href="https://awf.katowice.pl/nauka/konferencje-naukowe/x-konferencja-naukowa---joga-w-kontekstach-kulturowych" target="_blank" rel="noopener"><span style="font-family: 'times new roman', times, serif; font-size: 12pt;">https://awf.katowice.pl/nauka/konferencje-naukowe/x-konferencja-naukowa&#8212;joga-w-kontekstach-kulturowych</span></a></p>
<p><span style="font-size: 12pt; font-family: 'times new roman', times, serif;">Organizatorzy instytucjonalni: Katedra Zarządzania Sportem i Turystyką (Akademia Wychowania Fizycznego im. Jerzego Kukuczki w Katowicach), <strong>Instytut Nauk o Kulturze</strong>, Centrum Informacji Naukowej i Biblioteka Akademicka (Katowice).</span></p>
<p><span style="font-family: 'times new roman', times, serif; font-size: 12pt;">Konferencja jest długofalowym, prowadzonym od 2014 roku, interdyscyplinarnym projektem, którego celem jest pokazanie różnych aspektów jogi – przede wszystkim jako zjawiska modelowanego konkretnymi warunkami kulturowymi.</span></p>
<p><span style="font-family: 'times new roman', times, serif; font-size: 12pt;">Zagadnienia, które wyznaczają główną oś tematyczną konferencji, to:</span></p>
<ul class="row list-unstyled list-bt" role="navigation">
<li style="list-style-type: none;">
<ul class="row list-unstyled list-bt" role="navigation">
<li style="list-style-type: none;">
<ul>
<li><span style="font-family: 'times new roman', times, serif; font-size: 12pt;">joga w kontekście tradycji historyczno-kulturowej;</span></li>
<li><span style="font-family: 'times new roman', times, serif; font-size: 12pt;">joga jako przedmiot zainteresowania kultury zachodniej;</span></li>
<li><span style="font-family: 'times new roman', times, serif; font-size: 12pt;">joga jako element procesu orientalizacji Zachodu;</span></li>
<li><span style="font-family: 'times new roman', times, serif; font-size: 12pt;">joga w Polsce: szkoły, ośrodki i tradycje;</span></li>
<li><span style="font-family: 'times new roman', times, serif; font-size: 12pt;">polskie badania naukowe nad różnymi aspektami jogi;</span></li>
<li><span style="font-family: 'times new roman', times, serif; font-size: 12pt;">joga w potocznym rozumieniu – wyobrażenia i nieporozumienia.</span></li>
</ul>
</li>
</ul>
</li>
</ul>
<p style="text-align: center;"><strong>SAUL 2025 –<br />
</strong><strong>5. International and Interdyscyplinary Conference „Senses in Architecture, Urban Landscaping and Design”<br />
REVISIONS AND VISIONS, DIAGNOSIS, CHALLENGES<br />
</strong></p>
<p><strong><em>Katowice, 5 – 7 grudnia 2025 r.</em></strong></p>
<p>Organizatorzy: <a href="https://us.edu.pl/instytut/inok/osoby/malgorzata-kadziela/" target="_blank" rel="noopener"><strong>dr Małgorzata Kądziela</strong></a> [inicjatorka i przewodnicząca konferencji]; dr hab. arch. inż. Katarzyna Ujma-Wąsowicz [Politechnika Śląska; inicjatorka].</p>
<p>Eksperymentowanie wydaje się być atrakcyjnym, integralnym i niezbywalnym elementem procesu projektowania – zarówno obiektów, przestrzeni jak i całych środowisk życia człowieka. Przybiera różne formy, dotyczy wielu aspektów, zachodzi w wielu kontekstach, ma wiele konsekwencji.</p>
<p>Podczas tegorocznej konferencji chcemy przyjrzeć się znaczeniu (i potrzebie?) eksperymentowania w teorii i praktyce projektowej, architektonicznej i urbanistycznej; eksperymentowania bardzo szeroko rozumianego, eksponowanego wprost i ukrytego; interdyscyplinarnego, transkulturowego, globalnego i regionalnego. Jego kosztom i zyskom, naturalnym/środowiskowym, kulturowym, społecznym, ekonomicznym, zdrowotnym i prawnym konsekwencjom. I temu, co trudne – w związku z ich przeprowadzaniem – do przewidzenia.</p>
<p><strong><em><a href="https://saul-katowice.pl/" target="_blank" rel="noopener">https://saul-katowice.pl/</a></em></strong></p>
</div>
                    </div>
                </div>[/vc_column][/vc_row]</p>
