{"id":184,"date":"2019-11-07T23:01:13","date_gmt":"2019-11-07T22:01:13","guid":{"rendered":"http:\/\/us.edu.pl\/instytut\/inos\/?post_type=osoby&#038;p=184"},"modified":"2021-05-04T10:13:44","modified_gmt":"2021-05-04T08:13:44","slug":"ewa-gebicka","status":"publish","type":"osoby","link":"https:\/\/us.edu.pl\/instytut\/inos\/osoby\/ewa-gebicka\/","title":{"rendered":"dr hab. Ewa G\u0119bicka, prof. U\u015a"},"content":{"rendered":"<p>[vc_row][vc_column width=&#8221;2\/3&#8243;][vc_tta_tabs][vc_tta_section title=&#8221;POLISH&#8221; tab_id=&#8221;1620114349856-f64ce0c7-f6ea&#8221;]\r\n                <div class=\"text-modules\">\r\n                    <div class=\"container\">\r\n                        \r\n                        <div class=\"text-modules__content\"><p><strong>dr hab. Ewa G\u0119bicka, prof. U\u015a<\/strong><br \/>\ne-mail:\u00a0<a href=\"mailto:ewa.gebicka@us.edu.pl\">ewa.gebicka@us.edu.pl<\/a><\/p>\n<p>Uko\u0144czy\u0142a studia w Akademii Ekonomicznej w Poznaniu na kierunku ekonometria (1976) oraz Podyplomowe Studium Organizacji Produkcji Telewizyjno-Filmowej w PWSFTViT w \u0141odzi (1978) W 1992 roku uzyska\u0142a stopie\u0144 naukowy doktora nauk humanistycznych nadany przez Rad\u0119 Wydzia\u0142u Filologicznego Uniwersytetu Wroc\u0142awskiego po przedstawieniu rozprawy doktorskiej\u00a0<em>Kino w Polsce w latach 1944-1965. Polityka kulturalna. Ekonomia. Repertuar<\/em>. W 2008 roku uzyska\u0142a stopie\u0144 naukowy dr habilitowanego w zakresie nauk humanistycznych w dyscyplinie nauk o sztuce nadany przez Rad\u0119 Wydzia\u0142u Zarz\u0105dzania i Komunikacji Spo\u0142ecznej Uniwersytetu Jagiello\u0144skiego w Krakowie. Od 1978 roku zwi\u0105zana prac\u0105 naukowo-dydaktyczn\u0105 z Wydzia\u0142em Radia i Telewizji im. Krzysztofa Kie\u015blowskiego w Katowicach. Prowadzi tak\u017ce wyk\u0142ady na Wydziale Organizacji Sztuki Filmowej PWSFTViT w \u0141odzi. Od 2019 roku pracownik naukowo-dydaktyczny Instytutu Nauk o Sztuce Wydzia\u0142u Humanistycznego Uniwersytetu Sl\u0105skiego w Katowicach. W latach 1998-2002 ekspert Przewodnicz\u0105cego Komitetu Kinematografii ds. Analizy i Ocen Projekt\u00f3w Film\u00f3w Fabularnych; cz\u0142onek Polskiego Towarzystwa Komunikacji Spo\u0142ecznej; wsp\u00f3\u0142autor program\u00f3w nauczania na kierunku organizacja produkcji filmowej i tv.\u00a0Promotor kilkuset prac dyplomowych (magisterskich i licencjackich) student\u00f3w kierunku organizacji produkcji filmowej i telewizyjnej.<\/p>\n<p>Zajmuje si\u0119 histori\u0105 i wsp\u00f3\u0142czesno\u015bci\u0105 polskiej oraz europejskiej kinematografii jako instytucji \u017cycia spo\u0142ecznego, a zarazem przemys\u0142u kultury. Przedmiotem jej zainteresowa\u0144 badawczych s\u0105 mi\u0119dzy innymi artystyczne, organizacyjne i finansowe aspekty funkcjonowania kina w kontek\u015bcie post\u0119pu technologicznego i przemian gospodarczo-politycznych; zagadnienia filmowego rynku, w tym dystrybucji i promocji film\u00f3w. Prowadzi od lat pionierskie badania archiwalne w zakresie pocz\u0105tk\u00f3w polskiej powojennej kinematografii prowadz\u0105cych do maj\u0105cej si\u0119 ukaza\u0107 antologii najwa\u017cniejszych dokument\u00f3w wyznaczaj\u0105cych jej losy i kierunki rozwoju. Wyk\u0142ada zagadnienia zwi\u0105zane mi\u0119dzy innymi z histori\u0105 gospodarcz\u0105 kinematografii, organizacj\u0105 i ekonomik\u0105 produkcji filmowej, procesami zarz\u0105dzania w procesie realizacji film\u00f3w oraz marketingiem filmowym.<\/p>\n<p><strong>Wybrane publikacje:<\/strong><\/p>\n<ul>\n<li><em>Sie\u0107 kin i rozpowszechnianie film\u00f3w<\/em>\u00a0(w:)\u00a0<em>Encyklopedia kultury polskiej. Film. Kinematografia,<\/em>\u00a0Red. E. Zajicek, Warszawa 1994.<\/li>\n<li><em>Obcinanie kant\u00f3w, czyli polityka PZPR i pa\u0144stwa wobec kinematografii lat sze\u015b\u0107dziesi\u0105tych<\/em>\u00a0(w:)\u00a0<em>Syndrom konformizmu? Kino polskie lat sze\u015b\u0107dziesi\u0105tych<\/em>, red. T. Miczka, A. Madej, Katowice 1994.<\/li>\n<li><em>Mi\u0119dzy Nys\u0105 a Zawierciem. Meandry kinofikacji 1944-1947<\/em>\u00a0(w:)\u00a0<em>Nie tylko filmy, nie same kina. Z<\/em>\u00a0<em>dziej\u00f3w X Muzy na G\u00f3rnym Sl\u0105sku i w Zag\u0142\u0119biu<\/em>, red. A. Gw\u00f3zdz, Katowice 1996.<\/li>\n<li><em>Partia i pa\u0144stwo a kino. Przypadek \u201eszko\u0142y polskiej\u201d. O ideologicznym stylu odbioru film\u00f3w i jego konsekwencjach<\/em>\u00a0(w:)\u00a0<em>\u201eSzko\u0142a polska\u201d \u2013 Powroty<\/em>, red. E. Nurczy\u0144ska-Fidelska i B. Stolarska. \u0141\u00f3d\u017a 1998.<\/li>\n<li><em>Spo\u0142ecze\u0144stwo informacyjne a kierunki przekszta\u0142ce\u0144 wsp\u00f3\u0142czesnej kultury audiowizualnej<\/em>\u00a0(w:)\u00a0<em>Spo\u0142ecze\u0144stwo informacyjne \u2013 wyzwania dla gospodarki, polityki, kultury<\/em>, red. K. Doktorowicz, Katowice 2002.<\/li>\n<li><em>Mi\u0119dzy pa\u0144stwowym mecenatem a rynkiem. Polska kinematografia po 1989 roku w kontek\u015bcie transformacji ustrojowej<\/em>, Katowice 2006.<\/li>\n<li><em>Problemy i dzia\u0142ania Unii Europejskiej i Rady Europy a problem to\u017csamo\u015bci europejskiego kina w kontek\u015bcie globalizacji i amerykanizacji kultury audiowizualnej<\/em>\u00a0(w:)\u00a0<em>Przestrzenie to\u017csamo\u015bci we wsp\u00f3\u0142czesnym<\/em>\u00a0<em>kinie europejskim,<\/em>\u00a0red. B. Kita, Krak\u00f3w 2006.<\/li>\n<li><em>Pa\u0144stwowe Studia Filmowe w kontek\u015bcie reformy kinematografii po 1989 roku<\/em>\u00a0(w:)\u00a0<em>Idea<\/em>\u00a0<em>zespo\u0142u filmowego. Historia i nowe wyzwania<\/em>, red. T. Szczepa\u0144ski, A. Pachnicka, \u0141\u00f3d\u017a 2013.<\/li>\n<li><em>Problemy to\u017csamo\u015bci polskiego kina w dobie globalizacji i konkurencji na rynku filmowym<\/em>\u00a0(w:)\u00a0<em>To\u017csamo\u015b\u0107 wieku informacji. Media. Internet. Kino,<\/em>\u00a0red. K. Doktorowicz, Katowice 2015.<\/li>\n<li><em>Wykorzystanie nowych medi\u00f3w w strategiach promocyjnych film\u00f3w<\/em>\u00a0(w:)\u00a0<em>Wok\u00f3\u0142 zagadnie\u0144<\/em>\u00a0<em>dystrybucji filmowej<\/em>, red. M. Adamczak, K. Klejsa, \u0142\u00f3d\u017a 2015.<\/li>\n<li><em>Media spo\u0142eczno\u015bciowe w procesie promocji film\u00f3w i seriali telewizyjnych<\/em>\u00a0w:\u00a0<em>Media spo\u0142eczno\u015bciowe. Dialog w cyberprzestrzeni, tom. 2,<\/em>\u00a0red. K. Doktorowicz, Katowice 2017.<\/li>\n<\/ul>\n<p>\n<\/div>\r\n                    <\/div>\r\n                <\/div>[\/vc_tta_section][vc_tta_section title=&#8221;ENGLISH&#8221; tab_id=&#8221;1620114349870-06f25180-be26&#8243;]\r\n                <div class=\"text-modules\">\r\n                    <div class=\"container\">\r\n                        \r\n                        <div class=\"text-modules__content\"><p><strong>Ewa G\u0119bicka, PhD, DLitt<br \/>\n<\/strong>Associate Professor in the Institute of Arts Studies<br \/>\nFaculty of Humanities<\/p>\n<p><a href=\"mailto:ewa.gebicka@us.edu.pl\">ewa.gebicka@us.edu.pl<\/a><\/p>\n<p><a href=\"https:\/\/orcid.org\/0000-0002-9709-2188\">ORCID: 0000-0002-9709-2188<\/a><\/p>\n<p><a href=\"https:\/\/www.researchgate.net\/profile\/Ewa_Gebicka\">https:\/\/www.researchgate.net\/profile\/Ewa_Gebicka<\/a><\/p>\n<p><a href=\"https:\/\/scholar.google.pl\/citations?view_op=search_authors&amp;mauthors=Ewa+Gebicka&amp;hl=pl&amp;oi=ao\">https:\/\/scholar.google.pl\/citations?view_op=search_authors&amp;mauthors=Ewa+Gebicka&amp;hl=pl&amp;oi=ao<\/a><\/p>\n<p>&nbsp;<\/p>\n<p><strong>Research interests: <\/strong><\/p>\n<p>the past and present of the Polish and European cinema as an institution of social life and cultural industry; artistic, organizational and financial aspects of cinema functioning in the context of technological progress and political-economic transformations; film market, archive research into the beginning of the Polish post-war cinema<\/p>\n<p><strong>Selected publications (5):<\/strong><\/p>\n<ol>\n<li>Ewa G\u0119bicka: Film radziecki w Polsce w latach 1948-1955. W\u0142adze partyjno-pa\u0144stwowe, pracownicy kin, widzowie [Soviet film in Poland in the years 1948-1955. Party and state authorities, cinema workers, and the audience], \u201cKwartalnik Filmowy\u201d 2019 no. 108, pp. 16-29.<\/li>\n<li>Ewa G\u0119bicka: Rodzaje i korzy\u015bci bada\u0144 rynkowych w procesie produkcji i dystrybucji film\u00f3w [Market research (its types and advantages) in the process of film production and distribution], (in:) Kultura produkcji filmowej: teorie, badania, praktyki, A. Majer, T. Szczepa\u0144ski (ed.). \u0141\u00f3d\u017a 2019, pp. 49-73.<\/li>\n<li>Ewa G\u0119bicka: Media spo\u0142eczno\u015bciowe w procesie promocji film\u00f3w i seriali telewizyjnych [Social media in the process of film and TV series promotion], (in:) Media spo\u0142eczno\u015bciowe. Dialog w cyberprzestrzeni, vol. 2, K. Doktorowicz (ed.), Katowice: WU\u015a 2017, pp. 13-45.<\/li>\n<li>Ewa G\u0119bicka: Wykorzystanie nowych medi\u00f3w w strategiach promocyjnych film\u00f3w [The use of new media in film promotion strategies], (in:) Wok\u00f3\u0142 zagadnie\u0144 dystrybucji filmowej, M. Adamczak, K. Klejsa (eds.), \u0141\u00f3d\u017a 2015, pp. 204-225.<\/li>\n<li>Ewa G\u0119bicka: Pa\u0144stwowe studia filmowe w kontek\u015bcie reformy kinematografii po 1989 roku [The state-owned film studios in the context of the cinema reform after 1989], (in:) Idea zespo\u0142u filmowego. Historia i nowe wyzwania, T. Szczepa\u0144ski, A. Pachnicka (eds.), \u0141\u00f3d\u017a 2013, pp. 197-211.<\/li>\n<\/ol>\n<p>\n<\/div>\r\n                    <\/div>\r\n                <\/div>[\/vc_tta_section][\/vc_tta_tabs][\/vc_column][vc_column width=&#8221;1\/3&#8243;]\r\n                <div class=\"text-modules\">\r\n                    <div class=\"container\">\r\n                        \r\n                        <div class=\"text-modules__content\"><\/p>\n<p>&nbsp;<\/p>\n<p><img class=\"alignnone wp-image-183 size-medium\" src=\"https:\/\/us.edu.pl\/instytut\/inos\/wp-content\/uploads\/sites\/29\/Nieprzypisane\/Ewa-G\u0119bicka-foto2-e1580752036718-300x267.jpg\" alt=\"Ewa G\u0119bicka - zdj\u0119cie profilowe\" width=\"300\" height=\"267\" srcset=\"https:\/\/us.edu.pl\/instytut\/inos\/wp-content\/uploads\/sites\/29\/Nieprzypisane\/Ewa-G\u0119bicka-foto2-e1580752036718-300x267.jpg 300w, https:\/\/us.edu.pl\/instytut\/inos\/wp-content\/uploads\/sites\/29\/Nieprzypisane\/Ewa-G\u0119bicka-foto2-e1580752036718.jpg 449w\" sizes=\"(max-width: 300px) 100vw, 300px\" \/><\/p>\n<\/div>\r\n                    <\/div>\r\n                <\/div>[\/vc_column][\/vc_row]<\/p>","protected":false},"excerpt":{"rendered":"<p>[vc_row][vc_column width=&#8221;2\/3&#8243;][vc_tta_tabs][vc_tta_section title=&#8221;POLISH&#8221; tab_id=&#8221;1620114349856-f64ce0c7-f6ea&#8221;][\/vc_tta_section][vc_tta_section title=&#8221;ENGLISH&#8221; tab_id=&#8221;1620114349870-06f25180-be26&#8243;][\/vc_tta_section][\/vc_tta_tabs][\/vc_column][vc_column width=&#8221;1\/3&#8243;][\/vc_column][\/vc_row] [&#8230;]<\/p>\n<p><a class=\"btn btn-secondary understrap-read-more-link\" href=\"https:\/\/us.edu.pl\/instytut\/inos\/osoby\/ewa-gebicka\/\">Read More&#8230;<\/a><\/p>\n","protected":false},"author":1,"featured_media":0,"template":"","meta":{"_expiration-date-status":"saved","_expiration-date":0,"_expiration-date-type":"","_expiration-date-categories":[],"_expiration-date-options":[]},"acf":[],"_links":{"self":[{"href":"https:\/\/us.edu.pl\/instytut\/inos\/wp-json\/wp\/v2\/osoby\/184"}],"collection":[{"href":"https:\/\/us.edu.pl\/instytut\/inos\/wp-json\/wp\/v2\/osoby"}],"about":[{"href":"https:\/\/us.edu.pl\/instytut\/inos\/wp-json\/wp\/v2\/types\/osoby"}],"author":[{"embeddable":true,"href":"https:\/\/us.edu.pl\/instytut\/inos\/wp-json\/wp\/v2\/users\/1"}],"version-history":[{"count":8,"href":"https:\/\/us.edu.pl\/instytut\/inos\/wp-json\/wp\/v2\/osoby\/184\/revisions"}],"predecessor-version":[{"id":872,"href":"https:\/\/us.edu.pl\/instytut\/inos\/wp-json\/wp\/v2\/osoby\/184\/revisions\/872"}],"wp:attachment":[{"href":"https:\/\/us.edu.pl\/instytut\/inos\/wp-json\/wp\/v2\/media?parent=184"}],"curies":[{"name":"wp","href":"https:\/\/api.w.org\/{rel}","templated":true}]}}

dr hab. Ewa Gębicka, prof. UŚ

<p>[vc_row][vc_column width=&#8221;2/3&#8243;][vc_tta_tabs][vc_tta_section title=&#8221;POLISH&#8221; tab_id=&#8221;1620114349856-f64ce0c7-f6ea&#8221;]
                <div class="text-modules">
                    <div class="container">
                        
                        <div class="text-modules__content"><p><strong>dr hab. Ewa Gębicka, prof. UŚ</strong><br />
e-mail: <a href="mailto:ewa.gebicka@us.edu.pl">ewa.gebicka@us.edu.pl</a></p>
<p>Ukończyła studia w Akademii Ekonomicznej w Poznaniu na kierunku ekonometria (1976) oraz Podyplomowe Studium Organizacji Produkcji Telewizyjno-Filmowej w PWSFTViT w Łodzi (1978) W 1992 roku uzyskała stopień naukowy doktora nauk humanistycznych nadany przez Radę Wydziału Filologicznego Uniwersytetu Wrocławskiego po przedstawieniu rozprawy doktorskiej <em>Kino w Polsce w latach 1944-1965. Polityka kulturalna. Ekonomia. Repertuar</em>. W 2008 roku uzyskała stopień naukowy dr habilitowanego w zakresie nauk humanistycznych w dyscyplinie nauk o sztuce nadany przez Radę Wydziału Zarządzania i Komunikacji Społecznej Uniwersytetu Jagiellońskiego w Krakowie. Od 1978 roku związana pracą naukowo-dydaktyczną z Wydziałem Radia i Telewizji im. Krzysztofa Kieślowskiego w Katowicach. Prowadzi także wykłady na Wydziale Organizacji Sztuki Filmowej PWSFTViT w Łodzi. Od 2019 roku pracownik naukowo-dydaktyczny Instytutu Nauk o Sztuce Wydziału Humanistycznego Uniwersytetu Sląskiego w Katowicach. W latach 1998-2002 ekspert Przewodniczącego Komitetu Kinematografii ds. Analizy i Ocen Projektów Filmów Fabularnych; członek Polskiego Towarzystwa Komunikacji Społecznej; współautor programów nauczania na kierunku organizacja produkcji filmowej i tv. Promotor kilkuset prac dyplomowych (magisterskich i licencjackich) studentów kierunku organizacji produkcji filmowej i telewizyjnej.</p>
<p>Zajmuje się historią i współczesnością polskiej oraz europejskiej kinematografii jako instytucji życia społecznego, a zarazem przemysłu kultury. Przedmiotem jej zainteresowań badawczych są między innymi artystyczne, organizacyjne i finansowe aspekty funkcjonowania kina w kontekście postępu technologicznego i przemian gospodarczo-politycznych; zagadnienia filmowego rynku, w tym dystrybucji i promocji filmów. Prowadzi od lat pionierskie badania archiwalne w zakresie początków polskiej powojennej kinematografii prowadzących do mającej się ukazać antologii najważniejszych dokumentów wyznaczających jej losy i kierunki rozwoju. Wykłada zagadnienia związane między innymi z historią gospodarczą kinematografii, organizacją i ekonomiką produkcji filmowej, procesami zarządzania w procesie realizacji filmów oraz marketingiem filmowym.</p>
<p><strong>Wybrane publikacje:</strong></p>
<ul>
<li><em>Sieć kin i rozpowszechnianie filmów</em> (w:) <em>Encyklopedia kultury polskiej. Film. Kinematografia,</em> Red. E. Zajicek, Warszawa 1994.</li>
<li><em>Obcinanie kantów, czyli polityka PZPR i państwa wobec kinematografii lat sześćdziesiątych</em> (w:) <em>Syndrom konformizmu? Kino polskie lat sześćdziesiątych</em>, red. T. Miczka, A. Madej, Katowice 1994.</li>
<li><em>Między Nysą a Zawierciem. Meandry kinofikacji 1944-1947</em> (w:) <em>Nie tylko filmy, nie same kina. Z</em> <em>dziejów X Muzy na Górnym Sląsku i w Zagłębiu</em>, red. A. Gwózdz, Katowice 1996.</li>
<li><em>Partia i państwo a kino. Przypadek „szkoły polskiej”. O ideologicznym stylu odbioru filmów i jego konsekwencjach</em> (w:) <em>„Szkoła polska” – Powroty</em>, red. E. Nurczyńska-Fidelska i B. Stolarska. Łódź 1998.</li>
<li><em>Społeczeństwo informacyjne a kierunki przekształceń współczesnej kultury audiowizualnej</em> (w:) <em>Społeczeństwo informacyjne – wyzwania dla gospodarki, polityki, kultury</em>, red. K. Doktorowicz, Katowice 2002.</li>
<li><em>Między państwowym mecenatem a rynkiem. Polska kinematografia po 1989 roku w kontekście transformacji ustrojowej</em>, Katowice 2006.</li>
<li><em>Problemy i działania Unii Europejskiej i Rady Europy a problem tożsamości europejskiego kina w kontekście globalizacji i amerykanizacji kultury audiowizualnej</em> (w:) <em>Przestrzenie tożsamości we współczesnym</em> <em>kinie europejskim,</em> red. B. Kita, Kraków 2006.</li>
<li><em>Państwowe Studia Filmowe w kontekście reformy kinematografii po 1989 roku</em> (w:) <em>Idea</em> <em>zespołu filmowego. Historia i nowe wyzwania</em>, red. T. Szczepański, A. Pachnicka, Łódź 2013.</li>
<li><em>Problemy tożsamości polskiego kina w dobie globalizacji i konkurencji na rynku filmowym</em> (w:) <em>Tożsamość wieku informacji. Media. Internet. Kino,</em> red. K. Doktorowicz, Katowice 2015.</li>
<li><em>Wykorzystanie nowych mediów w strategiach promocyjnych filmów</em> (w:) <em>Wokół zagadnień</em> <em>dystrybucji filmowej</em>, red. M. Adamczak, K. Klejsa, łódź 2015.</li>
<li><em>Media społecznościowe w procesie promocji filmów i seriali telewizyjnych</em> w: <em>Media społecznościowe. Dialog w cyberprzestrzeni, tom. 2,</em> red. K. Doktorowicz, Katowice 2017.</li>
</ul>
<p>
</div>
                    </div>
                </div>[/vc_tta_section][vc_tta_section title=&#8221;ENGLISH&#8221; tab_id=&#8221;1620114349870-06f25180-be26&#8243;]
                <div class="text-modules">
                    <div class="container">
                        
                        <div class="text-modules__content"><p><strong>Ewa Gębicka, PhD, DLitt<br />
</strong>Associate Professor in the Institute of Arts Studies<br />
Faculty of Humanities</p>
<p><a href="mailto:ewa.gebicka@us.edu.pl">ewa.gebicka@us.edu.pl</a></p>
<p><a href="https://orcid.org/0000-0002-9709-2188">ORCID: 0000-0002-9709-2188</a></p>
<p><a href="https://www.researchgate.net/profile/Ewa_Gebicka">https://www.researchgate.net/profile/Ewa_Gebicka</a></p>
<p><a href="https://scholar.google.pl/citations?view_op=search_authors&amp;mauthors=Ewa+Gebicka&amp;hl=pl&amp;oi=ao">https://scholar.google.pl/citations?view_op=search_authors&amp;mauthors=Ewa+Gebicka&amp;hl=pl&amp;oi=ao</a></p>
<p>&nbsp;</p>
<p><strong>Research interests: </strong></p>
<p>the past and present of the Polish and European cinema as an institution of social life and cultural industry; artistic, organizational and financial aspects of cinema functioning in the context of technological progress and political-economic transformations; film market, archive research into the beginning of the Polish post-war cinema</p>
<p><strong>Selected publications (5):</strong></p>
<ol>
<li>Ewa Gębicka: Film radziecki w Polsce w latach 1948-1955. Władze partyjno-państwowe, pracownicy kin, widzowie [Soviet film in Poland in the years 1948-1955. Party and state authorities, cinema workers, and the audience], “Kwartalnik Filmowy” 2019 no. 108, pp. 16-29.</li>
<li>Ewa Gębicka: Rodzaje i korzyści badań rynkowych w procesie produkcji i dystrybucji filmów [Market research (its types and advantages) in the process of film production and distribution], (in:) Kultura produkcji filmowej: teorie, badania, praktyki, A. Majer, T. Szczepański (ed.). Łódź 2019, pp. 49-73.</li>
<li>Ewa Gębicka: Media społecznościowe w procesie promocji filmów i seriali telewizyjnych [Social media in the process of film and TV series promotion], (in:) Media społecznościowe. Dialog w cyberprzestrzeni, vol. 2, K. Doktorowicz (ed.), Katowice: WUŚ 2017, pp. 13-45.</li>
<li>Ewa Gębicka: Wykorzystanie nowych mediów w strategiach promocyjnych filmów [The use of new media in film promotion strategies], (in:) Wokół zagadnień dystrybucji filmowej, M. Adamczak, K. Klejsa (eds.), Łódź 2015, pp. 204-225.</li>
<li>Ewa Gębicka: Państwowe studia filmowe w kontekście reformy kinematografii po 1989 roku [The state-owned film studios in the context of the cinema reform after 1989], (in:) Idea zespołu filmowego. Historia i nowe wyzwania, T. Szczepański, A. Pachnicka (eds.), Łódź 2013, pp. 197-211.</li>
</ol>
<p>
</div>
                    </div>
                </div>[/vc_tta_section][/vc_tta_tabs][/vc_column][vc_column width=&#8221;1/3&#8243;]
                <div class="text-modules">
                    <div class="container">
                        
                        <div class="text-modules__content"></p>
<p>&nbsp;</p>
<p><img class="alignnone wp-image-183 size-medium" src="https://us.edu.pl/instytut/inos/wp-content/uploads/sites/29/Nieprzypisane/Ewa-Gębicka-foto2-e1580752036718-300x267.jpg" alt="Ewa Gębicka - zdjęcie profilowe" width="300" height="267" srcset="https://us.edu.pl/instytut/inos/wp-content/uploads/sites/29/Nieprzypisane/Ewa-Gębicka-foto2-e1580752036718-300x267.jpg 300w, https://us.edu.pl/instytut/inos/wp-content/uploads/sites/29/Nieprzypisane/Ewa-Gębicka-foto2-e1580752036718.jpg 449w" sizes="(max-width: 300px) 100vw, 300px" /></p>
</div>
                    </div>
                </div>[/vc_column][/vc_row]</p>
