{"id":1178,"date":"2020-02-11T11:29:10","date_gmt":"2020-02-11T10:29:10","guid":{"rendered":"http:\/\/us.edu.pl\/instytut\/inoz\/?page_id=1178"},"modified":"2021-03-05T10:39:51","modified_gmt":"2021-03-05T09:39:51","slug":"kola-naukowe","status":"publish","type":"page","link":"https:\/\/us.edu.pl\/instytut\/inoz\/kola-naukowe\/","title":{"rendered":"towarzystwa i ko\u0142a naukowe"},"content":{"rendered":"<p>[vc_row el_class=&#8221;container&#8221;][vc_column]\r\n                <div class=\"text-modules\">\r\n                    <div class=\"container\">\r\n                        <h3 class=\"page-title text__title\">Towarzystwa naukowe<\/h3>\r\n                        <div class=\"text-modules__content\"><\/div>\r\n                    <\/div>\r\n                <\/div>[\/vc_column][\/vc_row][vc_row el_class=&#8221;container&#8221;][vc_column width=&#8221;1\/2&#8243; css=&#8221;.vc_custom_1581413924173{background-color: #f4f4f4 !important;}&#8221;]\r\n                <div class=\"text-modules\">\r\n                    <div class=\"container\">\r\n                        \r\n                        <div class=\"text-modules__content\"><p><img class=\"alignnone size-thumbnail wp-image-1180\" style=\"float: left;margin-right: 100px\" src=\"http:\/\/us.edu.pl\/instytut\/inoz\/wp-content\/uploads\/sites\/37\/Nieprzypisane\/logoptgbig-150x150.png\" alt=\"\" width=\"150\" height=\"150\" \/><strong>Polskie Towarzystwo Geograficzne<\/strong><br \/>\n<strong>Oddzia\u0142 Katowicki<\/strong><br \/>\nUniwersytet \u015al\u0105ski<br \/>\nWydzia\u0142 Nauk Przyrodniczych<br \/>\nSosnowiec ul. B\u0119dzi\u0144ska 60.<br \/>\ne-mail: <a href=\"mailto:oddzialkatowickiptg@gmail.com\">oddzialkatowickiptg@gmail.com<\/a><br \/>\nwww: <a href=\"http:\/\/www.ptg.wnoz.us.edu.pl\/\">http:\/\/www.ptg.wnoz.us.edu.pl\/<\/a><\/p>\n<\/div>\r\n                    <\/div>\r\n                <\/div>[\/vc_column][vc_column width=&#8221;1\/2&#8243;]\r\n                <div class=\"text-modules\">\r\n                    <div class=\"container\">\r\n                        \r\n                        <div class=\"text-modules__content\"><p><img class=\"alignleft\" src=\"https:\/\/us.edu.pl\/instytut\/inoz\/wp-content\/uploads\/sites\/37\/Lukasz\/StowarzyszenieHydroGeologow.jpg\" alt=\"\" width=\"299\" height=\"150\" \/><strong>Stowarzyszenie Hydrogeolog\u00f3w Polskich<\/strong><br \/>\nUniwersytet \u015al\u0105ski<br \/>\nInstytut Nauk o Ziemi<br \/>\nSosnowiec, ul. B\u0119dzi\u0144ska 60<br \/>\ne-mail: <a href=\"mailto:shp@hydrogeolodzy.pl\">shp@hydrogeolodzy.pl<\/a><br \/>\nwww: <a href=\"http:\/\/www.hydrogeolodzy.pl\">http:\/\/www.hydrogeolodzy.pl<\/a><\/p>\n<\/div>\r\n                    <\/div>\r\n                <\/div>[\/vc_column][\/vc_row][vc_row][vc_column]\r\n                <div class=\"text-modules\">\r\n                    <div class=\"container\">\r\n                        <h3 class=\"page-title text__title\">Studenckie ko\u0142a naukowe<\/h3>\r\n                        <div class=\"text-modules__content\"><\/div>\r\n                    <\/div>\r\n                <\/div>[\/vc_column][\/vc_row][vc_row el_class=&#8221;container&#8221;][vc_column css=&#8221;.vc_custom_1581414582676{background-color: #f4f4f4 !important;}&#8221;]\r\n                <div class=\"text-modules\">\r\n                    <div class=\"container\">\r\n                        \r\n                        <div class=\"text-modules__content\"><\/p>\n<div class=\"col-xs-9\">\n<p><strong>Ko\u0142o Geolog\u00f3w<\/strong><br \/>\nOpiekun \u2013 dr Krzysztof Gaidzik<\/p>\n<hr \/>\n<p><strong>Ko\u0142o Mineralog\u00f3w \u201eHeliodor\u201d<\/strong><br \/>\nOpiekun \u2013 dr Eligiusz Sze\u0142\u0119g<br \/>\nStrona www \u2013 <a href=\"http:\/\/www.heliodor.us.edu.pl\/\" target=\"_blank\" rel=\"noopener noreferrer\">http:\/\/www.heliodor.us.edu.pl<\/a><\/p>\n<hr \/>\n<p><strong>Ko\u0142o Geograf\u00f3w<\/strong><br \/>\nOpiekun \u2013 prof. dr hab. Mariusz Rz\u0119ta\u0142a<br \/>\nStrona www \u2013 <a href=\"http:\/\/skng.wnoz.us.edu.pl\/\" target=\"_blank\" rel=\"noopener noreferrer\">http:\/\/skng.wnoz.us.edu.pl<\/a><br \/>\nKontakt: <a>skng.wnoz.us@gmail.com<\/a><\/p>\n<hr \/>\n<p><strong>Ko\u0142o GIS<\/strong><br \/>\nOpiekun \u2013 dr Agnieszka Piechota<br \/>\nStrona www \u2013 <a href=\"http:\/\/www.skngis.us.edu.pl\/\" target=\"_blank\" rel=\"noopener noreferrer\">http:\/\/www.skngis.us.edu.pl<\/a><\/p>\n<hr \/>\n<p><strong>Ko\u0142o Geofizyk\u00f3w \u201ePREM\u201d<\/strong><br \/>\nOpiekun \u2013 dr Maciej Mendecki<br \/>\nStrona www \u2013 <a href=\"http:\/\/skngf.us.edu.pl\/\" target=\"_blank\" rel=\"noopener noreferrer\">http:\/\/skngf.us.edu.pl\/<\/a><\/p>\n<hr \/>\n<p><strong>Ko\u0142o Paleontolog\u00f3w \u201eParadoxides\u201d<\/strong><br \/>\nOpiekun \u2013 dr Micha\u0142 Rakoci\u0144ski<br \/>\nStrona www \u2013 <a href=\"https:\/\/m.facebook.com\/sknparadox\/\">https:\/\/m.facebook.com\/sknparadox\/<\/a><\/p>\n<hr \/>\n<p><strong>Ko\u0142o Naukowo-Podr\u00f3\u017cnicze \u201eDenali\u201d<\/strong><br \/>\nOpiekun \u2013 dr hab S\u0142awomir Pytel, prof. U\u015a<br \/>\nStrona www <a href=\"http:\/\/www.denali.us.edu.pl\/\" target=\"_blank\" rel=\"noopener noreferrer\">http:\/\/www.denali.us.edu.pl\/<\/a><br \/>\nKontakt: <a>denali@us.edu.pl<\/a><\/p>\n<hr \/>\n<p><strong>Ko\u0142o Naukowe \u201eAQUA\u201d<\/strong><br \/>\nOpiekun \u2013 dr Sabina Jak\u00f3bczyk-Karpierz<br \/>\nStrona www <a href=\"https:\/\/www.facebook.com\/Studenckie-Ko%C5%82o-Naukowe-Hydrogeolog%C3%B3w-Aqua-289031581118552\/\" target=\"_blank\" rel=\"noopener noreferrer\">https:\/\/www.facebook.com\/Studenckie-Ko%C5%82o-Naukowe-Hydrogeolog%C3%B3w-Aqua-289031581118552\/<\/a><br \/>\nKontakt: <a>sknaqua.wnoz@gmail.com<\/a><\/p>\n<hr \/>\n<p><strong>Ko\u0142o Naukowe Zr\u00f3wnowa\u017conego Rozwoju \u201eSaxum\u201d<\/strong><br \/>\nOpiekun \u2013 dr Jaros\u0142aw Badera<\/p>\n<\/div>\n<p>\n<\/div>\r\n                    <\/div>\r\n                <\/div>[\/vc_column][\/vc_row]<\/p>","protected":false},"excerpt":{"rendered":"<p>[vc_row el_class=&#8221;container&#8221;][vc_column][\/vc_column][\/vc_row][vc_row el_class=&#8221;container&#8221;][vc_column width=&#8221;1\/2&#8243; css=&#8221;.vc_custom_1581413924173{background-color: #f4f4f4 !important;}&#8221;][\/vc_column][vc_column width=&#8221;1\/2&#8243;][\/vc_column][\/vc_row][vc_row][vc_column][\/vc_column][\/vc_row][vc_row el_class=&#8221;container&#8221;][vc_column css=&#8221;.vc_custom_1581414582676{background-color: #f4f4f4 !important;}&#8221;][\/vc_column][\/vc_row] [&#8230;]<\/p>\n<p><a class=\"btn btn-secondary understrap-read-more-link\" href=\"https:\/\/us.edu.pl\/instytut\/inoz\/kola-naukowe\/\">Read More&#8230;<\/a><\/p>\n","protected":false},"author":115,"featured_media":0,"parent":0,"menu_order":0,"comment_status":"closed","ping_status":"closed","template":"","meta":{"_expiration-date-status":"saved","_expiration-date":0,"_expiration-date-type":"","_expiration-date-categories":[],"_expiration-date-options":[]},"acf":[],"_links":{"self":[{"href":"https:\/\/us.edu.pl\/instytut\/inoz\/wp-json\/wp\/v2\/pages\/1178"}],"collection":[{"href":"https:\/\/us.edu.pl\/instytut\/inoz\/wp-json\/wp\/v2\/pages"}],"about":[{"href":"https:\/\/us.edu.pl\/instytut\/inoz\/wp-json\/wp\/v2\/types\/page"}],"author":[{"embeddable":true,"href":"https:\/\/us.edu.pl\/instytut\/inoz\/wp-json\/wp\/v2\/users\/115"}],"replies":[{"embeddable":true,"href":"https:\/\/us.edu.pl\/instytut\/inoz\/wp-json\/wp\/v2\/comments?post=1178"}],"version-history":[{"count":39,"href":"https:\/\/us.edu.pl\/instytut\/inoz\/wp-json\/wp\/v2\/pages\/1178\/revisions"}],"predecessor-version":[{"id":4074,"href":"https:\/\/us.edu.pl\/instytut\/inoz\/wp-json\/wp\/v2\/pages\/1178\/revisions\/4074"}],"wp:attachment":[{"href":"https:\/\/us.edu.pl\/instytut\/inoz\/wp-json\/wp\/v2\/media?parent=1178"}],"curies":[{"name":"wp","href":"https:\/\/api.w.org\/{rel}","templated":true}]}}