{"id":4387,"date":"2021-09-13T10:56:55","date_gmt":"2021-09-13T08:56:55","guid":{"rendered":"https:\/\/us.edu.pl\/instytut\/inoz\/?page_id=4387"},"modified":"2021-09-13T14:14:46","modified_gmt":"2021-09-13T12:14:46","slug":"publiczne-obrony-doktoratow","status":"publish","type":"page","link":"https:\/\/us.edu.pl\/instytut\/inoz\/publiczne-obrony-doktoratow\/","title":{"rendered":"Publiczne obrony doktorat\u00f3w"},"content":{"rendered":"<p>[vc_row][vc_column]\n\t\t\t\t<input type=\"hidden\" name=\"promoted_only\" value=\"\">\n\t\t\t\t<input type=\"hidden\" name=\"order\" value=\"ASC\">\n\t\t\t\t<input type=\"hidden\" name=\"order_by\" value=\"post_date\">\n\n\t\t\t\t<div class=\"article-loop loop-section article-loop_tall color-blue\" style=\"background: \">\n\t\t\t\t\t <div class=\"container \">\n\t\t\t\t\t \t<div class=\"col-12 article-loop-gutter-left\">\n\t\t\t\t\t\t  <div class=\"article-loop-top loop-section-top\">\n\t\t\t\t\t\t\t\t<h2 class=\"section-title\">Publiczne obrony doktorat\u00f3w<\/h2><div class=\"article-loop-top_right loop-section-top__right\" >\n\t\t\t\t\t\t\t\t\t <select name=\"sort\" title = \"filter by category\"\n\t\t\t\t\t\t\t\t\t\t  class=\"article-loop-sort\" >\n\t\t\t\t\t\t\t\t\t\t  <option value = \"\" selected disabled > filtrowanie wed\u0142ug kategorii<\/option>\n\t\t\t\t\t\t\t\t\t\t  <option value = \"37-32\" > Wszystko<\/option> <option data-link='https:\/\/us.edu.pl\/instytut\/inoz\/category\/publiczneobrony\/' value='37-32'>Publiczne Obrony<\/option><\/select>    <a href = \"https:\/\/us.edu.pl\/instytut\/inoz\/wszystko?title=Publiczne+obrony+doktorat%C3%B3w&order=ASC&order_by=post_date&categories%5B0%5D=37-32\" class=\"link-button \" > Wszystko<\/a><\/div>  \n\t\t\t\t\t\t  <\/div>\n\t\t\t\t\t\t  <div class=\"article-loop-main carousel\" data-home-url=\"https:\/\/us.edu.pl\/instytut\/inoz\" >\n\t\t\t\t\t\t\t\t<a href = \"#\" data-slide = \"prev\" title=\"przesu\u0144 pasek Publiczne obrony doktorat\u00f3ww lewo\" class=\"arrow\" >\n\t\t\t\t\t\t\t\t\t <em class=\"ci ci-arrow-left\" ><\/em >\n\t\t\t\t\t\t\t\t\t <span class=\"d-none\" > arrow<\/span >\n\t\t\t\t\t\t\t\t<\/a>\n\t \n\t\t\t\t\t\t\t\t<a href = \"#\" data-slide = \"next\" title=\"przesu\u0144 pasek Publiczne obrony doktorat\u00f3w w prawo\" class=\"arrow\" >\n\t\t\t\t\t\t\t\t\t <em class=\"ci ci-arrow-right\" ><\/em >\n\t\t\t\t\t\t\t\t\t <span class=\"d-none\" > arrow<\/span >\n\t\t\t\t\t\t\t\t<\/a>\n\t\t\t\t\t\t\t\t<div class=\"row items\" >\n\t\t\t\t\t\t\t\t\t \r\n            <article class=\"article-loop-post carousel-slide\">\r\n                <a href=\"https:\/\/us.edu.pl\/instytut\/inoz\/2021\/09\/13\/czasowo-przestrzenna-charakterystyka-pozaru-zwalowisk-odpadow-po-eksploatacji-wegla-kamiennego\/\" class=\"article-loop-post__thumbnail thumbnail\"\r\n                    style=\"background-image: url(https:\/\/us.edu.pl\/instytut\/inoz\/wp-content\/uploads\/sites\/37\/NOTKI\/ObronaDoktoratu-600x600.jpg)\">\r\n                    <span>wi\u0119cej<\/span>\r\n                <\/a>\r\n\r\n                <div class=\"article-loop-post__content\">\r\n                    <h3 class=\"article-loop-post__title\">\r\n                        <a href=\"https:\/\/us.edu.pl\/instytut\/inoz\/2021\/09\/13\/czasowo-przestrzenna-charakterystyka-pozaru-zwalowisk-odpadow-po-eksploatacji-wegla-kamiennego\/\">23.09.2021 &#8211; Czasowo-przestrzenna charakterystyka po\u017caru zwa\u0142owisk odpad\u00f3w  po eksploatacji w\u0119gla kamiennego<\/a>\r\n                    <\/h3>\r\n            \r\n                    <div class=\"article-loop-post__categories\">\r\n                        <a href=\"https:\/\/us.edu.pl\/instytut\/inoz\/category\/publiczneobrony\/\">Publiczne Obrony<\/a>\r\n                    <\/div>    \r\n                <\/div>\r\n            <\/article>\r\n        \r\n            <article class=\"article-loop-post carousel-slide\">\r\n                <a href=\"https:\/\/us.edu.pl\/instytut\/inoz\/2021\/09\/13\/petrografia-i-chemia-stalych-zanieczyszczen-paliw-grillowych-wraz-z-opracowaniem-standardow-optycznych-do-ich-identyfikacji\/\" class=\"article-loop-post__thumbnail thumbnail\"\r\n                    style=\"background-image: url(https:\/\/us.edu.pl\/instytut\/inoz\/wp-content\/uploads\/sites\/37\/NOTKI\/ObronaDoktoratu-600x600.jpg)\">\r\n                    <span>wi\u0119cej<\/span>\r\n                <\/a>\r\n\r\n                <div class=\"article-loop-post__content\">\r\n                    <h3 class=\"article-loop-post__title\">\r\n                        <a href=\"https:\/\/us.edu.pl\/instytut\/inoz\/2021\/09\/13\/petrografia-i-chemia-stalych-zanieczyszczen-paliw-grillowych-wraz-z-opracowaniem-standardow-optycznych-do-ich-identyfikacji\/\">16.09.2021 &#8211; Petrografia i chemia sta\u0142ych zanieczyszcze\u0144 paliw grillowych wraz z opracowaniem standard\u00f3w optycznych do ich identyfikacji<\/a>\r\n                    <\/h3>\r\n            \r\n                    <div class=\"article-loop-post__categories\">\r\n                        <a href=\"https:\/\/us.edu.pl\/instytut\/inoz\/category\/publiczneobrony\/\">Publiczne Obrony<\/a>\r\n                    <\/div>    \r\n                <\/div>\r\n            <\/article>\r\n        \r\n            <article class=\"article-loop-post carousel-slide\">\r\n                <a href=\"https:\/\/us.edu.pl\/instytut\/inoz\/2021\/09\/13\/projekt-wysokowydajnej-energetycznie-mieszanki-pelletu-drzewnego-do-kotlow-malej-mocy-charakteryzujacej-sie-niska-emisja-zanieczyszczen\/\" class=\"article-loop-post__thumbnail thumbnail\"\r\n                    style=\"background-image: url(https:\/\/us.edu.pl\/instytut\/inoz\/wp-content\/uploads\/sites\/37\/NOTKI\/ObronaDoktoratu-600x600.jpg)\">\r\n                    <span>wi\u0119cej<\/span>\r\n                <\/a>\r\n\r\n                <div class=\"article-loop-post__content\">\r\n                    <h3 class=\"article-loop-post__title\">\r\n                        <a href=\"https:\/\/us.edu.pl\/instytut\/inoz\/2021\/09\/13\/projekt-wysokowydajnej-energetycznie-mieszanki-pelletu-drzewnego-do-kotlow-malej-mocy-charakteryzujacej-sie-niska-emisja-zanieczyszczen\/\">15.09.2021 &#8211; Projekt wysokowydajnej energetycznie mieszanki pelletu drzewnego do kot\u0142\u00f3w ma\u0142ej mocy charakteryzuj\u0105cej si\u0119 nisk\u0105 emisj\u0105 zanieczyszcze\u0144<\/a>\r\n                    <\/h3>\r\n            \r\n                    <div class=\"article-loop-post__categories\">\r\n                        <a href=\"https:\/\/us.edu.pl\/instytut\/inoz\/category\/publiczneobrony\/\">Publiczne Obrony<\/a>\r\n                    <\/div>    \r\n                <\/div>\r\n            <\/article>\r\n        \r\n            <article class=\"article-loop-post carousel-slide\">\r\n                <a href=\"https:\/\/us.edu.pl\/instytut\/inoz\/2021\/09\/13\/system-identyfikacji-domieszek-i-dodatkow-w-materialach-opalowych-oraz-odpadach-powstalych-w-wyniku-ich-spalania\/\" class=\"article-loop-post__thumbnail thumbnail\"\r\n                    style=\"background-image: url(https:\/\/us.edu.pl\/instytut\/inoz\/wp-content\/uploads\/sites\/37\/NOTKI\/ObronaDoktoratu-600x600.jpg)\">\r\n                    <span>wi\u0119cej<\/span>\r\n                <\/a>\r\n\r\n                <div class=\"article-loop-post__content\">\r\n                    <h3 class=\"article-loop-post__title\">\r\n                        <a href=\"https:\/\/us.edu.pl\/instytut\/inoz\/2021\/09\/13\/system-identyfikacji-domieszek-i-dodatkow-w-materialach-opalowych-oraz-odpadach-powstalych-w-wyniku-ich-spalania\/\">15.09.2021 &#8211; System identyfikacji domieszek i dodatk\u00f3w w materia\u0142ach opa\u0142owych oraz odpadach powsta\u0142ych w wyniku ich spalania<\/a>\r\n                    <\/h3>\r\n            \r\n                    <div class=\"article-loop-post__categories\">\r\n                        <a href=\"https:\/\/us.edu.pl\/instytut\/inoz\/category\/publiczneobrony\/\">Publiczne Obrony<\/a>\r\n                    <\/div>    \r\n                <\/div>\r\n            <\/article>\r\n        \n\t\t\t\t\t\t\t\t<\/div>\n\t\t\t\t\t\t  <\/div>\n\t\t\t\t\t <\/div>\n\t\t\t\t\t <\/div>\n\t\t\t\t<\/div>[\/vc_column][\/vc_row]<\/p>","protected":false},"excerpt":{"rendered":"<p>[vc_row][vc_column][\/vc_column][\/vc_row] [&#8230;]<\/p>\n<p><a class=\"btn btn-secondary understrap-read-more-link\" href=\"https:\/\/us.edu.pl\/instytut\/inoz\/2021\/09\/13\/system-identyfikacji-domieszek-i-dodatkow-w-materialach-opalowych-oraz-odpadach-powstalych-w-wyniku-ich-spalania\/\">Read More&#8230;<\/a><\/p>\n","protected":false},"author":192,"featured_media":0,"parent":0,"menu_order":0,"comment_status":"closed","ping_status":"closed","template":"","meta":{"_expiration-date-status":"saved","_expiration-date":0,"_expiration-date-type":"","_expiration-date-categories":[],"_expiration-date-options":[]},"acf":[],"_links":{"self":[{"href":"https:\/\/us.edu.pl\/instytut\/inoz\/wp-json\/wp\/v2\/pages\/4387"}],"collection":[{"href":"https:\/\/us.edu.pl\/instytut\/inoz\/wp-json\/wp\/v2\/pages"}],"about":[{"href":"https:\/\/us.edu.pl\/instytut\/inoz\/wp-json\/wp\/v2\/types\/page"}],"author":[{"embeddable":true,"href":"https:\/\/us.edu.pl\/instytut\/inoz\/wp-json\/wp\/v2\/users\/192"}],"replies":[{"embeddable":true,"href":"https:\/\/us.edu.pl\/instytut\/inoz\/wp-json\/wp\/v2\/comments?post=4387"}],"version-history":[{"count":6,"href":"https:\/\/us.edu.pl\/instytut\/inoz\/wp-json\/wp\/v2\/pages\/4387\/revisions"}],"predecessor-version":[{"id":4423,"href":"https:\/\/us.edu.pl\/instytut\/inoz\/wp-json\/wp\/v2\/pages\/4387\/revisions\/4423"}],"wp:attachment":[{"href":"https:\/\/us.edu.pl\/instytut\/inoz\/wp-json\/wp\/v2\/media?parent=4387"}],"curies":[{"name":"wp","href":"https:\/\/api.w.org\/{rel}","templated":true}]}}