{"id":4932,"date":"2022-11-24T13:31:59","date_gmt":"2022-11-24T12:31:59","guid":{"rendered":"https:\/\/us.edu.pl\/instytut\/inoz\/?page_id=4932"},"modified":"2026-01-28T11:44:31","modified_gmt":"2026-01-28T10:44:31","slug":"zalaczniki-rada-instytutu","status":"publish","type":"page","link":"https:\/\/us.edu.pl\/instytut\/inoz\/instytut\/zalaczniki-rada-instytutu\/","title":{"rendered":"dokumenty rada instytutu"},"content":{"rendered":"<p>[vc_row el_class=&#8221;container&#8221;][vc_column]\r\n                <div class=\"text-modules\">\r\n                    <div class=\"container\">\r\n                        \r\n                        <div class=\"text-modules__content\"><\/p>\n<h3>Dokumenty<\/h3>\n<p><!--class=\"angle-list\"--><\/p>\n<ul>\n<li><a href=\"http:\/\/us.edu.pl\/instytut\/inoz\/wp-content\/uploads\/sites\/37\/druki\/Regulamin_obrad_INoZ.pdf\" class=\"mtli_attachment mtli_pdf\" data-mtli=\"mtli_filesize309,88kB\" class=\"mtli_attachment mtli_pdf\" data-mtli=\"mtli_filesize309,88kB\">regulamin obrad Rady Naukowej INoZ<\/a><\/li>\n<li><a href=\"https:\/\/us.edu.pl\/instytut\/inoz\/komunikaty\/posiedzenie-rady-naukowej-instytutu-nauk-o-ziemi\/\">harmonogram posiedze\u0144 Rady Naukowej INoZ<\/a><\/li>\n<li><a href=\"http:\/\/us.edu.pl\/instytut\/inoz\/wp-content\/uploads\/sites\/37\/druki\/INoZ_wytyczne_zespo%C5%82y-badawcze.pdf\" class=\"mtli_attachment mtli_pdf\" class=\"mtli_attachment mtli_pdf\">wytyczne &#8211; (zespo\u0142y badawcze)<\/a><\/li>\n<li><a href=\"http:\/\/us.edu.pl\/instytut\/inoz\/wp-content\/uploads\/sites\/37\/2020\/01\/Uchwa%C5%82a_RNINoZ_zasady-wyr%C3%B3%C5%BCniania-prac-doktorskich.pdf\" class=\"mtli_attachment mtli_pdf\" class=\"mtli_attachment mtli_pdf\">Uchwa\u0142a Rady Instytutu w sprawie zasad wyr\u00f3\u017cniania prac doktorskich<\/a><\/li>\n<li><a href=\"https:\/\/us.edu.pl\/instytut\/inoz\/wp-content\/uploads\/sites\/37\/druki\/DofinansowaniePublikacji_RezerwaDyrINoZ.pdf\" class=\"mtli_attachment mtli_pdf\" data-mtli=\"mtli_filesize168,98kB\" class=\"mtli_attachment mtli_pdf\" data-mtli=\"mtli_filesize168,98kB\">Dofinansowanie publikacji z rezerwy Dyrektora INoZ<\/a><\/li>\n<li><a href=\"https:\/\/us.edu.pl\/instytut\/inoz\/wp-content\/uploads\/sites\/37\/Nieprzypisane\/Polityka-Naukowa-INoZ-uchwala-skan.pdf\" class=\"mtli_attachment mtli_pdf\" data-mtli=\"mtli_filesize188,38kB\" class=\"mtli_attachment mtli_pdf\" data-mtli=\"mtli_filesize188,38kB\">Polityka Naukowa INoZ-uchwa\u0142a<\/a><\/li>\n<li><a href=\"https:\/\/us.edu.pl\/instytut\/inoz\/wp-content\/uploads\/sites\/37\/Nieprzypisane\/Polityka-Naukowa-INoZ-zalacznik-skan.pdf\" class=\"mtli_attachment mtli_pdf\" data-mtli=\"mtli_filesize1,44MB\" class=\"mtli_attachment mtli_pdf\" data-mtli=\"mtli_filesize1,44MB\">Polityka Naukowa INoZ-za\u0142\u0105cznik<\/a><\/li>\n<li><a href=\"https:\/\/us.edu.pl\/instytut\/inoz\/wp-content\/uploads\/sites\/37\/2020\/01\/Uchwala-zasady-prezentacji-rozpraw-dr.pdf\" class=\"mtli_attachment mtli_pdf\" data-mtli=\"mtli_filesize337,40kB\" class=\"mtli_attachment mtli_pdf\" data-mtli=\"mtli_filesize337,40kB\" target=\"_blank\" rel=\"noopener noreferrer\">Uchwa\u0142a nr 31 w sprawie zatwierdzenia zasad prezentacji tez rozpraw doktorskich przez doktorant\u00f3w INoZ, kt\u00f3rzy rozpocz\u0119li studia doktoranckie przed rokiem akademickim 2019\/2020<\/a><\/li>\n<li><a href=\"https:\/\/us.edu.pl\/instytut\/inoz\/wp-content\/uploads\/sites\/37\/2020\/01\/Uchwala_nr_45_Kryteria_Nagrody_Rektora.pdf\" class=\"mtli_attachment mtli_pdf\" data-mtli=\"mtli_filesize259,19kB\" class=\"mtli_attachment mtli_pdf\" data-mtli=\"mtli_filesize259,19kB\" target=\"_blank\" rel=\"noopener noreferrer\">Uchwa\u0142a nr 45 Kryteria Nagrody Rektora<\/a>\n<ul>\n<li><a href=\"https:\/\/us.edu.pl\/instytut\/inoz\/wp-content\/uploads\/sites\/37\/2020\/01\/Zalacznik_do_uchwaly_nr_45_Kryteria_przyznawania_Nagrod_Rektora.pdf\" class=\"mtli_attachment mtli_pdf\" data-mtli=\"mtli_filesize1,26MB\" class=\"mtli_attachment mtli_pdf\" data-mtli=\"mtli_filesize1,26MB\" target=\"_blank\" rel=\"noopener noreferrer\">Za\u0142\u0105cznik do Uchwa\u0142y nr 45 Kryteria Nagrody Rektora<\/a><\/li>\n<\/ul>\n<\/li>\n<li><a href=\"https:\/\/us.edu.pl\/instytut\/inoz\/wp-content\/uploads\/sites\/37\/druki\/U93_Zespoly_badawcze.pdf\" class=\"mtli_attachment mtli_pdf\" data-mtli=\"mtli_filesize567,00kB\" class=\"mtli_attachment mtli_pdf\" data-mtli=\"mtli_filesize567,00kB\" target=\"_blank\" rel=\"noopener noreferrer\">Zasady funkcjonowania i ewaluacji zespo\u0142\u00f3w badawczych<\/a>\n<ul>\n<li><a href=\"https:\/\/us.edu.pl\/instytut\/inoz\/wp-content\/uploads\/sites\/37\/druki\/U93_Zespoly_badawcze_Zal_nr_1.pdf\" class=\"mtli_attachment mtli_pdf\" data-mtli=\"mtli_filesize4,14MB\" class=\"mtli_attachment mtli_pdf\" data-mtli=\"mtli_filesize4,14MB\" target=\"_blank\" rel=\"noopener noreferrer\">Za\u0142\u0105cznik nr 1 do Zasad funkcjonowania i ewaluacji zespo\u0142\u00f3w badawczych<\/a><\/li>\n<\/ul>\n<\/li>\n<li><a href=\"https:\/\/us.edu.pl\/instytut\/inoz\/wp-content\/uploads\/sites\/37\/Akty_prawne\/Zespoly_Badawcze_Uchwala_103.pdf\" class=\"mtli_attachment mtli_pdf\" data-mtli=\"mtli_filesize944,02kB\" class=\"mtli_attachment mtli_pdf\" data-mtli=\"mtli_filesize944,02kB\" target=\"_blank\" rel=\"noopener noreferrer\">Zespo\u0142y Badawcze Uchwa\u0142a 103<\/a>\n<ul>\n<li><a href=\"https:\/\/us.edu.pl\/instytut\/inoz\/wp-content\/uploads\/sites\/37\/Akty_prawne\/ZB-zalacznik_do_uchwaly_103-wzor_wniosku.pdf\" class=\"mtli_attachment mtli_pdf\" data-mtli=\"mtli_filesize1,03MB\" class=\"mtli_attachment mtli_pdf\" data-mtli=\"mtli_filesize1,03MB\" target=\"_blank\" rel=\"noopener noreferrer\">Za\u0142\u0105cznik do uchwa\u0142y 103 &#8211; wz\u00f3r wniosku<\/a><\/li>\n<\/ul>\n<\/li>\n<li><a href=\"https:\/\/us.edu.pl\/instytut\/inoz\/wp-content\/uploads\/sites\/37\/Akty_prawne\/Uchwala_2-2026r-ZB.pdf\" class=\"mtli_attachment mtli_pdf\" data-mtli=\"mtli_filesize872,03kB\" class=\"mtli_attachment mtli_pdf\" data-mtli=\"mtli_filesize872,03kB\" target=\"_blank\" rel=\"noopener noreferrer\">Zespo\u0142y Badawcze Uchwa\u0142a 2\/2026<\/a>\n<ul>\n<li><a href=\"https:\/\/us.edu.pl\/instytut\/inoz\/wp-content\/uploads\/sites\/37\/Akty_prawne\/Zalacznik_do_uchwaly_nr_2-2026r-ZB_wzor_wniosku.pdf\" class=\"mtli_attachment mtli_pdf\" data-mtli=\"mtli_filesize1,08MB\" class=\"mtli_attachment mtli_pdf\" data-mtli=\"mtli_filesize1,08MB\" target=\"_blank\" rel=\"noopener noreferrer\">Za\u0142\u0105cznik do uchwa\u0142y 2\/2026 &#8211; wz\u00f3r wniosku<\/a><\/li>\n<\/ul>\n<\/li>\n<\/ul>\n<p>\n<style type=\"text\/css\">a[data-mtli~=\"mtli_filesize309,88kB\"]:after {content:\" (309,88 kB)\"}a[data-mtli~=\"mtli_filesize168,98kB\"]:after {content:\" (168,98 kB)\"}a[data-mtli~=\"mtli_filesize188,38kB\"]:after {content:\" (188,38 kB)\"}a[data-mtli~=\"mtli_filesize1,44MB\"]:after {content:\" (1,44 MB)\"}a[data-mtli~=\"mtli_filesize337,40kB\"]:after {content:\" (337,40 kB)\"}a[data-mtli~=\"mtli_filesize259,19kB\"]:after {content:\" (259,19 kB)\"}a[data-mtli~=\"mtli_filesize1,26MB\"]:after {content:\" (1,26 MB)\"}a[data-mtli~=\"mtli_filesize567,00kB\"]:after {content:\" (567,00 kB)\"}a[data-mtli~=\"mtli_filesize4,14MB\"]:after {content:\" (4,14 MB)\"}a[data-mtli~=\"mtli_filesize944,02kB\"]:after {content:\" (944,02 kB)\"}a[data-mtli~=\"mtli_filesize1,03MB\"]:after {content:\" (1,03 MB)\"}a[data-mtli~=\"mtli_filesize872,03kB\"]:after {content:\" (872,03 kB)\"}a[data-mtli~=\"mtli_filesize1,08MB\"]:after {content:\" (1,08 MB)\"}<\/style><\/div>\r\n                    <\/div>\r\n                <\/div>[\/vc_column][\/vc_row]<\/p>\n<style type=\"text\/css\">a[data-mtli~=\"mtli_filesize309,88kB\"]:after {content:\" (309,88 kB)\"}a[data-mtli~=\"mtli_filesize168,98kB\"]:after {content:\" (168,98 kB)\"}a[data-mtli~=\"mtli_filesize188,38kB\"]:after {content:\" (188,38 kB)\"}a[data-mtli~=\"mtli_filesize1,44MB\"]:after {content:\" (1,44 MB)\"}a[data-mtli~=\"mtli_filesize337,40kB\"]:after {content:\" (337,40 kB)\"}a[data-mtli~=\"mtli_filesize259,19kB\"]:after {content:\" (259,19 kB)\"}a[data-mtli~=\"mtli_filesize1,26MB\"]:after {content:\" (1,26 MB)\"}a[data-mtli~=\"mtli_filesize567,00kB\"]:after {content:\" (567,00 kB)\"}a[data-mtli~=\"mtli_filesize4,14MB\"]:after {content:\" (4,14 MB)\"}a[data-mtli~=\"mtli_filesize944,02kB\"]:after {content:\" (944,02 kB)\"}a[data-mtli~=\"mtli_filesize1,03MB\"]:after {content:\" (1,03 MB)\"}a[data-mtli~=\"mtli_filesize872,03kB\"]:after {content:\" (872,03 kB)\"}a[data-mtli~=\"mtli_filesize1,08MB\"]:after {content:\" (1,08 MB)\"}<\/style>","protected":false},"excerpt":{"rendered":"<p>[vc_row el_class=&#8221;container&#8221;][vc_column][\/vc_column][\/vc_row] [&#8230;]<\/p>\n<p><a class=\"btn btn-secondary understrap-read-more-link\" href=\"https:\/\/us.edu.pl\/instytut\/inoz\/instytut\/zalaczniki-rada-instytutu\/\">Read More&#8230;<\/a><\/p>\n","protected":false},"author":192,"featured_media":0,"parent":193,"menu_order":0,"comment_status":"closed","ping_status":"closed","template":"","meta":{"_expiration-date-status":"","_expiration-date":0,"_expiration-date-type":"","_expiration-date-categories":[],"_expiration-date-options":[]},"acf":[],"_links":{"self":[{"href":"https:\/\/us.edu.pl\/instytut\/inoz\/wp-json\/wp\/v2\/pages\/4932"}],"collection":[{"href":"https:\/\/us.edu.pl\/instytut\/inoz\/wp-json\/wp\/v2\/pages"}],"about":[{"href":"https:\/\/us.edu.pl\/instytut\/inoz\/wp-json\/wp\/v2\/types\/page"}],"author":[{"embeddable":true,"href":"https:\/\/us.edu.pl\/instytut\/inoz\/wp-json\/wp\/v2\/users\/192"}],"replies":[{"embeddable":true,"href":"https:\/\/us.edu.pl\/instytut\/inoz\/wp-json\/wp\/v2\/comments?post=4932"}],"version-history":[{"count":10,"href":"https:\/\/us.edu.pl\/instytut\/inoz\/wp-json\/wp\/v2\/pages\/4932\/revisions"}],"predecessor-version":[{"id":7083,"href":"https:\/\/us.edu.pl\/instytut\/inoz\/wp-json\/wp\/v2\/pages\/4932\/revisions\/7083"}],"up":[{"embeddable":true,"href":"https:\/\/us.edu.pl\/instytut\/inoz\/wp-json\/wp\/v2\/pages\/193"}],"wp:attachment":[{"href":"https:\/\/us.edu.pl\/instytut\/inoz\/wp-json\/wp\/v2\/media?parent=4932"}],"curies":[{"name":"wp","href":"https:\/\/api.w.org\/{rel}","templated":true}]}}