{"id":4954,"date":"2022-11-24T14:58:44","date_gmt":"2022-11-24T13:58:44","guid":{"rendered":"https:\/\/us.edu.pl\/instytut\/inoz\/?page_id=4954"},"modified":"2022-11-24T14:58:44","modified_gmt":"2022-11-24T13:58:44","slug":"dla-pracownika-przydatne-linki","status":"publish","type":"page","link":"https:\/\/us.edu.pl\/instytut\/inoz\/dla-pracownika-przydatne-linki\/","title":{"rendered":"Przydatne linki"},"content":{"rendered":"<p>[vc_row el_class=&#8221;container&#8221;][vc_column][vc_column_text]<strong>Przydatne linki:<\/strong><\/p>\n<ul>\n<li>Rada Doskona\u0142o\u015bci Naukowej:\n<ul>\n<li><a href=\"https:\/\/www.rdn.gov.pl\/\">https:\/\/www.rdn.gov.pl\/<\/a><\/li>\n<\/ul>\n<\/li>\n<\/ul>\n<ul>\n<li>Strona U\u015a \u2013 pracownik:\n<ul>\n<li><a href=\"https:\/\/us.edu.pl\/pracownik\/\">https:\/\/us.edu.pl\/pracownik\/<\/a><\/li>\n<\/ul>\n<\/li>\n<\/ul>\n<ul>\n<li>Mi\u0119dzynarodowa \u015arodowiskowa Szko\u0142a Doktorska:\n<ul>\n<li><a href=\"https:\/\/www.mssd.us.edu.pl\/\">https:\/\/www.mssd.us.edu.pl\/<\/a><\/li>\n<\/ul>\n<\/li>\n<\/ul>\n<ul>\n<li>Szko\u0142a Doktorska U\u015a:\n<ul>\n<li><a href=\"https:\/\/us.edu.pl\/szkola-doktorska\">https:\/\/us.edu.pl\/szkola-doktorska<\/a><\/li>\n<\/ul>\n<\/li>\n<\/ul>\n<ul>\n<li>Serwis dla doktorant\u00f3w, kt\u00f3rzy rozpocz\u0119li studia doktoranckie przed 1 pa\u017adziernika 2019 r.\n<ul>\n<li><a href=\"https:\/\/us.edu.pl\/doktorant\/studia-doktoranckie-rozpoczete-przed-1-pazdziernika-2019-r\/\">https:\/\/us.edu.pl\/doktorant\/studia-doktoranckie-rozpoczete-przed-1-pazdziernika-2019-r\/<\/a><\/li>\n<\/ul>\n<\/li>\n<\/ul>\n<p>[\/vc_column_text][\/vc_column][\/vc_row]<\/p>","protected":false},"excerpt":{"rendered":"<p>[vc_row el_class=&#8221;container&#8221;][vc_column][vc_column_text]Przydatne linki: Rada Doskona\u0142o\u015bci Naukowej: https:\/\/www.rdn.gov.pl\/ Strona U\u015a \u2013 pracownik: https:\/\/us.edu.pl\/pracownik\/ Mi\u0119dzynarodowa \u015arodowiskowa Szko\u0142a Doktorska: https:\/\/www.mssd.us.edu.pl\/ Szko\u0142a Doktorska U\u015a: https:\/\/us.edu.pl\/szkola-doktorska Serwis dla doktorant\u00f3w, kt\u00f3rzy rozpocz\u0119li studia doktoranckie przed 1 pa\u017adziernika 2019 r. https:\/\/us.edu.pl\/doktorant\/studia-doktoranckie-rozpoczete-przed-1-pazdziernika-2019-r\/ [\/vc_column_text][\/vc_column][\/vc_row] [&#8230;]<\/p>\n<p><a class=\"btn btn-secondary understrap-read-more-link\" href=\"https:\/\/us.edu.pl\/instytut\/inoz\/dla-pracownika-przydatne-linki\/\">Read More&#8230;<\/a><\/p>\n","protected":false},"author":192,"featured_media":0,"parent":0,"menu_order":0,"comment_status":"closed","ping_status":"closed","template":"","meta":{"_expiration-date-status":"","_expiration-date":0,"_expiration-date-type":"","_expiration-date-categories":[],"_expiration-date-options":[]},"acf":[],"_links":{"self":[{"href":"https:\/\/us.edu.pl\/instytut\/inoz\/wp-json\/wp\/v2\/pages\/4954"}],"collection":[{"href":"https:\/\/us.edu.pl\/instytut\/inoz\/wp-json\/wp\/v2\/pages"}],"about":[{"href":"https:\/\/us.edu.pl\/instytut\/inoz\/wp-json\/wp\/v2\/types\/page"}],"author":[{"embeddable":true,"href":"https:\/\/us.edu.pl\/instytut\/inoz\/wp-json\/wp\/v2\/users\/192"}],"replies":[{"embeddable":true,"href":"https:\/\/us.edu.pl\/instytut\/inoz\/wp-json\/wp\/v2\/comments?post=4954"}],"version-history":[{"count":1,"href":"https:\/\/us.edu.pl\/instytut\/inoz\/wp-json\/wp\/v2\/pages\/4954\/revisions"}],"predecessor-version":[{"id":4957,"href":"https:\/\/us.edu.pl\/instytut\/inoz\/wp-json\/wp\/v2\/pages\/4954\/revisions\/4957"}],"wp:attachment":[{"href":"https:\/\/us.edu.pl\/instytut\/inoz\/wp-json\/wp\/v2\/media?parent=4954"}],"curies":[{"name":"wp","href":"https:\/\/api.w.org\/{rel}","templated":true}]}}