{"id":808,"date":"2020-01-03T11:13:12","date_gmt":"2020-01-03T10:13:12","guid":{"rendered":"http:\/\/us.edu.pl\/instytut\/inp\/?page_id=808"},"modified":"2024-04-04T19:04:30","modified_gmt":"2024-04-04T17:04:30","slug":"nasze-sukcesy","status":"publish","type":"page","link":"https:\/\/us.edu.pl\/instytut\/inp\/en\/nasze-sukcesy\/","title":{"rendered":"Our successes"},"content":{"rendered":"<p>[vc_row][vc_column]\r\n                <div class=\"text-modules\">\r\n                    <div class=\"container\">\r\n                        <h3 class=\"page-title text__title\">Nasze sukcesy<\/h3>\r\n                        <div class=\"text-modules__content\"><p><span style=\"font-size: 11.0pt; font-family: 'Verdana',sans-serif; color: #1c1e21; background: white;\">Czasopismo <b>Political Preferences<\/b> zosta\u0142o oficjalnym pismem <\/span><b><span style=\"font-size: 11.0pt; font-family: 'Verdana',sans-serif;\">Central European Political Science Association <\/span><\/b><span style=\"font-size: 11.0pt; font-family: 'Verdana',sans-serif; color: #1c1e21; background: white;\">(CEPSA) &#8211; najwi\u0119kszego \u015brodkowoeuropejskiego stowarzyszenia zrzeszaj\u0105cego badaczy nauk politycznych! <\/span><\/p>\n<\/div>\r\n                    <\/div>\r\n                <\/div>[\/vc_column][\/vc_row][vc_row][vc_column]\r\n                <div class=\"text-modules\">\r\n                    <div class=\"container\">\r\n                        \r\n                        <div class=\"text-modules__content\"><p><b><span style=\"font-size: 11.0pt; font-family: 'Verdana',sans-serif;\">Dr hab. Agnieszka Turska-Kawa, prof. U\u015a<\/span><\/b><span style=\"font-size: 11.0pt; font-family: 'Verdana',sans-serif;\"> otrzyma\u0142a stypendium Ministra Nauki i Szkolnictwa Wy\u017cszego dla Wybitnych M\u0142odych Naukowc\u00f3w (2018-2019).<\/span><\/p>\n<\/div>\r\n                    <\/div>\r\n                <\/div>[\/vc_column][\/vc_row][vc_row][vc_column]\r\n                <div class=\"text-modules\">\r\n                    <div class=\"container\">\r\n                        \r\n                        <div class=\"text-modules__content\"><p><b><span style=\"font-size: 11.0pt; font-family: 'Verdana',sans-serif;\">Dr hab. Miron Lakomy, prof. U\u015a<\/span><\/b><span style=\"font-size: 11.0pt; font-family: 'Verdana',sans-serif;\"> otrzyma\u0142 Stypendium naukowe Corbridge Trust ufundowane przez University of Cambridge &#8211; 2018 r. Pobyt i badania w Cambridge Cybercrime Centre, University of Cambridge w dniach 11-17.07.2018.<\/span><\/p>\n<\/div>\r\n                    <\/div>\r\n                <\/div>[\/vc_column][\/vc_row][vc_row][vc_column]\r\n                <div class=\"text-modules\">\r\n                    <div class=\"container\">\r\n                        \r\n                        <div class=\"text-modules__content\"><p><b><span style=\"font-size: 11.0pt; font-family: 'Verdana',sans-serif;\">Dr hab. Waldemar Wojtasik, prof. U\u015a<\/span><\/b><span style=\"font-size: 11.0pt; font-family: 'Verdana',sans-serif;\"> zosta\u0142 cz\u0142onkiem mi\u0119dzynarodowego programu badawczego Universit\u00e4t Konstanz and\u00a0 University of Bern w badaniu Expert Survey on Ethnonationalism in Party Competition, Part I and II.<\/span><\/p>\n<\/div>\r\n                    <\/div>\r\n                <\/div>[\/vc_column][\/vc_row][vc_row][vc_column]\r\n                <div class=\"text-modules\">\r\n                    <div class=\"container\">\r\n                        \r\n                        <div class=\"text-modules__content\"><p><b><span style=\"font-size: 11.0pt; font-family: 'Verdana',sans-serif;\">Dr hab. Rafa\u0142 Glajcar, prof. U\u015a<\/span><\/b><span style=\"font-size: 11.0pt; font-family: 'Verdana',sans-serif;\"> otrzyma\u0142 I Nagroda za najlepsz\u0105 prac\u0119 habilitacyjn\u0105 z zakresu problematyki parlamentarnej w konkursie \u201ePrzegl\u0105du Sejmowego\u201d \u2013 2017 rok<\/span><\/p>\n<\/div>\r\n                    <\/div>\r\n                <\/div>[\/vc_column][\/vc_row][vc_row][vc_column]\r\n                <div class=\"text-modules\">\r\n                    <div class=\"container\">\r\n                        \r\n                        <div class=\"text-modules__content\"><p><b><span style=\"font-size: 11.0pt; font-family: 'Verdana',sans-serif;\">Dr Maciej Marmola<\/span><\/b><span style=\"font-size: 11.0pt; font-family: 'Verdana',sans-serif;\"> otrzyma\u0142 wyr\u00f3\u017cnienie Marsza\u0142ka Wojew\u00f3dztwa \u015al\u0105skiego za Wydarzenie Muzealne Roku 2017 (kategoria: dokonania z zakresu inicjatyw edukacyjnych oraz popularyzacji dziedzictwa kulturowego za projekt Filmowa Encyklopedia Powsta\u0144 \u015al\u0105skich. Seria II.<\/span><\/p>\n<\/div>\r\n                    <\/div>\r\n                <\/div>[\/vc_column][\/vc_row]<\/p>","protected":false},"excerpt":{"rendered":"<p>[vc_row][vc_column][\/vc_column][\/vc_row][vc_row][vc_column][\/vc_column][\/vc_row][vc_row][vc_column][\/vc_column][\/vc_row][vc_row][vc_column][\/vc_column][\/vc_row][vc_row][vc_column][\/vc_column][\/vc_row][vc_row][vc_column][\/vc_column][\/vc_row] [&#8230;]<\/p>\n<p><a class=\"btn btn-secondary understrap-read-more-link\" href=\"https:\/\/us.edu.pl\/instytut\/inp\/en\/nasze-sukcesy\/\">Read More&#8230;<\/a><\/p>\n","protected":false},"author":141,"featured_media":0,"parent":0,"menu_order":0,"comment_status":"closed","ping_status":"closed","template":"page-templates\/page-with-sidebar.php","meta":{"_expiration-date-status":"","_expiration-date":0,"_expiration-date-type":"","_expiration-date-categories":[],"_expiration-date-options":[]},"acf":[],"_links":{"self":[{"href":"https:\/\/us.edu.pl\/instytut\/inp\/en\/wp-json\/wp\/v2\/pages\/808"}],"collection":[{"href":"https:\/\/us.edu.pl\/instytut\/inp\/en\/wp-json\/wp\/v2\/pages"}],"about":[{"href":"https:\/\/us.edu.pl\/instytut\/inp\/en\/wp-json\/wp\/v2\/types\/page"}],"author":[{"embeddable":true,"href":"https:\/\/us.edu.pl\/instytut\/inp\/en\/wp-json\/wp\/v2\/users\/141"}],"replies":[{"embeddable":true,"href":"https:\/\/us.edu.pl\/instytut\/inp\/en\/wp-json\/wp\/v2\/comments?post=808"}],"version-history":[{"count":10,"href":"https:\/\/us.edu.pl\/instytut\/inp\/en\/wp-json\/wp\/v2\/pages\/808\/revisions"}],"predecessor-version":[{"id":5801,"href":"https:\/\/us.edu.pl\/instytut\/inp\/en\/wp-json\/wp\/v2\/pages\/808\/revisions\/5801"}],"wp:attachment":[{"href":"https:\/\/us.edu.pl\/instytut\/inp\/en\/wp-json\/wp\/v2\/media?parent=808"}],"curies":[{"name":"wp","href":"https:\/\/api.w.org\/{rel}","templated":true}]}}

<p>[vc_row][vc_column]
                <div class="text-modules">
                    <div class="container">
                        <h3 class="page-title text__title">Nasze sukcesy</h3>
                        <div class="text-modules__content"><p><span style="font-size: 11.0pt; font-family: 'Verdana',sans-serif; color: #1c1e21; background: white;">Czasopismo <b>Political Preferences</b> zostało oficjalnym pismem </span><b><span style="font-size: 11.0pt; font-family: 'Verdana',sans-serif;">Central European Political Science Association </span></b><span style="font-size: 11.0pt; font-family: 'Verdana',sans-serif; color: #1c1e21; background: white;">(CEPSA) &#8211; największego środkowoeuropejskiego stowarzyszenia zrzeszającego badaczy nauk politycznych! </span></p>
</div>
                    </div>
                </div>[/vc_column][/vc_row][vc_row][vc_column]
                <div class="text-modules">
                    <div class="container">
                        
                        <div class="text-modules__content"><p><b><span style="font-size: 11.0pt; font-family: 'Verdana',sans-serif;">Dr hab. Agnieszka Turska-Kawa, prof. UŚ</span></b><span style="font-size: 11.0pt; font-family: 'Verdana',sans-serif;"> otrzymała stypendium Ministra Nauki i Szkolnictwa Wyższego dla Wybitnych Młodych Naukowców (2018-2019).</span></p>
</div>
                    </div>
                </div>[/vc_column][/vc_row][vc_row][vc_column]
                <div class="text-modules">
                    <div class="container">
                        
                        <div class="text-modules__content"><p><b><span style="font-size: 11.0pt; font-family: 'Verdana',sans-serif;">Dr hab. Miron Lakomy, prof. UŚ</span></b><span style="font-size: 11.0pt; font-family: 'Verdana',sans-serif;"> otrzymał Stypendium naukowe Corbridge Trust ufundowane przez University of Cambridge &#8211; 2018 r. Pobyt i badania w Cambridge Cybercrime Centre, University of Cambridge w dniach 11-17.07.2018.</span></p>
</div>
                    </div>
                </div>[/vc_column][/vc_row][vc_row][vc_column]
                <div class="text-modules">
                    <div class="container">
                        
                        <div class="text-modules__content"><p><b><span style="font-size: 11.0pt; font-family: 'Verdana',sans-serif;">Dr hab. Waldemar Wojtasik, prof. UŚ</span></b><span style="font-size: 11.0pt; font-family: 'Verdana',sans-serif;"> został członkiem międzynarodowego programu badawczego Universität Konstanz and  University of Bern w badaniu Expert Survey on Ethnonationalism in Party Competition, Part I and II.</span></p>
</div>
                    </div>
                </div>[/vc_column][/vc_row][vc_row][vc_column]
                <div class="text-modules">
                    <div class="container">
                        
                        <div class="text-modules__content"><p><b><span style="font-size: 11.0pt; font-family: 'Verdana',sans-serif;">Dr hab. Rafał Glajcar, prof. UŚ</span></b><span style="font-size: 11.0pt; font-family: 'Verdana',sans-serif;"> otrzymał I Nagroda za najlepszą pracę habilitacyjną z zakresu problematyki parlamentarnej w konkursie „Przeglądu Sejmowego” – 2017 rok</span></p>
</div>
                    </div>
                </div>[/vc_column][/vc_row][vc_row][vc_column]
                <div class="text-modules">
                    <div class="container">
                        
                        <div class="text-modules__content"><p><b><span style="font-size: 11.0pt; font-family: 'Verdana',sans-serif;">Dr Maciej Marmola</span></b><span style="font-size: 11.0pt; font-family: 'Verdana',sans-serif;"> otrzymał wyróżnienie Marszałka Województwa Śląskiego za Wydarzenie Muzealne Roku 2017 (kategoria: dokonania z zakresu inicjatyw edukacyjnych oraz popularyzacji dziedzictwa kulturowego za projekt Filmowa Encyklopedia Powstań Śląskich. Seria II.</span></p>
</div>
                    </div>
                </div>[/vc_column][/vc_row]</p>
