{"id":5369,"date":"2023-04-22T18:09:05","date_gmt":"2023-04-22T16:09:05","guid":{"rendered":"https:\/\/us.edu.pl\/instytut\/inp\/?post_type=multimedia&#038;p=5369"},"modified":"2023-10-22T20:18:19","modified_gmt":"2023-10-22T18:18:19","slug":"international-conference-between-the-pandemic-and-the-war-post-pandemic-threats-to-democracy","status":"publish","type":"multimedia","link":"https:\/\/us.edu.pl\/instytut\/inp\/multimedia\/international-conference-between-the-pandemic-and-the-war-post-pandemic-threats-to-democracy\/","title":{"rendered":"International Conference &#8222;Between the Pandemic and the War: Post(?) pandemic Threats to Democracy"},"content":{"rendered":"<p>[vc_row][vc_column width=&#8221;1\/2&#8243;]\r\n                <div class=\"text-modules\">\r\n                    <div class=\"container\">\r\n                        \r\n                        <div class=\"text-modules__content\"><p>W dniach 20-21 kwietnia 2023 r. Instytut Nauk Politycznych U\u015a (we wsp\u00f3\u0142pracy z Uniwersytetem SWPS) zorganizowa\u0142 Mi\u0119dzynarodow\u0105 Konferencj\u0119 Naukow\u0105 &#8222;Between the Pandemic and the War: Post(?) pandemic Threats to Democracy&#8221;. Opr\u00f3cz wyst\u0105pie\u0144 w jej trakcie odby\u0142a si\u0119 Roundtable discussion: Political Potential of Conspiracy Theories, w kt\u00f3rej uczestniczyli badacze teorii spiskowych z Polski, Czech, S\u0142owacji, S\u0142owenii oraz W\u0119gier.<\/p>\n<p>20\u201321 kwietnia 2023 r. Wis\u0142a (miejsce: <strong>Hotel \u201eSTOK\u201d, 43-460 Wis\u0142a, ul. Jawornik 52a)<\/strong><\/p>\n<\/div>\r\n                    <\/div>\r\n                <\/div>[\/vc_column][vc_column width=&#8221;1\/2&#8243;][vc_video link=&#8221;https:\/\/www.youtube.com\/watch?v=mDmBJlvxDGw&#8221; el_width=&#8221;70&#8243;][vc_video link=&#8221;https:\/\/youtu.be\/gLTBdhSR3WY&#8221; el_width=&#8221;70&#8243;][\/vc_column][\/vc_row]<\/p>","protected":false},"excerpt":{"rendered":"<p>[vc_row][vc_column width=&#8221;1\/2&#8243;][\/vc_column][vc_column width=&#8221;1\/2&#8243;][vc_video link=&#8221;https:\/\/www.youtube.com\/watch?v=mDmBJlvxDGw&#8221; el_width=&#8221;70&#8243;][vc_video link=&#8221;https:\/\/youtu.be\/gLTBdhSR3WY&#8221; el_width=&#8221;70&#8243;][\/vc_column][\/vc_row] [&#8230;]<\/p>\n<p><a class=\"btn btn-secondary understrap-read-more-link\" href=\"https:\/\/us.edu.pl\/instytut\/inp\/multimedia\/international-conference-between-the-pandemic-and-the-war-post-pandemic-threats-to-democracy\/\">Read More&#8230;<\/a><\/p>\n","protected":false},"author":132,"featured_media":5377,"template":"","meta":{"_expiration-date-status":"","_expiration-date":0,"_expiration-date-type":"","_expiration-date-categories":[],"_expiration-date-options":[]},"acf":[],"_links":{"self":[{"href":"https:\/\/us.edu.pl\/instytut\/inp\/wp-json\/wp\/v2\/multimedia\/5369"}],"collection":[{"href":"https:\/\/us.edu.pl\/instytut\/inp\/wp-json\/wp\/v2\/multimedia"}],"about":[{"href":"https:\/\/us.edu.pl\/instytut\/inp\/wp-json\/wp\/v2\/types\/multimedia"}],"author":[{"embeddable":true,"href":"https:\/\/us.edu.pl\/instytut\/inp\/wp-json\/wp\/v2\/users\/132"}],"version-history":[{"count":4,"href":"https:\/\/us.edu.pl\/instytut\/inp\/wp-json\/wp\/v2\/multimedia\/5369\/revisions"}],"predecessor-version":[{"id":5426,"href":"https:\/\/us.edu.pl\/instytut\/inp\/wp-json\/wp\/v2\/multimedia\/5369\/revisions\/5426"}],"wp:featuredmedia":[{"embeddable":true,"href":"https:\/\/us.edu.pl\/instytut\/inp\/wp-json\/wp\/v2\/media\/5377"}],"wp:attachment":[{"href":"https:\/\/us.edu.pl\/instytut\/inp\/wp-json\/wp\/v2\/media?parent=5369"}],"curies":[{"name":"wp","href":"https:\/\/api.w.org\/{rel}","templated":true}]}}

<p>[vc_row][vc_column width=&#8221;1/2&#8243;]
                <div class="text-modules">
                    <div class="container">
                        
                        <div class="text-modules__content"><p>W dniach 20-21 kwietnia 2023 r. Instytut Nauk Politycznych UŚ (we współpracy z Uniwersytetem SWPS) zorganizował Międzynarodową Konferencję Naukową &#8222;Between the Pandemic and the War: Post(?) pandemic Threats to Democracy&#8221;. Oprócz wystąpień w jej trakcie odbyła się Roundtable discussion: Political Potential of Conspiracy Theories, w której uczestniczyli badacze teorii spiskowych z Polski, Czech, Słowacji, Słowenii oraz Węgier.</p>
<p>20–21 kwietnia 2023 r. Wisła (miejsce: <strong>Hotel „STOK”, 43-460 Wisła, ul. Jawornik 52a)</strong></p>
</div>
                    </div>
                </div>[/vc_column][vc_column width=&#8221;1/2&#8243;][vc_video link=&#8221;https://www.youtube.com/watch?v=mDmBJlvxDGw&#8221; el_width=&#8221;70&#8243;][vc_video link=&#8221;https://youtu.be/gLTBdhSR3WY&#8221; el_width=&#8221;70&#8243;][/vc_column][/vc_row]</p>
