{"id":1009,"date":"2020-01-08T21:40:31","date_gmt":"2020-01-08T20:40:31","guid":{"rendered":"http:\/\/us.edu.pl\/instytut\/inp\/?page_id=1009"},"modified":"2020-01-09T14:47:37","modified_gmt":"2020-01-09T13:47:37","slug":"konferencja-instytut-cervantesa","status":"publish","type":"page","link":"https:\/\/us.edu.pl\/instytut\/inp\/konferencja-instytut-cervantesa\/","title":{"rendered":"Konferencja: Instytut Cervantesa"},"content":{"rendered":"<p>[vc_row][vc_column]\r\n                <div class=\"text-modules \">\r\n                    <div class=\"container\">\r\n                         <h3 class=\"subtitle text-modules__subtitle\">Wizyta dyrektora Instytutu Cervantesa w Krakowie w Instytucie Nauk Politycznych U\u015a.<\/h3>\r\n                        <div class=\"row m-0\">\r\n                            <div class=\"text-modules__content\">\r\n                                22 pa\u017adziernika 2019 go\u015bciem Instytutu Nauk Politycznych Uniwersytetu \u015al\u0105skiego w Katowicach by\u0142 D. Fernando Mart\u00ednez-Vara de Rey de Irez\u00e1bal, Dyrektor Instytutu Cervantesa w Krakowie, kt\u00f3ry wyg\u0142osi\u0142 wyk\u0142ad pt.: \u201eInstytut Cervantesa i dyplomacja kulturalna\u201d.<\/p>\n<p>Instytut Cervantesa jest hiszpa\u0144sk\u0105 instytucj\u0105 pa\u0144stwow\u0105 utworzon\u0105 w 1991 roku w celu upowszechniania i nauczania j\u0119zyka hiszpa\u0144skiego oraz propagowania kultury hiszpa\u0144skiej i hispanoameryka\u0144skiej za granic\u0105. Posiada niemal 80 plac\u00f3wek na pi\u0119ciu kontynentach. G\u0142\u00f3wna siedziba Instytutu mie\u015bci si\u0119 w Madrycie oraz w podmadryckiej miejscowo\u015bci Alcal\u00e1 de Henares &#8211; mie\u015bcie, w kt\u00f3rym urodzi\u0142 si\u0119 pisarz Miguel de Cervantes. Do zada\u0144 Instytutu nale\u017cy mi\u0119dzy innymi organizowanie kurs\u00f3w og\u00f3lnych i specjalistycznych j\u0119zyka hiszpa\u0144skiego, organizowanie oficjalnych, mi\u0119dzynarodowych egzamin\u00f3w z j\u0119zyka hiszpa\u0144skiego DELE i SIELE, uczestniczenie w projektach s\u0142u\u017c\u0105cych upowszechnianiu j\u0119zyka hiszpa\u0144skiego, promowanie kultury hiszpa\u0144skiej i hispanoameryka\u0144skiej we wsp\u00f3\u0142pracy z instytucjami dzia\u0142aj\u0105cymi w danym pa\u0144stwie, a tak\u017ce udost\u0119pnianie dla u\u017cytku publicznego sieci bibliotek wyposa\u017conych w najnowocze\u015bniejsze rozwi\u0105zania techniczne. Pracami Instytutu Cervantesa kieruje zesp\u00f3\u0142 przedstawicieli \u015bwiata kultury, nauki i literatury z Hiszpanii i Hispanoameryki. \r\n                                <div class=\"mt-3\"><\/div>\r\n                            <\/div>\r\n                            \r\n                            \r\n                        <\/div>\r\n                    <\/div>\r\n                <\/div>[\/vc_column][\/vc_row][vc_row][vc_column]            \r\n                \r\n                <div class=\"container\">\r\n                     <div class=\"gallery-big \">\r\n                        \r\n                        <div class=\"row m-0\">\r\n                        <a data-fancybox=\"6833\" href=\"https:\/\/us.edu.pl\/instytut\/inp\/wp-content\/uploads\/sites\/31\/Nieprzypisane\/cervantes-konferencja-1.jpg\"\r\n                        title=\"\" \r\n                        class=\"gallery-big__item gallery-big__item_big thumbnail\"\r\n                        style=\"background-image: url(https:\/\/us.edu.pl\/instytut\/inp\/wp-content\/uploads\/sites\/31\/Nieprzypisane\/cervantes-konferencja-1-1024x768.jpg)\"><span class=\"d-none\">https:\/\/us.edu.pl\/instytut\/inp\/wp-content\/uploads\/sites\/31\/Nieprzypisane\/cervantes-konferencja-1.jpg<\/span><\/a><div class=\"gallery-big__small-items\">\r\n                        <a data-fancybox=\"6833\" href=\"https:\/\/us.edu.pl\/instytut\/inp\/wp-content\/uploads\/sites\/31\/Nieprzypisane\/cervantes-konferencje-2.jpg\"\r\n                        title=\"\" \r\n                        class=\"gallery-big__item  thumbnail\"\r\n                        style=\"background-image: url(https:\/\/us.edu.pl\/instytut\/inp\/wp-content\/uploads\/sites\/31\/Nieprzypisane\/cervantes-konferencje-2-1024x768.jpg)\"><span class=\"d-none\">https:\/\/us.edu.pl\/instytut\/inp\/wp-content\/uploads\/sites\/31\/Nieprzypisane\/cervantes-konferencje-2.jpg<\/span><\/a>\r\n                        <a data-fancybox=\"6833\" href=\"https:\/\/us.edu.pl\/instytut\/inp\/wp-content\/uploads\/sites\/31\/Nieprzypisane\/cervantes.jpg\"\r\n                        title=\"\" \r\n                        class=\"gallery-big__item  thumbnail\"\r\n                        style=\"background-image: url(https:\/\/us.edu.pl\/instytut\/inp\/wp-content\/uploads\/sites\/31\/Nieprzypisane\/cervantes-1024x768.jpg)\"><span class=\"d-none\">https:\/\/us.edu.pl\/instytut\/inp\/wp-content\/uploads\/sites\/31\/Nieprzypisane\/cervantes.jpg<\/span><\/a><\/div><\/div>\r\n                    <\/div>\r\n                <\/div>[\/vc_column][\/vc_row]<\/p>","protected":false},"excerpt":{"rendered":"<p>[vc_row][vc_column][\/vc_column][\/vc_row][vc_row][vc_column][\/vc_column][\/vc_row] [&#8230;]<\/p>\n<p><a class=\"btn btn-secondary understrap-read-more-link\" href=\"https:\/\/us.edu.pl\/instytut\/inp\/konferencja-instytut-cervantesa\/\">Read More&#8230;<\/a><\/p>\n","protected":false},"author":141,"featured_media":0,"parent":0,"menu_order":0,"comment_status":"closed","ping_status":"closed","template":"","meta":{"_expiration-date-status":"saved","_expiration-date":0,"_expiration-date-type":"","_expiration-date-categories":[],"_expiration-date-options":[]},"acf":[],"_links":{"self":[{"href":"https:\/\/us.edu.pl\/instytut\/inp\/wp-json\/wp\/v2\/pages\/1009"}],"collection":[{"href":"https:\/\/us.edu.pl\/instytut\/inp\/wp-json\/wp\/v2\/pages"}],"about":[{"href":"https:\/\/us.edu.pl\/instytut\/inp\/wp-json\/wp\/v2\/types\/page"}],"author":[{"embeddable":true,"href":"https:\/\/us.edu.pl\/instytut\/inp\/wp-json\/wp\/v2\/users\/141"}],"replies":[{"embeddable":true,"href":"https:\/\/us.edu.pl\/instytut\/inp\/wp-json\/wp\/v2\/comments?post=1009"}],"version-history":[{"count":2,"href":"https:\/\/us.edu.pl\/instytut\/inp\/wp-json\/wp\/v2\/pages\/1009\/revisions"}],"predecessor-version":[{"id":1119,"href":"https:\/\/us.edu.pl\/instytut\/inp\/wp-json\/wp\/v2\/pages\/1009\/revisions\/1119"}],"wp:attachment":[{"href":"https:\/\/us.edu.pl\/instytut\/inp\/wp-json\/wp\/v2\/media?parent=1009"}],"curies":[{"name":"wp","href":"https:\/\/api.w.org\/{rel}","templated":true}]}}

<p>[vc_row][vc_column]
                <div class="text-modules ">
                    <div class="container">
                         <h3 class="subtitle text-modules__subtitle">Wizyta dyrektora Instytutu Cervantesa w Krakowie w Instytucie Nauk Politycznych UŚ.</h3>
                        <div class="row m-0">
                            <div class="text-modules__content">
                                22 października 2019 gościem Instytutu Nauk Politycznych Uniwersytetu Śląskiego w Katowicach był D. Fernando Martínez-Vara de Rey de Irezábal, Dyrektor Instytutu Cervantesa w Krakowie, który wygłosił wykład pt.: „Instytut Cervantesa i dyplomacja kulturalna”.</p>
<p>Instytut Cervantesa jest hiszpańską instytucją państwową utworzoną w 1991 roku w celu upowszechniania i nauczania języka hiszpańskiego oraz propagowania kultury hiszpańskiej i hispanoamerykańskiej za granicą. Posiada niemal 80 placówek na pięciu kontynentach. Główna siedziba Instytutu mieści się w Madrycie oraz w podmadryckiej miejscowości Alcalá de Henares &#8211; mieście, w którym urodził się pisarz Miguel de Cervantes. Do zadań Instytutu należy między innymi organizowanie kursów ogólnych i specjalistycznych języka hiszpańskiego, organizowanie oficjalnych, międzynarodowych egzaminów z języka hiszpańskiego DELE i SIELE, uczestniczenie w projektach służących upowszechnianiu języka hiszpańskiego, promowanie kultury hiszpańskiej i hispanoamerykańskiej we współpracy z instytucjami działającymi w danym państwie, a także udostępnianie dla użytku publicznego sieci bibliotek wyposażonych w najnowocześniejsze rozwiązania techniczne. Pracami Instytutu Cervantesa kieruje zespół przedstawicieli świata kultury, nauki i literatury z Hiszpanii i Hispanoameryki. 
                                <div class="mt-3"></div>
                            </div>
                            
                            
                        </div>
                    </div>
                </div>[/vc_column][/vc_row][vc_row][vc_column]            
                
                <div class="container">
                     <div class="gallery-big ">
                        
                        <div class="row m-0">
                        <a data-fancybox="6833" href="https://us.edu.pl/instytut/inp/wp-content/uploads/sites/31/Nieprzypisane/cervantes-konferencja-1.jpg"
                        title="" 
                        class="gallery-big__item gallery-big__item_big thumbnail"
                        style="background-image: url(https://us.edu.pl/instytut/inp/wp-content/uploads/sites/31/Nieprzypisane/cervantes-konferencja-1-1024x768.jpg)"><span class="d-none">https://us.edu.pl/instytut/inp/wp-content/uploads/sites/31/Nieprzypisane/cervantes-konferencja-1.jpg</span></a><div class="gallery-big__small-items">
                        <a data-fancybox="6833" href="https://us.edu.pl/instytut/inp/wp-content/uploads/sites/31/Nieprzypisane/cervantes-konferencje-2.jpg"
                        title="" 
                        class="gallery-big__item  thumbnail"
                        style="background-image: url(https://us.edu.pl/instytut/inp/wp-content/uploads/sites/31/Nieprzypisane/cervantes-konferencje-2-1024x768.jpg)"><span class="d-none">https://us.edu.pl/instytut/inp/wp-content/uploads/sites/31/Nieprzypisane/cervantes-konferencje-2.jpg</span></a>
                        <a data-fancybox="6833" href="https://us.edu.pl/instytut/inp/wp-content/uploads/sites/31/Nieprzypisane/cervantes.jpg"
                        title="" 
                        class="gallery-big__item  thumbnail"
                        style="background-image: url(https://us.edu.pl/instytut/inp/wp-content/uploads/sites/31/Nieprzypisane/cervantes-1024x768.jpg)"><span class="d-none">https://us.edu.pl/instytut/inp/wp-content/uploads/sites/31/Nieprzypisane/cervantes.jpg</span></a></div></div>
                    </div>
                </div>[/vc_column][/vc_row]</p>
