{"id":1110,"date":"2020-01-09T14:07:59","date_gmt":"2020-01-09T13:07:59","guid":{"rendered":"http:\/\/us.edu.pl\/instytut\/inp\/?page_id=1110"},"modified":"2021-12-13T20:03:44","modified_gmt":"2021-12-13T19:03:44","slug":"science-camp-trencin","status":"publish","type":"page","link":"https:\/\/us.edu.pl\/instytut\/inp\/science-camp-trencin\/","title":{"rendered":"Science Camp: Instytut Nauk Politycznych i Uniwersytet Alexandra Dub\u010deka w Trenczynie"},"content":{"rendered":"<p>[vc_row][vc_column]\r\n                <div class=\"text-modules \">\r\n                    <div class=\"container\">\r\n                         <h3 class=\"subtitle text-modules__subtitle\">Science Camp: Instytut Nauk Politycznych i Uniwersytet Alexandra Dub\u010deka w Trenczynie<\/h3>\r\n                        <div class=\"row m-0\">\r\n                            <div class=\"text-modules__content\">\r\n                                W listopadzie grupa student\u00f3w Doradztwa politycznego i publicznego mia\u0142a mo\u017cliwo\u015b\u0107 uczestnictwa w obozie naukowym organizowanym przez Katedr\u0119 Politologii Uniwersytetu Alexandra Dub\u010deka w Trenczynie. W trakcie wyjazdu nasi studenci nie tylko zwiedzili najwa\u017cniejsze miejsca w Bratys\u0142awie zwi\u0105zane z przemianami ustrojowymi w Czechos\u0142owacji, ale r\u00f3wnie\u017c wraz ze s\u0142owackimi r\u00f3wie\u015bnikami brali udzia\u0142 w zaj\u0119ciach warsztatowych dotycz\u0105cych praw cz\u0142owieka oraz zachowa\u0144 etycznych i antykorupcyjnych prowadzonych przez dra Pavola Struh\u00e1ra oraz dra Mari\u00e1na Bu\u0161\u0161\u0119. W ramach warsztat\u00f3w studenci tworzyli projekty spo\u0142eczne, kt\u00f3rych celem jest wzmacnianie postaw proobywatelskich i antykorupcyjnych m\u0142odych. Kluczowym punktem obozu by\u0142o spotkanie z lokalnymi dzia\u0142aczami i przedstawicielami organizacji dzia\u0142aj\u0105cych na rzecz budowania spo\u0142ecze\u0144stwa obywatelskiego na S\u0142owacji, gdzie studenci prezentowali swoje projekty. M\u0142odzi sformu\u0142owali r\u00f3wnie\u017c w\u0142asne rekomendacje dla s\u0142owackiej polityki antykorupcyjnej. Projekty zosta\u0142y dobrze przyj\u0119te przez zaproszonych go\u015bci, kt\u00f3rzy zgodnie obiecali, \u017ce b\u0119d\u0105 wspierali wdro\u017cenie cz\u0119\u015bci z nich.<\/p>\n<p>Ostatnim punktem obozu by\u0142o zwiedzanie niemal tysi\u0105cletniego zamku w Trenczynie \u2013 w przesz\u0142o\u015bci jednego ze strategicznych punkt\u00f3w przy p\u00f3\u0142nocnych granicach pa\u0144stwa w\u0119gierskiego, a dzi\u015b miejsca promuj\u0105cego lokaln\u0105 kultur\u0119 i tradycj\u0119. Opiekunami grupy byli: prof. U\u015a dr hab. Marek Migalski, dr Maciej Marmola i mgr Agata Olszanecka Marmola.<\/p>\n<p><a href=\"https:\/\/us.edu.pl\/instytut\/inp\/multimedia\/science-camp-fotorelacja\/\">fotorelacja<\/a><\/p>\n<div class=\"mt-3\"><\/div>\r\n                            <\/div>\r\n                            \r\n                            \r\n                        <\/div>\r\n                    <\/div>\r\n                <\/div>[\/vc_column][\/vc_row]<\/p>","protected":false},"excerpt":{"rendered":"<p>[vc_row][vc_column][\/vc_column][\/vc_row] [&#8230;]<\/p>\n<p><a class=\"btn btn-secondary understrap-read-more-link\" href=\"https:\/\/us.edu.pl\/instytut\/inp\/science-camp-trencin\/\">Read More&#8230;<\/a><\/p>\n","protected":false},"author":141,"featured_media":1105,"parent":0,"menu_order":0,"comment_status":"closed","ping_status":"closed","template":"","meta":{"_expiration-date-status":"saved","_expiration-date":0,"_expiration-date-type":"","_expiration-date-categories":[],"_expiration-date-options":[]},"acf":[],"_links":{"self":[{"href":"https:\/\/us.edu.pl\/instytut\/inp\/wp-json\/wp\/v2\/pages\/1110"}],"collection":[{"href":"https:\/\/us.edu.pl\/instytut\/inp\/wp-json\/wp\/v2\/pages"}],"about":[{"href":"https:\/\/us.edu.pl\/instytut\/inp\/wp-json\/wp\/v2\/types\/page"}],"author":[{"embeddable":true,"href":"https:\/\/us.edu.pl\/instytut\/inp\/wp-json\/wp\/v2\/users\/141"}],"replies":[{"embeddable":true,"href":"https:\/\/us.edu.pl\/instytut\/inp\/wp-json\/wp\/v2\/comments?post=1110"}],"version-history":[{"count":5,"href":"https:\/\/us.edu.pl\/instytut\/inp\/wp-json\/wp\/v2\/pages\/1110\/revisions"}],"predecessor-version":[{"id":4011,"href":"https:\/\/us.edu.pl\/instytut\/inp\/wp-json\/wp\/v2\/pages\/1110\/revisions\/4011"}],"wp:featuredmedia":[{"embeddable":true,"href":"https:\/\/us.edu.pl\/instytut\/inp\/wp-json\/wp\/v2\/media\/1105"}],"wp:attachment":[{"href":"https:\/\/us.edu.pl\/instytut\/inp\/wp-json\/wp\/v2\/media?parent=1110"}],"curies":[{"name":"wp","href":"https:\/\/api.w.org\/{rel}","templated":true}]}}