{"id":1183,"date":"2020-01-15T13:16:58","date_gmt":"2020-01-15T12:16:58","guid":{"rendered":"http:\/\/us.edu.pl\/instytut\/inp\/?page_id=1183"},"modified":"2025-01-08T13:27:33","modified_gmt":"2025-01-08T12:27:33","slug":"czornik-katarzyna-ekspert","status":"publish","type":"page","link":"https:\/\/us.edu.pl\/instytut\/inp\/czornik-katarzyna-ekspert\/","title":{"rendered":"Czornik Katarzyna &#8211; ekspert"},"content":{"rendered":"<p>[vc_row][vc_column]\r\n                <div class=\"text-modules reverse\">\r\n                    <div class=\"container\">\r\n                        <h3 class=\"section-title section-title_border-bottom\">dr hab. Katarzyna Czornik, prof. U\u015a<\/h3> \r\n                        <div class=\"row m-0\">\r\n                            <div class=\"text-modules__content\">\r\n                                <\/p>\n<h3>1) Dane<\/h3>\n<p>Imi\u0119 i nazwisko: Katarzyna Czornik<br \/>\nInstytut:\u00a0Instytut Nauk Politycznych<br \/>\nE-mail: katarzyna.czornik@us.edu.pl<br \/>\ntel: 608462692<\/p>\n<h3>2) Proponowane pola wsp\u00f3\u0142pracy<\/h3>\n<ul>\n<li>nauka<\/li>\n<li>biznes<\/li>\n<li>administracja<\/li>\n<\/ul>\n<h3>3) Sylwetka eksperta<\/h3>\n<p>Doktor habilitowana nauk spo\u0142ecznych w dyscyplinie nauki o polityce i administracji (specjalno\u015bci: bezpiecze\u0144stwo mi\u0119dzynarodowe, stosunki mi\u0119dzynarodowe). Absolwentka politologii Uniwersytetu \u015al\u0105skiego w Katowicach. Uko\u0144czy\u0142a r\u00f3wnie\u017c Akademi\u0119 M\u0142odych Dyplomat\u00f3w ze specjalizacj\u0105 s\u0142u\u017cba zagraniczna w Europejskiej Akademii Dyplomacji w Warszawie, a tak\u017ce liczne kursy i szkolenia w Polskim Instytucie Spraw Mi\u0119dzynarodowych oraz w Europejskiej Akademii Dyplomacji. Profesor uczelni w Instytucie Nauk Politycznych Uniwersytetu \u015al\u0105skiego w Katowicach. Pe\u0142ni\u0142a funkcj\u0119 eksperta wspieraj\u0105cego dzia\u0142alno\u015b\u0107 Regionalnego O\u015brodka Debaty Mi\u0119dzynarodowej w Katowicach. Zainteresowania badawcze: Bliski Wsch\u00f3d w stosunkach mi\u0119dzynarodowych; polityka zagraniczna Stan\u00f3w Zjednoczonych (ze szczeg\u00f3lnym uwzgl\u0119dnieniem polityki USA wobec Bliskiego Wschodu i Federacji Rosyjskiej); terroryzm mi\u0119dzynarodowy i fundamentalizm islamski; konflikty zbrojne i spory mi\u0119dzynarodowe; bezpiecze\u0144stwo mi\u0119dzynarodowe; polityka zagraniczna Polski. Autorka czterech monografii: <em>Irak w polityce zagranicznej Stan\u00f3w Zjednoczonych w okresie pozimnowojennym<\/em> (Katowice 2011); <em>Bliski Wsch\u00f3d w polityce zagranicznej Stan\u00f3w Zjednoczonych w latach 1945-2012<\/em> (Katowice 2012); <em>System konstytucyjny Islamskiej Republiki Iranu <\/em>(Warszawa 2014); <em>Polityka zagraniczna Stan\u00f3w Zjednoczonych Ameryki wobec Bliskiego Wschodu w okresie pozimnowojennym. Elementy kontynuacji i zmiany<\/em> (Toru\u0144 2019). Wsp\u00f3\u0142autorka monografii: <em>Konflikty zbrojne na Bliskim Wschodzie i w Afryce w drugiej dekadzie XXI wieku <\/em>(Katowice 2018) oraz sze\u015bciu prac pod redakcj\u0105. Autorka ponad 60 artyku\u0142\u00f3w naukowych. Cz\u0142onkini Polskiego Towarzystwa Nauk Politycznych, Polskiego Towarzystwa Bezpiecze\u0144stwa Narodowego oraz Polskiego Towarzystwa Orientalistycznego. Koordynator kierunku Bezpiecze\u0144stwo Narodowe i Mi\u0119dzynarodowe oraz specjalno\u015bci Wsp\u00f3\u0142czesne Stosunki Mi\u0119dzynarodowe na kierunku Politologia prowadzonych na Wydziale Nauk Spo\u0142ecznych Uniwersytetu \u015al\u0105skiego w Katowicach.<\/p>\n<h3>4) Do\u015bwiadczenia &#8211; realizowane projekty badawcze i praktyczne<\/h3>\n<ol>\n<li><em>Koordynator Porozumienia o wsp\u00f3\u0142pracy naukowo-dydaktycznej podpisanego pomi\u0119dzy Okr\u0119gowym Inspektoratem S\u0142u\u017cby Wi\u0119ziennej w Katowicach (\u2026) a Uniwersytetem \u015al\u0105skim w Katowicach<\/em>;<\/li>\n<li><em>Koordynator Porozumienia o wsp\u00f3\u0142pracy naukowo-dydaktycznej podpisanego pomi\u0119dzy Szefem Agencji Bezpiecze\u0144stwa Wewn\u0119trznego (\u2026) a Uniwersytetem \u015al\u0105skim w Katowicach<\/em>;<\/li>\n<li><em>Koordynator Porozumienia o wsp\u00f3\u0142pracy naukowo-dydaktycznej podpisanego pomi\u0119dzy \u015al\u0105sko-Ma\u0142opolskim Oddzia\u0142em Stra\u017cy Granicznej im. nadkom. Jana Boche\u0144skiego (\u2026) a Uniwersytetem \u015al\u0105skim w Katowicach;<\/em><\/li>\n<li><em>Koordynator Porozumienia o wsp\u00f3\u0142pracy naukowo-dydaktycznej podpisanego pomi\u0119dzy Okr\u0119gowym Inspektoratem S\u0142u\u017cby Wi\u0119ziennej w Krakowie (\u2026) a Uniwersytetem \u015al\u0105skim w Katowicach<\/em>;<\/li>\n<li><i>Koordynator Umowy o wsp\u00f3\u0142pracy dydaktycznej pomi\u0119dzy Uniwersytetem \u015al\u0105skim w Katowicach a II Liceum Og\u00f3lnokszta\u0142c\u0105cym im. Powsta\u0144c\u00f3w \u015al\u0105skich w Mys\u0142owicach<\/i>.<i><\/i><\/li>\n<\/ol>\n<p><strong>Uko\u0144czone kursy i szkolenia<\/strong>:<\/p>\n<ul>\n<li><strong>Akademia M\u0142odych Dyplomat\u00f3w<\/strong> ze specjalizacj\u0105 <strong>S\u0142u\u017cba Zagraniczna<\/strong> (Promocja im. J\u00f3zefa Becka 2009\/2010)<br \/>\n<strong>w Europejskiej Akademii Dyplomacji\u00a0w Warszawie<\/strong><\/li>\n<li><strong><em>Szkolenie R\u00f3\u017cnice mi\u0119dzykulturowe w kontaktach mi\u0119dzynarodowych<\/em><\/strong>, Europejska Akademia Dyplomacji w Warszawie (10.11.2015)<\/li>\n<li><strong><em>Szkolenie Protok\u00f3\u0142 dyplomatyczny i savoir-vivre w praktyce<\/em><\/strong>, Polski Instytut Spraw Mi\u0119dzynarodowych, Warszawa (22-23.02.2016)<\/li>\n<li><strong><em>Szkolenie Negocjacje i my\u015blenie strategiczne we wsp\u00f3\u0142pracy mi\u0119dzynarodowej<\/em><\/strong>, Polski Instytut Spraw Mi\u0119dzynarodowych, Warszawa (13-14.12.2017)<\/li>\n<li>Kurs <strong><em>R\u00f3\u017cnice kulturowe we wsp\u00f3\u0142pracy mi\u0119dzynarodowej, <\/em><\/strong>Polski Instytut Spraw Mi\u0119dzynarodowych, Warszawa<br \/>\n(13-14.11.2018)<\/li>\n<\/ul>\n<h3>5) Sukcesy i nagrody<\/h3>\n<ul>\n<li>Nagroda JM Rektora Uniwersytetu \u015al\u0105skiego dla autor\u00f3w najlepszych rozpraw doktorskich na Wydziale Nauk Spo\u0142ecznych U\u015a w latach 2011-2012 (2012);<\/li>\n<li>Nagroda Indywidualna II Stopnia JM Rektora Uniwersytetu \u015al\u0105skiego za dzia\u0142alno\u015b\u0107 naukowo-badawcz\u0105 (2013);<\/li>\n<li>Medal Komisji Edukacji Narodowej (2014);<\/li>\n<li>Nagrod\u0119 Indywidualna II Stopnia (JM Rektora Uniwersytetu \u015al\u0105skiego w Katowicach za dzia\u0142alno\u015b\u0107 organizacyjn\u0105 (2016).<\/li>\n<\/ul>\n<div class=\"mt-3\"><\/div>\r\n                            <\/div>\r\n                            \r\n                            <div class=\"text-modules__img\"><img src=\"https:\/\/us.edu.pl\/instytut\/inp\/wp-content\/uploads\/sites\/31\/Nieprzypisane\/K_Czornik.png\" alt=\"img\"><\/div>\r\n                        <\/div>\r\n                    <\/div>\r\n                <\/div>[\/vc_column][\/vc_row]<\/p>","protected":false},"excerpt":{"rendered":"<p>[vc_row][vc_column][\/vc_column][\/vc_row] [&#8230;]<\/p>\n<p><a class=\"btn btn-secondary understrap-read-more-link\" href=\"https:\/\/us.edu.pl\/instytut\/inp\/czornik-katarzyna-ekspert\/\">Read More&#8230;<\/a><\/p>\n","protected":false},"author":141,"featured_media":0,"parent":0,"menu_order":0,"comment_status":"closed","ping_status":"closed","template":"","meta":{"_expiration-date-status":"saved","_expiration-date":0,"_expiration-date-type":"","_expiration-date-categories":[],"_expiration-date-options":[]},"acf":[],"_links":{"self":[{"href":"https:\/\/us.edu.pl\/instytut\/inp\/wp-json\/wp\/v2\/pages\/1183"}],"collection":[{"href":"https:\/\/us.edu.pl\/instytut\/inp\/wp-json\/wp\/v2\/pages"}],"about":[{"href":"https:\/\/us.edu.pl\/instytut\/inp\/wp-json\/wp\/v2\/types\/page"}],"author":[{"embeddable":true,"href":"https:\/\/us.edu.pl\/instytut\/inp\/wp-json\/wp\/v2\/users\/141"}],"replies":[{"embeddable":true,"href":"https:\/\/us.edu.pl\/instytut\/inp\/wp-json\/wp\/v2\/comments?post=1183"}],"version-history":[{"count":3,"href":"https:\/\/us.edu.pl\/instytut\/inp\/wp-json\/wp\/v2\/pages\/1183\/revisions"}],"predecessor-version":[{"id":7372,"href":"https:\/\/us.edu.pl\/instytut\/inp\/wp-json\/wp\/v2\/pages\/1183\/revisions\/7372"}],"wp:attachment":[{"href":"https:\/\/us.edu.pl\/instytut\/inp\/wp-json\/wp\/v2\/media?parent=1183"}],"curies":[{"name":"wp","href":"https:\/\/api.w.org\/{rel}","templated":true}]}}

<p>[vc_row][vc_column]
                <div class="text-modules reverse">
                    <div class="container">
                        <h3 class="section-title section-title_border-bottom">dr hab. Katarzyna Czornik, prof. UŚ</h3> 
                        <div class="row m-0">
                            <div class="text-modules__content">
                                </p>
<h3>1) Dane</h3>
<p>Imię i nazwisko: Katarzyna Czornik<br />
Instytut: Instytut Nauk Politycznych<br />
E-mail: katarzyna.czornik@us.edu.pl<br />
tel: 608462692</p>
<h3>2) Proponowane pola współpracy</h3>
<ul>
<li>nauka</li>
<li>biznes</li>
<li>administracja</li>
</ul>
<h3>3) Sylwetka eksperta</h3>
<p>Doktor habilitowana nauk społecznych w dyscyplinie nauki o polityce i administracji (specjalności: bezpieczeństwo międzynarodowe, stosunki międzynarodowe). Absolwentka politologii Uniwersytetu Śląskiego w Katowicach. Ukończyła również Akademię Młodych Dyplomatów ze specjalizacją służba zagraniczna w Europejskiej Akademii Dyplomacji w Warszawie, a także liczne kursy i szkolenia w Polskim Instytucie Spraw Międzynarodowych oraz w Europejskiej Akademii Dyplomacji. Profesor uczelni w Instytucie Nauk Politycznych Uniwersytetu Śląskiego w Katowicach. Pełniła funkcję eksperta wspierającego działalność Regionalnego Ośrodka Debaty Międzynarodowej w Katowicach. Zainteresowania badawcze: Bliski Wschód w stosunkach międzynarodowych; polityka zagraniczna Stanów Zjednoczonych (ze szczególnym uwzględnieniem polityki USA wobec Bliskiego Wschodu i Federacji Rosyjskiej); terroryzm międzynarodowy i fundamentalizm islamski; konflikty zbrojne i spory międzynarodowe; bezpieczeństwo międzynarodowe; polityka zagraniczna Polski. Autorka czterech monografii: <em>Irak w polityce zagranicznej Stanów Zjednoczonych w okresie pozimnowojennym</em> (Katowice 2011); <em>Bliski Wschód w polityce zagranicznej Stanów Zjednoczonych w latach 1945-2012</em> (Katowice 2012); <em>System konstytucyjny Islamskiej Republiki Iranu </em>(Warszawa 2014); <em>Polityka zagraniczna Stanów Zjednoczonych Ameryki wobec Bliskiego Wschodu w okresie pozimnowojennym. Elementy kontynuacji i zmiany</em> (Toruń 2019). Współautorka monografii: <em>Konflikty zbrojne na Bliskim Wschodzie i w Afryce w drugiej dekadzie XXI wieku </em>(Katowice 2018) oraz sześciu prac pod redakcją. Autorka ponad 60 artykułów naukowych. Członkini Polskiego Towarzystwa Nauk Politycznych, Polskiego Towarzystwa Bezpieczeństwa Narodowego oraz Polskiego Towarzystwa Orientalistycznego. Koordynator kierunku Bezpieczeństwo Narodowe i Międzynarodowe oraz specjalności Współczesne Stosunki Międzynarodowe na kierunku Politologia prowadzonych na Wydziale Nauk Społecznych Uniwersytetu Śląskiego w Katowicach.</p>
<h3>4) Doświadczenia &#8211; realizowane projekty badawcze i praktyczne</h3>
<ol>
<li><em>Koordynator Porozumienia o współpracy naukowo-dydaktycznej podpisanego pomiędzy Okręgowym Inspektoratem Służby Więziennej w Katowicach (…) a Uniwersytetem Śląskim w Katowicach</em>;</li>
<li><em>Koordynator Porozumienia o współpracy naukowo-dydaktycznej podpisanego pomiędzy Szefem Agencji Bezpieczeństwa Wewnętrznego (…) a Uniwersytetem Śląskim w Katowicach</em>;</li>
<li><em>Koordynator Porozumienia o współpracy naukowo-dydaktycznej podpisanego pomiędzy Śląsko-Małopolskim Oddziałem Straży Granicznej im. nadkom. Jana Bocheńskiego (…) a Uniwersytetem Śląskim w Katowicach;</em></li>
<li><em>Koordynator Porozumienia o współpracy naukowo-dydaktycznej podpisanego pomiędzy Okręgowym Inspektoratem Służby Więziennej w Krakowie (…) a Uniwersytetem Śląskim w Katowicach</em>;</li>
<li><i>Koordynator Umowy o współpracy dydaktycznej pomiędzy Uniwersytetem Śląskim w Katowicach a II Liceum Ogólnokształcącym im. Powstańców Śląskich w Mysłowicach</i>.<i></i></li>
</ol>
<p><strong>Ukończone kursy i szkolenia</strong>:</p>
<ul>
<li><strong>Akademia Młodych Dyplomatów</strong> ze specjalizacją <strong>Służba Zagraniczna</strong> (Promocja im. Józefa Becka 2009/2010)<br />
<strong>w Europejskiej Akademii Dyplomacji w Warszawie</strong></li>
<li><strong><em>Szkolenie Różnice międzykulturowe w kontaktach międzynarodowych</em></strong>, Europejska Akademia Dyplomacji w Warszawie (10.11.2015)</li>
<li><strong><em>Szkolenie Protokół dyplomatyczny i savoir-vivre w praktyce</em></strong>, Polski Instytut Spraw Międzynarodowych, Warszawa (22-23.02.2016)</li>
<li><strong><em>Szkolenie Negocjacje i myślenie strategiczne we współpracy międzynarodowej</em></strong>, Polski Instytut Spraw Międzynarodowych, Warszawa (13-14.12.2017)</li>
<li>Kurs <strong><em>Różnice kulturowe we współpracy międzynarodowej, </em></strong>Polski Instytut Spraw Międzynarodowych, Warszawa<br />
(13-14.11.2018)</li>
</ul>
<h3>5) Sukcesy i nagrody</h3>
<ul>
<li>Nagroda JM Rektora Uniwersytetu Śląskiego dla autorów najlepszych rozpraw doktorskich na Wydziale Nauk Społecznych UŚ w latach 2011-2012 (2012);</li>
<li>Nagroda Indywidualna II Stopnia JM Rektora Uniwersytetu Śląskiego za działalność naukowo-badawczą (2013);</li>
<li>Medal Komisji Edukacji Narodowej (2014);</li>
<li>Nagrodę Indywidualna II Stopnia (JM Rektora Uniwersytetu Śląskiego w Katowicach za działalność organizacyjną (2016).</li>
</ul>
<div class="mt-3"></div>
                            </div>
                            
                            <div class="text-modules__img"><img src="https://us.edu.pl/instytut/inp/wp-content/uploads/sites/31/Nieprzypisane/K_Czornik.png" alt="img"></div>
                        </div>
                    </div>
                </div>[/vc_column][/vc_row]</p>
