{"id":218,"date":"2019-12-30T16:41:43","date_gmt":"2019-12-30T15:41:43","guid":{"rendered":"http:\/\/us.edu.pl\/instytut\/inp\/?page_id=218"},"modified":"2025-01-07T16:00:48","modified_gmt":"2025-01-07T15:00:48","slug":"rada-naukowa","status":"publish","type":"page","link":"https:\/\/us.edu.pl\/instytut\/inp\/rada-naukowa\/","title":{"rendered":"Rada Naukowa"},"content":{"rendered":"<p>[vc_row][vc_column]\r\n                <div class=\"text-modules \">\r\n                    <div class=\"container\">\r\n                        <h3 class=\"section-title section-title_border-bottom\">Rada Naukowa Instytutu Nauk Politycznych<\/h3> \r\n                        <div class=\"row m-0\">\r\n                            <div class=\"text-modules__content\">\r\n                                <\/p>\n<p style=\"text-align: center;\"><em>Statut uchwalony przez Senat Uniwersytetu \u015al\u0105skiego w Katowicach<br \/>\n<\/em><em>w dniu 28 maja 2019 r.:<br \/>\n<\/em><em>(\u2026)<br \/>\n<\/em><em>\u00a736<br \/>\n1. <\/em><em>Rada naukowa instytutu wspiera dyrektora instytutu w opracowaniu i wdra\u017caniu polityki naukowej instytutu oraz organizacji dzia\u0142alno\u015bci badawczej w danej dyscyplinie naukowej lub artystycznej\u00a0 w spos\u00f3b zapewniaj\u0105cy realizacj\u0119 strategii.<br \/>\n2. <\/em><em>Rada naukowa instytutu w zakresie swojej w\u0142a\u015bciwo\u015bci wsp\u00f3\u0142dzia\u0142a z wydzia\u0142ow\u0105 komisj\u0105 do spraw kszta\u0142cenia i student\u00f3w, z dyrektorami kierunk\u00f3w studi\u00f3w oraz z organami samorz\u0105du studenckiego.<br \/>\n3. <\/em><em>W dyscyplinie naukowej lub artystycznej, w kt\u00f3rej Uniwersytet posiada uprawnienia do nadawania stopni naukowych rada naukowa instytutu jest organem w\u0142a\u015bciwym do przeprowadzania post\u0119powa\u0144 w sprawie nadawania tych stopni, z zastrze\u017ceniem \u00a7 38.<br \/>\n4. <\/em><em>Rada naukowa instytutu uwzgl\u0119dniaj\u0105c wytyczne komisji nauki okre\u015bla zasady organizacji\u00a0 i funkcjonowania, a tak\u017ce finansowania indywidualnej dzia\u0142alno\u015bci badawczej pracownik\u00f3w oraz zespo\u0142\u00f3w badawczych, maj\u0105c na uwadze realizowane przez nie projekty badawcze.<\/em><\/p>\n<p><strong>Sk\u0142ad osobowy Rady Naukowej:<\/strong><\/p>\n<p>dr Maciej Marmola &#8211; przewodnicz\u0105cy<\/p>\n<p>dr hab. Agnieszka Turska-Kawa, prof. U\u015a<\/p>\n<p>prof. dr hab. Waldemar Wojtasik<\/p>\n<p>prof. dr hab. Miron Lakomy<\/p>\n<p>dr Agnieszka Miarka, prof. U\u015a<\/p>\n<p>dr Anna Mu\u015b, prof. U\u015a<\/p>\n<p>dr Agnieszka Turo\u0144-Kowalska<\/p>\n<p>prof. dr hab. Sylwester Wr\u00f3bel<\/p>\n<p>dr Agata Olszanecka-Marmola<\/p>\n<p>dr Mateusz Wajzer<\/p>\n<p>dr Monika Szynol \r\n                                <div class=\"mt-3\"><\/div>\r\n                            <\/div>\r\n                            \r\n                            \r\n                        <\/div>\r\n                    <\/div>\r\n                <\/div>[\/vc_column][\/vc_row]<\/p>","protected":false},"excerpt":{"rendered":"<p>[vc_row][vc_column][\/vc_column][\/vc_row] [&#8230;]<\/p>\n<p><a class=\"btn btn-secondary understrap-read-more-link\" href=\"https:\/\/us.edu.pl\/instytut\/inp\/rada-naukowa\/\">Read More&#8230;<\/a><\/p>\n","protected":false},"author":141,"featured_media":0,"parent":0,"menu_order":0,"comment_status":"closed","ping_status":"closed","template":"page-templates\/page-with-sidebar.php","meta":{"_expiration-date-status":"","_expiration-date":0,"_expiration-date-type":"","_expiration-date-categories":[],"_expiration-date-options":[]},"acf":[],"_links":{"self":[{"href":"https:\/\/us.edu.pl\/instytut\/inp\/wp-json\/wp\/v2\/pages\/218"}],"collection":[{"href":"https:\/\/us.edu.pl\/instytut\/inp\/wp-json\/wp\/v2\/pages"}],"about":[{"href":"https:\/\/us.edu.pl\/instytut\/inp\/wp-json\/wp\/v2\/types\/page"}],"author":[{"embeddable":true,"href":"https:\/\/us.edu.pl\/instytut\/inp\/wp-json\/wp\/v2\/users\/141"}],"replies":[{"embeddable":true,"href":"https:\/\/us.edu.pl\/instytut\/inp\/wp-json\/wp\/v2\/comments?post=218"}],"version-history":[{"count":10,"href":"https:\/\/us.edu.pl\/instytut\/inp\/wp-json\/wp\/v2\/pages\/218\/revisions"}],"predecessor-version":[{"id":6237,"href":"https:\/\/us.edu.pl\/instytut\/inp\/wp-json\/wp\/v2\/pages\/218\/revisions\/6237"}],"wp:attachment":[{"href":"https:\/\/us.edu.pl\/instytut\/inp\/wp-json\/wp\/v2\/media?parent=218"}],"curies":[{"name":"wp","href":"https:\/\/api.w.org\/{rel}","templated":true}]}}