{"id":242,"date":"2019-12-30T17:03:12","date_gmt":"2019-12-30T16:03:12","guid":{"rendered":"http:\/\/us.edu.pl\/instytut\/inp\/?page_id=242"},"modified":"2025-01-09T18:57:17","modified_gmt":"2025-01-09T17:57:17","slug":"projekty-badawcze-zakonczone","status":"publish","type":"page","link":"https:\/\/us.edu.pl\/instytut\/inp\/projekty-badawcze-zakonczone\/","title":{"rendered":"zako\u0144czone"},"content":{"rendered":"<p>[vc_row][vc_column][vc_column_text][\/vc_column_text][\/vc_column][\/vc_row][vc_row][vc_column]\r\n                <div class=\"text-modules\">\r\n                    <div class=\"container\">\r\n                        <h3 class=\"page-title text__title\">Projekty badawcze zako\u0144czone<\/h3>\r\n                        <div class=\"text-modules__content\"><\/div>\r\n                    <\/div>\r\n                <\/div>[\/vc_column][\/vc_row][vc_row][vc_column]\r\n                <div class=\"tiles-section\" style=\"background: \">\r\n                    <div class=\"container\">\r\n                        <div class=\"tiles tiles-3 color-blue\">\r\n                            <a href=\"https:\/\/us.edu.pl\/instytut\/inp\/blockchai-centrum-edukacji-promocji-i-implementacji-technologii-blockchain-w-przestrzeni-publicznej\/\" class=\"tile tile_2\">\r\n                                <div class=\"tile__img\">\r\n                                    \r\n                                <\/div>\r\n                                <div class=\"tile__title-small\">Centrum Edukacji, Promocji i Implementacji Technologii Blockchain w Przestrzeni Publicznej<\/div>\r\n                                <div class=\"tile__title-big\">Kierownik: Waldemar Wojtasik<\/div>\r\n                            <\/a>\r\n                            <a href=\"https:\/\/us.edu.pl\/instytut\/inp\/postawy-polakow-wobec-mniejszosci-etnicznych-i-narodowych\/\" class=\"tile tile_2\">\r\n                                <div class=\"tile__img\">\r\n                                    \r\n                                <\/div>\r\n                                <div class=\"tile__title-small\">Postawy Polak\u00f3w wobec mniejszo\u015bci etnicznych i narodowych<\/div>\r\n                                <div class=\"tile__title-big\">Kierownik: Anna Mu\u015b<\/div>\r\n                            <\/a>\r\n                            <a href=\"https:\/\/us.edu.pl\/instytut\/inp\/analiza-czynnikow-oddzialujacych-na-rezultaty-wybor-w-do-dumy-panstwowej-federacji-rosyjskiej-z-2021-roku\/\" class=\"tile tile_2\">\r\n                                <div class=\"tile__img\">\r\n                                    \r\n                                <\/div>\r\n                                <div class=\"tile__title-small\">Analiza czynnik\u00f3w oddzia\u0142uj\u0105cych na rezultaty wybor\u00f3w do Dumy Pa\u0144stwowej Federacji Rosyjskiej z 2021 roku - strategia wyborcza \"inteligentne g\u0142osowanie\"<\/div>\r\n                                <div class=\"tile__title-big\">Kierownik: Agnieszka Miarka<\/div>\r\n                            <\/a>\r\n                            <a href=\"https:\/\/us.edu.pl\/instytut\/inp\/redukcjonizm-genopolityki-w-kontekscie-relacji-miedzy-biologia-a-politologia\/\" class=\"tile tile_2\">\r\n                                <div class=\"tile__img\">\r\n                                    \r\n                                <\/div>\r\n                                <div class=\"tile__title-small\">Redukcjonizm genopolityki w kontek\u015bcie relacji mi\u0119dzy biologi\u0105 a politologi\u0105<\/div>\r\n                                <div class=\"tile__title-big\">Kierownik: Mateusz Wajzer<\/div>\r\n                            <\/a>\r\n                            <a href=\"https:\/\/us.edu.pl\/instytut\/inp\/uwarunkowania-specyfiki-zachowan-politycznych-mieszkancow-wojewodztwa-slaskiego\/\" class=\"tile tile_2\">\r\n                                <div class=\"tile__img\">\r\n                                    \r\n                                <\/div>\r\n                                <div class=\"tile__title-small\">Uwarunkowania specyfiki zachowa\u0144 politycznych mieszka\u0144c\u00f3w wojew\u00f3dztwa \u015bl\u0105skiego<\/div>\r\n                                <div class=\"tile__title-big\">Kierownik: Agnieszka Turska-Kawa<\/div>\r\n                            <\/a>\r\n                            <a href=\"https:\/\/us.edu.pl\/instytut\/inp\/wplyw-kryzysu-gospodarczego-na-dzialanie-systemu-politycznego-analiza-przypadku-grecji-hiszpanii-i-wloch\/\" class=\"tile tile_2\">\r\n                                <div class=\"tile__img\">\r\n                                    \r\n                                <\/div>\r\n                                <div class=\"tile__title-small\">Wp\u0142yw kryzysu gospodarczego na dzia\u0142anie systemu politycznego. Analiza przypadku Grecji, Hiszpanii i W\u0142och<\/div>\r\n                                <div class=\"tile__title-big\">Kierownik: Ma\u0142gorzata My\u015bliwiec<\/div>\r\n                            <\/a>\r\n                            <a href=\"https:\/\/us.edu.pl\/instytut\/inp\/professionalisation-and-social-impact-of-european-political-science\/\" class=\"tile tile_2\">\r\n                                <div class=\"tile__img\">\r\n                                    \r\n                                <\/div>\r\n                                <div class=\"tile__title-small\">Professionalisation and Social Impact of European Political Science<\/div>\r\n                                <div class=\"tile__title-big\">Agnieszka Turska-Kawa - Delegatka Polski w Management Committee<\/div>\r\n                            <\/a>\r\n                            <a href=\"https:\/\/us.edu.pl\/instytut\/inp\/magazyny-cyberdzihadystyczne-jako-instrument-kampanii-propagandowej-tzw-panstwa-islamskiego\/\" class=\"tile tile_2\">\r\n                                <div class=\"tile__img\">\r\n                                    \r\n                                <\/div>\r\n                                <div class=\"tile__title-small\">Magazyny cyberd\u017cihadystyczne jako instrument kampanii propagandowej tzw. Pa\u0144stwa Islamskiego<\/div>\r\n                                <div class=\"tile__title-big\">Kierownik: Miron Lakomy<\/div>\r\n                            <\/a><\/div>\r\n                    <\/div>\r\n                <\/div>\r\n                [\/vc_column][\/vc_row]<\/p>","protected":false},"excerpt":{"rendered":"<p>[vc_row][vc_column][vc_column_text][\/vc_column_text][\/vc_column][\/vc_row][vc_row][vc_column][\/vc_column][\/vc_row][vc_row][vc_column][\/vc_column][\/vc_row] [&#8230;]<\/p>\n<p><a class=\"btn btn-secondary understrap-read-more-link\" href=\"https:\/\/us.edu.pl\/instytut\/inp\/projekty-badawcze-zakonczone\/\">Read More&#8230;<\/a><\/p>\n","protected":false},"author":141,"featured_media":0,"parent":0,"menu_order":0,"comment_status":"closed","ping_status":"closed","template":"","meta":{"_expiration-date-status":"","_expiration-date":0,"_expiration-date-type":"","_expiration-date-categories":[],"_expiration-date-options":[]},"acf":[],"_links":{"self":[{"href":"https:\/\/us.edu.pl\/instytut\/inp\/wp-json\/wp\/v2\/pages\/242"}],"collection":[{"href":"https:\/\/us.edu.pl\/instytut\/inp\/wp-json\/wp\/v2\/pages"}],"about":[{"href":"https:\/\/us.edu.pl\/instytut\/inp\/wp-json\/wp\/v2\/types\/page"}],"author":[{"embeddable":true,"href":"https:\/\/us.edu.pl\/instytut\/inp\/wp-json\/wp\/v2\/users\/141"}],"replies":[{"embeddable":true,"href":"https:\/\/us.edu.pl\/instytut\/inp\/wp-json\/wp\/v2\/comments?post=242"}],"version-history":[{"count":10,"href":"https:\/\/us.edu.pl\/instytut\/inp\/wp-json\/wp\/v2\/pages\/242\/revisions"}],"predecessor-version":[{"id":7452,"href":"https:\/\/us.edu.pl\/instytut\/inp\/wp-json\/wp\/v2\/pages\/242\/revisions\/7452"}],"wp:attachment":[{"href":"https:\/\/us.edu.pl\/instytut\/inp\/wp-json\/wp\/v2\/media?parent=242"}],"curies":[{"name":"wp","href":"https:\/\/api.w.org\/{rel}","templated":true}]}}