{"id":2604,"date":"2020-08-17T13:52:59","date_gmt":"2020-08-17T11:52:59","guid":{"rendered":"https:\/\/us.edu.pl\/instytut\/inp\/?page_id=2604"},"modified":"2020-08-17T13:52:59","modified_gmt":"2020-08-17T11:52:59","slug":"mlodzi-robia-metropolie","status":"publish","type":"page","link":"https:\/\/us.edu.pl\/instytut\/inp\/mlodzi-robia-metropolie\/","title":{"rendered":"Wsparcie naukowo-strategiczne w ramach projektu pn. &#8222;M\u0142odzi robi\u0105 Metropoli\u0119&#8221;"},"content":{"rendered":"<p>[vc_row][vc_column]\r\n                <div class=\"text-modules\">\r\n                    <div class=\"container\">\r\n                        <h3 class=\"page-title text__title\">Wsparcie naukowo-strategiczne w ramach projektu pn. ``M\u0142odzi robi\u0105 Metropoli\u0119``<\/h3>\r\n                        <div class=\"text-modules__content\"><p>Nazwa projektu: <strong>Wsparcie naukowo-strategiczne w ramach projektu pn. &#8222;M\u0142odzi robi\u0105 Metropoli\u0119&#8221;<\/strong>.<\/p>\n<p>Kierownik zespo\u0142u: <strong>dr Natalia St\u0119pie\u0144-Lampa<\/strong> (Instytut Nauk Politycznych).<br \/>\nCz\u0142onkowie zespo\u0142u: prof. dr hab. Ewa Jarosz (Instytut Pedagogiki), dr Marcin Gierczyk (Instytut Pedagogiki), Pawe\u0142 Grzywna (Instytut Nauk Politycznych), mgr Dagmara Dobosz (Instytut Pedagogiki).<\/p>\n<p>Czas realizacji: wrzesie\u0144 2020-grudzie\u0144 2021.<\/p>\n<p>Opis: projekt obejmuje przeprowadzenie 10 warsztat\u00f3w z m\u0142odymi lud\u017ami w wieku 16-25 lat, napisanie na ich podstawie raportu, kt\u00f3ry b\u0119dzie zawiera\u0142 rekomendacje na potrzeby &#8222;Strategii rozwoju GZM do 2027 roku, z perspektyw\u0105 do 2035 roku&#8221;, a tak\u017ce jego prezentowanie w GZM.<\/p>\n<\/div>\r\n                    <\/div>\r\n                <\/div>[\/vc_column][\/vc_row]<\/p>","protected":false},"excerpt":{"rendered":"<p>[vc_row][vc_column][\/vc_column][\/vc_row] [&#8230;]<\/p>\n<p><a class=\"btn btn-secondary understrap-read-more-link\" href=\"https:\/\/us.edu.pl\/instytut\/inp\/mlodzi-robia-metropolie\/\">Read More&#8230;<\/a><\/p>\n","protected":false},"author":141,"featured_media":0,"parent":0,"menu_order":0,"comment_status":"closed","ping_status":"closed","template":"page-templates\/page-with-sidebar.php","meta":{"_expiration-date-status":"saved","_expiration-date":0,"_expiration-date-type":"","_expiration-date-categories":[],"_expiration-date-options":[]},"acf":[],"_links":{"self":[{"href":"https:\/\/us.edu.pl\/instytut\/inp\/wp-json\/wp\/v2\/pages\/2604"}],"collection":[{"href":"https:\/\/us.edu.pl\/instytut\/inp\/wp-json\/wp\/v2\/pages"}],"about":[{"href":"https:\/\/us.edu.pl\/instytut\/inp\/wp-json\/wp\/v2\/types\/page"}],"author":[{"embeddable":true,"href":"https:\/\/us.edu.pl\/instytut\/inp\/wp-json\/wp\/v2\/users\/141"}],"replies":[{"embeddable":true,"href":"https:\/\/us.edu.pl\/instytut\/inp\/wp-json\/wp\/v2\/comments?post=2604"}],"version-history":[{"count":1,"href":"https:\/\/us.edu.pl\/instytut\/inp\/wp-json\/wp\/v2\/pages\/2604\/revisions"}],"predecessor-version":[{"id":2609,"href":"https:\/\/us.edu.pl\/instytut\/inp\/wp-json\/wp\/v2\/pages\/2604\/revisions\/2609"}],"wp:attachment":[{"href":"https:\/\/us.edu.pl\/instytut\/inp\/wp-json\/wp\/v2\/media?parent=2604"}],"curies":[{"name":"wp","href":"https:\/\/api.w.org\/{rel}","templated":true}]}}