{"id":2703,"date":"2020-10-05T15:04:32","date_gmt":"2020-10-05T13:04:32","guid":{"rendered":"https:\/\/us.edu.pl\/instytut\/inp\/?page_id=2703"},"modified":"2021-10-08T13:11:30","modified_gmt":"2021-10-08T11:11:30","slug":"wyzwania-europy-srodkowo-wschodniej","status":"publish","type":"page","link":"https:\/\/us.edu.pl\/instytut\/inp\/wyzwania-europy-srodkowo-wschodniej\/","title":{"rendered":"Wyzwania Europy \u015arodkowo-Wschodniej"},"content":{"rendered":"<p>[vc_row][vc_column]\r\n                <div class=\"text-modules \">\r\n                    <div class=\"container\">\r\n                        <h3 class=\"section-title section-title_border-bottom\">Wyzwania Europy \u015arodkowo-Wschodniej<\/h3> \r\n                        <div class=\"row m-0\">\r\n                            <div class=\"text-modules__content\">\r\n                                W dniu 27 sierpnia 2020 r. odby\u0142a si\u0119 Mi\u0119dzynarodowa konferencja online \u201eWyzwania Europy \u015arodkowo-Wschodniej\u201d zorganizowana przez Doktoranckie Ko\u0142o Nauk o Polityce Uniwersytetu \u015al\u0105skiego oraz Instytut Europy \u015arodkowej i Wschodniej Fundacj\u0119 Tr\u00f3jmorza. W organizacji pomogli r\u00f3wnie\u017c studenci z Ko\u0142a Naukowego Stosunk\u00f3w Mi\u0119dzynarodowych U\u015a oraz Ko\u0142a Naukowego Slawist\u00f3w U\u015a \u015awiatowid.<\/p>\n<p>W trakcie konferencji poruszane by\u0142y tematy z zakresu bezpiecze\u0144stwa, energetyki, komunikacji, sytuacji politycznej i ekonomicznej oraz problematyki kulturowo-historycznej regionu. W konferencji brali udzia\u0142 paneli\u015bci z Serbii, Niemiec, Chorwacji, Bo\u015bni i Hercegowiny, Polski, S\u0142owenii oraz Wielkiej Brytanii.<\/p>\n<p>Na koniec odby\u0142 si\u0119 panel ekspercki podsumowuj\u0105cy konferencj\u0119. Rozmow\u0119 prowadzi\u0142a Dorota Siemie\u0144ska (Instytut Europy \u015arodkowej i Wschodniej Fundacja Tr\u00f3jmorza), a jej go\u015b\u0107mi byli: prof. Miro Ha\u010dek (Uniwersytet Lubla\u0144ski), dr Ewa Flaszy\u0144ska (Uniwersytet Warszawski) oraz Robert Bari\u0107 (Uniwersytet w Zagrzebiu).<\/p>\n<p><a href=\"https:\/\/us.edu.pl\/instytut\/inp\/multimedia\/wyzwania-europy-srodkowo-wschodniej\/\">fotorelacja<\/a><\/p>\n<div class=\"mt-3\"><\/div>\r\n                            <\/div>\r\n                            \r\n                            \r\n                        <\/div>\r\n                    <\/div>\r\n                <\/div>[\/vc_column][\/vc_row]<\/p>","protected":false},"excerpt":{"rendered":"<p>[vc_row][vc_column][\/vc_column][\/vc_row] [&#8230;]<\/p>\n<p><a class=\"btn btn-secondary understrap-read-more-link\" href=\"https:\/\/us.edu.pl\/instytut\/inp\/wyzwania-europy-srodkowo-wschodniej\/\">Read More&#8230;<\/a><\/p>\n","protected":false},"author":141,"featured_media":2709,"parent":0,"menu_order":0,"comment_status":"closed","ping_status":"closed","template":"","meta":{"_expiration-date-status":"saved","_expiration-date":0,"_expiration-date-type":"","_expiration-date-categories":[],"_expiration-date-options":[]},"acf":[],"_links":{"self":[{"href":"https:\/\/us.edu.pl\/instytut\/inp\/wp-json\/wp\/v2\/pages\/2703"}],"collection":[{"href":"https:\/\/us.edu.pl\/instytut\/inp\/wp-json\/wp\/v2\/pages"}],"about":[{"href":"https:\/\/us.edu.pl\/instytut\/inp\/wp-json\/wp\/v2\/types\/page"}],"author":[{"embeddable":true,"href":"https:\/\/us.edu.pl\/instytut\/inp\/wp-json\/wp\/v2\/users\/141"}],"replies":[{"embeddable":true,"href":"https:\/\/us.edu.pl\/instytut\/inp\/wp-json\/wp\/v2\/comments?post=2703"}],"version-history":[{"count":3,"href":"https:\/\/us.edu.pl\/instytut\/inp\/wp-json\/wp\/v2\/pages\/2703\/revisions"}],"predecessor-version":[{"id":3879,"href":"https:\/\/us.edu.pl\/instytut\/inp\/wp-json\/wp\/v2\/pages\/2703\/revisions\/3879"}],"wp:featuredmedia":[{"embeddable":true,"href":"https:\/\/us.edu.pl\/instytut\/inp\/wp-json\/wp\/v2\/media\/2709"}],"wp:attachment":[{"href":"https:\/\/us.edu.pl\/instytut\/inp\/wp-json\/wp\/v2\/media?parent=2703"}],"curies":[{"name":"wp","href":"https:\/\/api.w.org\/{rel}","templated":true}]}}

Wyzwania Europy Środkowo-Wschodniej

<p>[vc_row][vc_column]
                <div class="text-modules ">
                    <div class="container">
                        <h3 class="section-title section-title_border-bottom">Wyzwania Europy Środkowo-Wschodniej</h3> 
                        <div class="row m-0">
                            <div class="text-modules__content">
                                W dniu 27 sierpnia 2020 r. odbyła się Międzynarodowa konferencja online „Wyzwania Europy Środkowo-Wschodniej” zorganizowana przez Doktoranckie Koło Nauk o Polityce Uniwersytetu Śląskiego oraz Instytut Europy Środkowej i Wschodniej Fundację Trójmorza. W organizacji pomogli również studenci z Koła Naukowego Stosunków Międzynarodowych UŚ oraz Koła Naukowego Slawistów UŚ Światowid.</p>
<p>W trakcie konferencji poruszane były tematy z zakresu bezpieczeństwa, energetyki, komunikacji, sytuacji politycznej i ekonomicznej oraz problematyki kulturowo-historycznej regionu. W konferencji brali udział paneliści z Serbii, Niemiec, Chorwacji, Bośni i Hercegowiny, Polski, Słowenii oraz Wielkiej Brytanii.</p>
<p>Na koniec odbył się panel ekspercki podsumowujący konferencję. Rozmowę prowadziła Dorota Siemieńska (Instytut Europy Środkowej i Wschodniej Fundacja Trójmorza), a jej gośćmi byli: prof. Miro Haček (Uniwersytet Lublański), dr Ewa Flaszyńska (Uniwersytet Warszawski) oraz Robert Barić (Uniwersytet w Zagrzebiu).</p>
<p><a href="https://us.edu.pl/instytut/inp/multimedia/wyzwania-europy-srodkowo-wschodniej/">fotorelacja</a></p>
<div class="mt-3"></div>
                            </div>
                            
                            
                        </div>
                    </div>
                </div>[/vc_column][/vc_row]</p>
