{"id":334,"date":"2019-12-30T22:29:05","date_gmt":"2019-12-30T21:29:05","guid":{"rendered":"http:\/\/us.edu.pl\/instytut\/inp\/?page_id=334"},"modified":"2020-11-03T11:53:07","modified_gmt":"2020-11-03T10:53:07","slug":"cepsa","status":"publish","type":"page","link":"https:\/\/us.edu.pl\/instytut\/inp\/cepsa\/","title":{"rendered":"CEPSA"},"content":{"rendered":"<p>[vc_row][vc_column]\r\n                <div class=\"text-modules \">\r\n                    <div class=\"container\">\r\n                        <h3 class=\"section-title section-title_border-bottom\">CEPSA<\/h3> \r\n                        <div class=\"row m-0\">\r\n                            <div class=\"text-modules__content\">\r\n                                <strong>The Central European Political Science Association (CEPSA)<\/strong> zosta\u0142o za\u0142o\u017cone w 1994 jako wsp\u00f3lne forum \u015brodkowoeuropejskich politolog\u00f3w. G\u0142\u00f3wn\u0105 ide\u0105 przy\u015bwiecaj\u0105c\u0105 ustanowieniu Towarzystwa by\u0142o rozwijanie kontakt\u00f3w pomi\u0119dzy politologiami z obszaru postkomunistycznego, kt\u00f3rzy w tym czasie na nowo ustanawiali i rozwijali nauki polityczne w swoich krajach. Istotn\u0105 rol\u0119 w formowaniu potrzeby powo\u0142ania takiej kolektywnej, regionalnej organizacji politologicznej gra\u0142a tak\u017ce idea wsp\u00f3lnej, \u015brodkowoeuropejskiej to\u017csamo\u015bci. Towarzystwo ufundowane jest na zasadzie kolektywnego cz\u0142onkostwa, a pierwszymi krajami kt\u00f3re wesz\u0142y w jego sk\u0142ad by\u0142y Austria, Czechy, W\u0119gry, Polska, S\u0142owacja oraz S\u0142owenia. W chwili obecnej do grona cz\u0142onk\u00f3w \u015arodkowoeuropejskiego Towarzystwa Nauk Politycznych nale\u017c\u0105 tak\u017ce Chorwacja oraz Litwa, a CEPSA sta\u0142a si\u0119 najwi\u0119kszym zbiorowym cz\u0142onkiem Mi\u0119dzynarodowego Towarzystwa Nauk Politycznych (IPSA).<\/p>\n<p>Czasopismo Instytutu Nauk Politycznych \u201ePolitical Preferences\u201d jest oficjalnym pismem CEPSA. Pracownicy Instytutu Nauk Politycznych regularnie bior\u0105 udzia\u0142 w konferencjach organizowanych przez stowarzyszenie.<\/p>\n<p>Wi\u0119cej szczeg\u00f3\u0142\u00f3w na stronie internetowej <a href=\"https:\/\/www.cepsanet.org\/about.html\">CEPSA<\/a>. \r\n                                <div class=\"mt-3\"><\/div>\r\n                            <\/div>\r\n                            \r\n                            <div class=\"text-modules__img\"><img src=\"https:\/\/us.edu.pl\/instytut\/inp\/wp-content\/uploads\/sites\/31\/Nieprzypisane\/cepsa-logo.png\" alt=\"img\"><\/div>\r\n                        <\/div>\r\n                    <\/div>\r\n                <\/div>[\/vc_column][\/vc_row]<\/p>","protected":false},"excerpt":{"rendered":"<p>[vc_row][vc_column][\/vc_column][\/vc_row] [&#8230;]<\/p>\n<p><a class=\"btn btn-secondary understrap-read-more-link\" href=\"https:\/\/us.edu.pl\/instytut\/inp\/cepsa\/\">Read More&#8230;<\/a><\/p>\n","protected":false},"author":141,"featured_media":0,"parent":0,"menu_order":0,"comment_status":"closed","ping_status":"closed","template":"page-templates\/page-with-sidebar.php","meta":{"_expiration-date-status":"saved","_expiration-date":0,"_expiration-date-type":"","_expiration-date-categories":[],"_expiration-date-options":[]},"acf":[],"_links":{"self":[{"href":"https:\/\/us.edu.pl\/instytut\/inp\/wp-json\/wp\/v2\/pages\/334"}],"collection":[{"href":"https:\/\/us.edu.pl\/instytut\/inp\/wp-json\/wp\/v2\/pages"}],"about":[{"href":"https:\/\/us.edu.pl\/instytut\/inp\/wp-json\/wp\/v2\/types\/page"}],"author":[{"embeddable":true,"href":"https:\/\/us.edu.pl\/instytut\/inp\/wp-json\/wp\/v2\/users\/141"}],"replies":[{"embeddable":true,"href":"https:\/\/us.edu.pl\/instytut\/inp\/wp-json\/wp\/v2\/comments?post=334"}],"version-history":[{"count":7,"href":"https:\/\/us.edu.pl\/instytut\/inp\/wp-json\/wp\/v2\/pages\/334\/revisions"}],"predecessor-version":[{"id":2996,"href":"https:\/\/us.edu.pl\/instytut\/inp\/wp-json\/wp\/v2\/pages\/334\/revisions\/2996"}],"wp:attachment":[{"href":"https:\/\/us.edu.pl\/instytut\/inp\/wp-json\/wp\/v2\/media?parent=334"}],"curies":[{"name":"wp","href":"https:\/\/api.w.org\/{rel}","templated":true}]}}