{"id":349,"date":"2019-12-30T22:59:52","date_gmt":"2019-12-30T21:59:52","guid":{"rendered":"http:\/\/us.edu.pl\/instytut\/inp\/?page_id=349"},"modified":"2025-01-07T18:30:27","modified_gmt":"2025-01-07T17:30:27","slug":"uniwersytet-najlepszych","status":"publish","type":"page","link":"https:\/\/us.edu.pl\/instytut\/inp\/uniwersytet-najlepszych\/","title":{"rendered":"Uniwersytet Najlepszych"},"content":{"rendered":"<p>[vc_row][vc_column]\r\n                <div class=\"text-modules \">\r\n                    <div class=\"container\">\r\n                        <h3 class=\"section-title section-title_border-bottom\">Uniwersytet Najlepszych<\/h3> \r\n                        <div class=\"row m-0\">\r\n                            <div class=\"text-modules__content\">\r\n                                <strong>Uniwersytet Najlepszych<\/strong> to pierwszy tego typu program w wojew\u00f3dztwie \u015bl\u0105skim maj\u0105cy na celu rozwijanie pasji najzdolniejszych uczni\u00f3w szk\u00f3\u0142 podstawowych i ponadpodstawowych zainteresowanych rozwojem naukowym. Program ma na celu pokazanie bogatej oferty edukacyjnej Uniwersytetu \u015al\u0105skiego oraz zach\u0119cenie do podj\u0119cia studi\u00f3w w wojew\u00f3dztwie \u015bl\u0105skim. Uniwersytet Najlepszych wspiera uczni\u00f3w szk\u00f3\u0142 podstawowych i ponadpodstawowych w rozwoju ich aktywno\u015bci poznawczej oraz pobudza ich innowacyjno\u015b\u0107 oraz kreatywno\u015b\u0107. G\u0142\u00f3wn\u0105 metod\u0105 pracy w Uniwersytecie Najlepszych jest edukacja spersonalizowana oparta na tutoringu. Tutor jest opiekunem pomagaj\u0105cym w znalezieniu optymalnej \u015bcie\u017cki naukowej i dostosowaniu jej do w\u0142asnych zainteresowa\u0144 ucznia. Podczas spotka\u0144 tutor pracuje z uczestnikiem, podejmuj\u0105c pr\u00f3by trafnego rozpoznania jego potencja\u0142u, pomaga w odkryciu i rozwini\u0119ciu talent\u00f3w, wsp\u00f3lnie z podopiecznym wyznacza \u015bcie\u017ck\u0119 rozwoju oraz motywuje do d\u0142ugotrwa\u0142ej wsp\u00f3\u0142pracy w rozwoju osobistym i naukowym. Uczestnicy programu rekrutowani s\u0105 spo\u015br\u00f3d uczni\u00f3w szk\u00f3\u0142 podstawowych i ponadpodstawowych. W sk\u0142ad komisji wchodz\u0105 pracownicy naukowi Uniwersytetu \u015al\u0105skiego. Program zak\u0142ada realizacj\u0119 zindywidualizowanych program\u00f3w edukacyjnych dla uzdolnionych uczni\u00f3w pod opiek\u0105 pracownik\u00f3w naukowych Uniwersytetu \u015al\u0105skiego.<\/p>\n<p>Program dla uczestnik\u00f3w by\u0142 realizowany w dw\u00f3ch edycjach trwaj\u0105cych od pa\u017adziernika do czerwca. Obie edycje zwie\u0144czy\u0142a konferencja podsumowuj\u0105ca program.<\/p>\n<p>Koordynatorami dotychczasowych edycji projektu byli pracownicy Instytutu Nauk Politycznych: pierwszej edycji &#8211; dr Pawe\u0142 Grzywna, natomiast drug\u0105 edycj\u0119 prowadzi\u0142a dr Natalia St\u0119pie\u0144-Lampa.<\/p>\n<p>Wi\u0119cej szczeg\u00f3\u0142\u00f3w na stronie internetowej <a href=\"http:\/\/www.uniwersytetnajlepszych.us.edu.pl\/\">Uniwersytetu Najlepszych<\/a>. \r\n                                <div class=\"mt-3\"><\/div>\r\n                            <\/div>\r\n                            \r\n                            \r\n                        <\/div>\r\n                    <\/div>\r\n                <\/div>[\/vc_column][\/vc_row]<\/p>","protected":false},"excerpt":{"rendered":"<p>[vc_row][vc_column][\/vc_column][\/vc_row] [&#8230;]<\/p>\n<p><a class=\"btn btn-secondary understrap-read-more-link\" href=\"https:\/\/us.edu.pl\/instytut\/inp\/uniwersytet-najlepszych\/\">Read More&#8230;<\/a><\/p>\n","protected":false},"author":141,"featured_media":0,"parent":0,"menu_order":0,"comment_status":"closed","ping_status":"closed","template":"page-templates\/page-with-sidebar.php","meta":{"_expiration-date-status":"saved","_expiration-date":0,"_expiration-date-type":"","_expiration-date-categories":[],"_expiration-date-options":[]},"acf":[],"_links":{"self":[{"href":"https:\/\/us.edu.pl\/instytut\/inp\/wp-json\/wp\/v2\/pages\/349"}],"collection":[{"href":"https:\/\/us.edu.pl\/instytut\/inp\/wp-json\/wp\/v2\/pages"}],"about":[{"href":"https:\/\/us.edu.pl\/instytut\/inp\/wp-json\/wp\/v2\/types\/page"}],"author":[{"embeddable":true,"href":"https:\/\/us.edu.pl\/instytut\/inp\/wp-json\/wp\/v2\/users\/141"}],"replies":[{"embeddable":true,"href":"https:\/\/us.edu.pl\/instytut\/inp\/wp-json\/wp\/v2\/comments?post=349"}],"version-history":[{"count":5,"href":"https:\/\/us.edu.pl\/instytut\/inp\/wp-json\/wp\/v2\/pages\/349\/revisions"}],"predecessor-version":[{"id":7111,"href":"https:\/\/us.edu.pl\/instytut\/inp\/wp-json\/wp\/v2\/pages\/349\/revisions\/7111"}],"wp:attachment":[{"href":"https:\/\/us.edu.pl\/instytut\/inp\/wp-json\/wp\/v2\/media?parent=349"}],"curies":[{"name":"wp","href":"https:\/\/api.w.org\/{rel}","templated":true}]}}