{"id":3582,"date":"2021-05-07T11:52:09","date_gmt":"2021-05-07T09:52:09","guid":{"rendered":"https:\/\/us.edu.pl\/instytut\/inp\/?page_id=3582"},"modified":"2022-02-21T21:08:01","modified_gmt":"2022-02-21T20:08:01","slug":"polska-polityka-i-spoleczenstwo","status":"publish","type":"page","link":"https:\/\/us.edu.pl\/instytut\/inp\/polska-polityka-i-spoleczenstwo\/","title":{"rendered":"Polska polityka i spo\u0142ecze\u0144stwo"},"content":{"rendered":"<p>[vc_row][vc_column]\r\n                <div class=\"text-modules \">\r\n                    <div class=\"container\">\r\n                        <h3 class=\"section-title section-title_border-bottom\">Polska polityka i spo\u0142ecze\u0144stwo<\/h3> \r\n                        <div class=\"row m-0\">\r\n                            <div class=\"text-modules__content\">\r\n                                &#8222;Polska polityka i spo\u0142ecze\u0144stwo&#8221; &#8211; pod takim has\u0142em 30 kwietnia 2021 roku odby\u0142a si\u0119 pierwsza Studencka Konferencja Naukowa organizowana przez Ko\u0142o Naukowe Doradztwa Politycznego U\u015a. W ramach konferencji swoje wyst\u0105pienia przedstawili studenci kierunk\u00f3w prowadzonych przez Instytut Nauk Politycznych U\u015a, absolwenci Wydzia\u0142u Nauk Spo\u0142ecznych, a tak\u017ce student Uniwersytetu Opolskiego. Wyk\u0142ad inauguracyjny wyg\u0142osi\u0142 opiekun ko\u0142a dr Maciej Marmola. Poni\u017cej prezentujemy wyst\u0105pienia wyg\u0142oszone w ramach konferencji.<\/p>\n<p>Wyk\u0142ad inauguracyjny:<br \/>\ndr Maciej Marmola (U\u015a) &#8211; &#8222;<a href=\"https:\/\/youtu.be\/j0BRnRQSCHs\">Poziom reprezentatywno\u015bci partii politycznych i zapotrzebowanie na nowe ugrupowania w polskim systemie partyjnym<\/a>&#8221;<\/p>\n<p>Karolina Kaczmarczyk, Natalia Pyzik (U\u015a) &#8211; &#8222;<a href=\"https:\/\/youtu.be\/gQUFZmtq16k\">Odbi\u00f3r programu Wiosny Biedronia w wyborach do Parlamentu Europejskiego z 2019 roku w\u015br\u00f3d ludzi m\u0142odych w wojew\u00f3dztwie \u015bl\u0105skim<\/a>&#8221;<\/p>\n<p>Micha\u0142 Jarkiewicz (Dziennik Zachodni) &#8211; &#8222;<a href=\"https:\/\/youtu.be\/Rxhuo2H1C_Q\">Co anga\u017cuje facebookowy elektorat? Analiza przekaz\u00f3w Prawa i Sprawiedliwo\u015bci oraz Koalicji Europejskiej na Facebooku w czasie kampanii przed wyborami do Parlamentu Europejskiego 2019<\/a>&#8221;<\/p>\n<p>Kinga Kandziora (U\u015a) &#8211; &#8222;<a href=\"https:\/\/youtu.be\/mRexrEfee-g\">Przepracowanie w\u015br\u00f3d m\u0142odzie\u017cy szk\u00f3\u0142 ponadpodstawowych<\/a>&#8221;<\/p>\n<p>Jakub Krzykawski (Uniwersytet Opolski) &#8211; &#8222;<a href=\"https:\/\/youtu.be\/bBU2ciUZMs4\">Instytucja immunitetu i ustawa o wykonywaniu mandatu pos\u0142a i senatora a wybrane zachowania polskich polityk\u00f3w<\/a>&#8221;<\/p>\n<p>Jerzy B\u0142azenek (U\u015a) &#8211; &#8222;<a href=\"https:\/\/youtu.be\/ptIp42xIPqk\">Analiza przem\u00f3wie\u0144 Baracka Obamy w odniesieniu do etosu, patosu, logosu oraz klasycznej kompozycji mowy<\/a>&#8221;<\/p>\n<p>Krzysztof Darmo\u0144, Klaudia Jagoda (U\u015a) &#8211; &#8222;<a href=\"https:\/\/youtu.be\/OJKGsk7ILP0\">Strajk Kobiet a preferencje wyborcze &#8211; badania empiryczne<\/a>&#8221;<\/p>\n<p>Denis D\u0105browski, Artur Ma\u015blak (U\u015a) &#8211; &#8222;<a href=\"https:\/\/youtu.be\/IcMwhA-3z9E\">Strajk Kobiet a cechy socjodemograficzne &#8211; badania empiryczne<\/a>&#8221;<\/p>\n<div class=\"mt-3\"><\/div>\r\n                            <\/div>\r\n                            \r\n                            <div class=\"text-modules__img\"><img src=\"https:\/\/us.edu.pl\/instytut\/inp\/wp-content\/uploads\/sites\/31\/Nieprzypisane\/konfa2.png\" alt=\"img\"><\/div>\r\n                        <\/div>\r\n                    <\/div>\r\n                <\/div>[\/vc_column][\/vc_row][vc_row][vc_column width=&#8221;1\/4&#8243;][vc_video link=&#8221;https:\/\/youtu.be\/j0BRnRQSCHs&#8221; title=&#8221;dr Maciej Marmola (U\u015a): Poziom reprezentatywno\u015bci partii politycznych i zapotrzebowanie na nowe ugrupowania w polskim systemie partyjnym&#8221; css=&#8221;.vc_custom_1645473278672{margin-left: 40px !important;}&#8221;][\/vc_column][vc_column width=&#8221;1\/4&#8243;][vc_video link=&#8221;https:\/\/youtu.be\/gQUFZmtq16k&#8221; title=&#8221;Karolina Kaczmarczyk, Natalia Pyzik (U\u015a): Odbi\u00f3r programu Wiosny Biedronia w wyborach do Parlamentu Europejskiego z 2019 roku w\u015br\u00f3d ludzi m\u0142odych w woj. \u015bl\u0105skim&#8221; css=&#8221;.vc_custom_1645473481333{margin-left: 40px !important;}&#8221;][\/vc_column][vc_column width=&#8221;1\/4&#8243;][vc_video link=&#8221;https:\/\/youtu.be\/Rxhuo2H1C_Q&#8221; title=&#8221;Micha\u0142 Jarkiewicz: Co anga\u017cuje facebookowy elektorat? Analiza przekaz\u00f3w PiS oraz Koalicji Europejskiej na Facebooku w czasie kampanii przed wyborami do PE 2019&#8243; css=&#8221;.vc_custom_1645473583515{margin-left: 40px !important;}&#8221;][\/vc_column][vc_column width=&#8221;1\/4&#8243;][vc_video link=&#8221;https:\/\/youtu.be\/bBU2ciUZMs4&#8243; title=&#8221;Jakub Krzykawski (UO): Instytucja immunitetu i ustawa o wykonywaniu mandatu pos\u0142a i senatora a wybrane zachowania polskich polityk\u00f3w&#8221; css=&#8221;.vc_custom_1645473843637{margin-left: 40px !important;}&#8221;][\/vc_column][\/vc_row][vc_row][vc_column width=&#8221;1\/4&#8243;][vc_video link=&#8221;https:\/\/youtu.be\/mRexrEfee-g&#8221; title=&#8221;Kinga Kandziora (U\u015a): Przepracowanie w\u015br\u00f3d m\u0142odzie\u017cy szk\u00f3\u0142 ponadpodstawowych&#8221; css=&#8221;.vc_custom_1645473680322{margin-left: 40px !important;}&#8221;][\/vc_column][vc_column width=&#8221;1\/4&#8243;][vc_video link=&#8221;https:\/\/youtu.be\/ptIp42xIPqk&#8221; title=&#8221;Jerzy B\u0142azenek (U\u015a): Analiza przem\u00f3wie\u0144 Baracka Obamy w odniesieniu do etosu, patosu, logosu&#8221; css=&#8221;.vc_custom_1645473941558{margin-left: 40px !important;}&#8221;][\/vc_column][vc_column width=&#8221;1\/4&#8243;][vc_video link=&#8221;https:\/\/youtu.be\/OJKGsk7ILP0&#8243; title=&#8221;Krzysztof Darmo\u0144, Klaudia Jagoda (U\u015a): Strajk Kobiet a preferencje wyborcze &#8211; badania empiryczne&#8221; css=&#8221;.vc_custom_1645474070884{margin-left: 40px !important;}&#8221;][\/vc_column][vc_column width=&#8221;1\/4&#8243;][vc_video link=&#8221;https:\/\/youtu.be\/IcMwhA-3z9E&#8221; title=&#8221;Denis D\u0105browski, Artur Ma\u015blak (U\u015a): Strajk Kobiet a cechy socjodemograficzne \u2013 badania empiryczne&#8221; css=&#8221;.vc_custom_1645473977906{margin-left: 40px !important;}&#8221;][\/vc_column][\/vc_row]<\/p>","protected":false},"excerpt":{"rendered":"<p>[vc_row][vc_column][\/vc_column][\/vc_row][vc_row][vc_column width=&#8221;1\/4&#8243;][vc_video link=&#8221;https:\/\/youtu.be\/j0BRnRQSCHs&#8221; title=&#8221;dr Maciej Marmola (U\u015a): Poziom reprezentatywno\u015bci partii politycznych i zapotrzebowanie na nowe ugrupowania w polskim systemie partyjnym&#8221; css=&#8221;.vc_custom_1645473278672{margin-left: 40px !important;}&#8221;][\/vc_column][vc_column width=&#8221;1\/4&#8243;][vc_video link=&#8221;https:\/\/youtu.be\/gQUFZmtq16k&#8221; title=&#8221;Karolina Kaczmarczyk, Natalia Pyzik (U\u015a): Odbi\u00f3r programu Wiosny Biedronia w wyborach do Parlamentu Europejskiego z 2019 roku w\u015br\u00f3d ludzi m\u0142odych w woj. \u015bl\u0105skim&#8221; css=&#8221;.vc_custom_1645473481333{margin-left: 40px !important;}&#8221;][\/vc_column][vc_column width=&#8221;1\/4&#8243;][vc_video link=&#8221;https:\/\/youtu.be\/Rxhuo2H1C_Q&#8221; title=&#8221;Micha\u0142 Jarkiewicz: [&#8230;]<\/p>\n<p><a class=\"btn btn-secondary understrap-read-more-link\" href=\"https:\/\/us.edu.pl\/instytut\/inp\/polska-polityka-i-spoleczenstwo\/\">Read More&#8230;<\/a><\/p>\n","protected":false},"author":132,"featured_media":0,"parent":0,"menu_order":0,"comment_status":"closed","ping_status":"closed","template":"","meta":{"_expiration-date-status":"saved","_expiration-date":0,"_expiration-date-type":"","_expiration-date-categories":[],"_expiration-date-options":[]},"acf":[],"_links":{"self":[{"href":"https:\/\/us.edu.pl\/instytut\/inp\/wp-json\/wp\/v2\/pages\/3582"}],"collection":[{"href":"https:\/\/us.edu.pl\/instytut\/inp\/wp-json\/wp\/v2\/pages"}],"about":[{"href":"https:\/\/us.edu.pl\/instytut\/inp\/wp-json\/wp\/v2\/types\/page"}],"author":[{"embeddable":true,"href":"https:\/\/us.edu.pl\/instytut\/inp\/wp-json\/wp\/v2\/users\/132"}],"replies":[{"embeddable":true,"href":"https:\/\/us.edu.pl\/instytut\/inp\/wp-json\/wp\/v2\/comments?post=3582"}],"version-history":[{"count":10,"href":"https:\/\/us.edu.pl\/instytut\/inp\/wp-json\/wp\/v2\/pages\/3582\/revisions"}],"predecessor-version":[{"id":4169,"href":"https:\/\/us.edu.pl\/instytut\/inp\/wp-json\/wp\/v2\/pages\/3582\/revisions\/4169"}],"wp:attachment":[{"href":"https:\/\/us.edu.pl\/instytut\/inp\/wp-json\/wp\/v2\/media?parent=3582"}],"curies":[{"name":"wp","href":"https:\/\/api.w.org\/{rel}","templated":true}]}}

Polska polityka i społeczeństwo

<p>[vc_row][vc_column]
                <div class="text-modules ">
                    <div class="container">
                        <h3 class="section-title section-title_border-bottom">Polska polityka i społeczeństwo</h3> 
                        <div class="row m-0">
                            <div class="text-modules__content">
                                &#8222;Polska polityka i społeczeństwo&#8221; &#8211; pod takim hasłem 30 kwietnia 2021 roku odbyła się pierwsza Studencka Konferencja Naukowa organizowana przez Koło Naukowe Doradztwa Politycznego UŚ. W ramach konferencji swoje wystąpienia przedstawili studenci kierunków prowadzonych przez Instytut Nauk Politycznych UŚ, absolwenci Wydziału Nauk Społecznych, a także student Uniwersytetu Opolskiego. Wykład inauguracyjny wygłosił opiekun koła dr Maciej Marmola. Poniżej prezentujemy wystąpienia wygłoszone w ramach konferencji.</p>
<p>Wykład inauguracyjny:<br />
dr Maciej Marmola (UŚ) &#8211; &#8222;<a href="https://youtu.be/j0BRnRQSCHs">Poziom reprezentatywności partii politycznych i zapotrzebowanie na nowe ugrupowania w polskim systemie partyjnym</a>&#8221;</p>
<p>Karolina Kaczmarczyk, Natalia Pyzik (UŚ) &#8211; &#8222;<a href="https://youtu.be/gQUFZmtq16k">Odbiór programu Wiosny Biedronia w wyborach do Parlamentu Europejskiego z 2019 roku wśród ludzi młodych w województwie śląskim</a>&#8221;</p>
<p>Michał Jarkiewicz (Dziennik Zachodni) &#8211; &#8222;<a href="https://youtu.be/Rxhuo2H1C_Q">Co angażuje facebookowy elektorat? Analiza przekazów Prawa i Sprawiedliwości oraz Koalicji Europejskiej na Facebooku w czasie kampanii przed wyborami do Parlamentu Europejskiego 2019</a>&#8221;</p>
<p>Kinga Kandziora (UŚ) &#8211; &#8222;<a href="https://youtu.be/mRexrEfee-g">Przepracowanie wśród młodzieży szkół ponadpodstawowych</a>&#8221;</p>
<p>Jakub Krzykawski (Uniwersytet Opolski) &#8211; &#8222;<a href="https://youtu.be/bBU2ciUZMs4">Instytucja immunitetu i ustawa o wykonywaniu mandatu posła i senatora a wybrane zachowania polskich polityków</a>&#8221;</p>
<p>Jerzy Błazenek (UŚ) &#8211; &#8222;<a href="https://youtu.be/ptIp42xIPqk">Analiza przemówień Baracka Obamy w odniesieniu do etosu, patosu, logosu oraz klasycznej kompozycji mowy</a>&#8221;</p>
<p>Krzysztof Darmoń, Klaudia Jagoda (UŚ) &#8211; &#8222;<a href="https://youtu.be/OJKGsk7ILP0">Strajk Kobiet a preferencje wyborcze &#8211; badania empiryczne</a>&#8221;</p>
<p>Denis Dąbrowski, Artur Maślak (UŚ) &#8211; &#8222;<a href="https://youtu.be/IcMwhA-3z9E">Strajk Kobiet a cechy socjodemograficzne &#8211; badania empiryczne</a>&#8221;</p>
<div class="mt-3"></div>
                            </div>
                            
                            <div class="text-modules__img"><img src="https://us.edu.pl/instytut/inp/wp-content/uploads/sites/31/Nieprzypisane/konfa2.png" alt="img"></div>
                        </div>
                    </div>
                </div>[/vc_column][/vc_row][vc_row][vc_column width=&#8221;1/4&#8243;][vc_video link=&#8221;https://youtu.be/j0BRnRQSCHs&#8221; title=&#8221;dr Maciej Marmola (UŚ): Poziom reprezentatywności partii politycznych i zapotrzebowanie na nowe ugrupowania w polskim systemie partyjnym&#8221; css=&#8221;.vc_custom_1645473278672{margin-left: 40px !important;}&#8221;][/vc_column][vc_column width=&#8221;1/4&#8243;][vc_video link=&#8221;https://youtu.be/gQUFZmtq16k&#8221; title=&#8221;Karolina Kaczmarczyk, Natalia Pyzik (UŚ): Odbiór programu Wiosny Biedronia w wyborach do Parlamentu Europejskiego z 2019 roku wśród ludzi młodych w woj. śląskim&#8221; css=&#8221;.vc_custom_1645473481333{margin-left: 40px !important;}&#8221;][/vc_column][vc_column width=&#8221;1/4&#8243;][vc_video link=&#8221;https://youtu.be/Rxhuo2H1C_Q&#8221; title=&#8221;Michał Jarkiewicz: Co angażuje facebookowy elektorat? Analiza przekazów PiS oraz Koalicji Europejskiej na Facebooku w czasie kampanii przed wyborami do PE 2019&#8243; css=&#8221;.vc_custom_1645473583515{margin-left: 40px !important;}&#8221;][/vc_column][vc_column width=&#8221;1/4&#8243;][vc_video link=&#8221;https://youtu.be/bBU2ciUZMs4&#8243; title=&#8221;Jakub Krzykawski (UO): Instytucja immunitetu i ustawa o wykonywaniu mandatu posła i senatora a wybrane zachowania polskich polityków&#8221; css=&#8221;.vc_custom_1645473843637{margin-left: 40px !important;}&#8221;][/vc_column][/vc_row][vc_row][vc_column width=&#8221;1/4&#8243;][vc_video link=&#8221;https://youtu.be/mRexrEfee-g&#8221; title=&#8221;Kinga Kandziora (UŚ): Przepracowanie wśród młodzieży szkół ponadpodstawowych&#8221; css=&#8221;.vc_custom_1645473680322{margin-left: 40px !important;}&#8221;][/vc_column][vc_column width=&#8221;1/4&#8243;][vc_video link=&#8221;https://youtu.be/ptIp42xIPqk&#8221; title=&#8221;Jerzy Błazenek (UŚ): Analiza przemówień Baracka Obamy w odniesieniu do etosu, patosu, logosu&#8221; css=&#8221;.vc_custom_1645473941558{margin-left: 40px !important;}&#8221;][/vc_column][vc_column width=&#8221;1/4&#8243;][vc_video link=&#8221;https://youtu.be/OJKGsk7ILP0&#8243; title=&#8221;Krzysztof Darmoń, Klaudia Jagoda (UŚ): Strajk Kobiet a preferencje wyborcze &#8211; badania empiryczne&#8221; css=&#8221;.vc_custom_1645474070884{margin-left: 40px !important;}&#8221;][/vc_column][vc_column width=&#8221;1/4&#8243;][vc_video link=&#8221;https://youtu.be/IcMwhA-3z9E&#8221; title=&#8221;Denis Dąbrowski, Artur Maślak (UŚ): Strajk Kobiet a cechy socjodemograficzne – badania empiryczne&#8221; css=&#8221;.vc_custom_1645473977906{margin-left: 40px !important;}&#8221;][/vc_column][/vc_row]</p>

<p>[vc_row][vc_column][/vc_column][/vc_row][vc_row][vc_column width=&#8221;1/4&#8243;][vc_video link=&#8221;https://youtu.be/j0BRnRQSCHs&#8221; title=&#8221;dr Maciej Marmola (UŚ): Poziom reprezentatywności partii politycznych i zapotrzebowanie na nowe ugrupowania w polskim systemie partyjnym&#8221; css=&#8221;.vc_custom_1645473278672{margin-left: 40px !important;}&#8221;][/vc_column][vc_column width=&#8221;1/4&#8243;][vc_video link=&#8221;https://youtu.be/gQUFZmtq16k&#8221; title=&#8221;Karolina Kaczmarczyk, Natalia Pyzik (UŚ): Odbiór programu Wiosny Biedronia w wyborach do Parlamentu Europejskiego z 2019 roku wśród ludzi młodych w woj. śląskim&#8221; css=&#8221;.vc_custom_1645473481333{margin-left: 40px !important;}&#8221;][/vc_column][vc_column width=&#8221;1/4&#8243;][vc_video link=&#8221;https://youtu.be/Rxhuo2H1C_Q&#8221; title=&#8221;Michał Jarkiewicz: [&#8230;]</p>
<p><a class="btn btn-secondary understrap-read-more-link" href="https://us.edu.pl/instytut/inp/polska-polityka-i-spoleczenstwo/">Read More&#8230;</a></p>
