{"id":3880,"date":"2021-10-08T13:17:58","date_gmt":"2021-10-08T11:17:58","guid":{"rendered":"https:\/\/us.edu.pl\/instytut\/inp\/?page_id=3880"},"modified":"2021-10-08T13:46:42","modified_gmt":"2021-10-08T11:46:42","slug":"wyzwania-europy-srodkowej-i-wschodniej-vol-2","status":"publish","type":"page","link":"https:\/\/us.edu.pl\/instytut\/inp\/wyzwania-europy-srodkowej-i-wschodniej-vol-2\/","title":{"rendered":"Wyzwania Europy \u015arodkowej i Wschodniej vol. 2: Nowe \u2013 stare populizmy"},"content":{"rendered":"<p>[vc_row][vc_column]\r\n                <div class=\"text-modules \">\r\n                    <div class=\"container\">\r\n                        <h3 class=\"section-title section-title_border-bottom\">Mi\u0119dzynarodowa Konferencja Naukowa \u201eWyzwania Europy \u015arodkowej i Wschodniej vol. 2: Nowe \u2013 stare populizmy\u201d<\/h3> \r\n                        <div class=\"row m-0\">\r\n                            <div class=\"text-modules__content\">\r\n                                W dniu 1 wrze\u015bnia 2021 roku odby\u0142a si\u0119 Mi\u0119dzynarodowa Konferencja Naukowa \u201eWyzwania Europy \u015arodkowej i Wschodniej vol.2: Nowe \u2013 stare populizmy\u201d (\u201eChallenges for Central and Eastern Europe vol.2: New \u2013 old populisms\u201d). Organizatorami konferencji by\u0142o Doktoranckie Ko\u0142o Nauk o Polityce Uniwersytetu \u015al\u0105skiego, Fundacja Tr\u00f3jmorza Insytut Europy \u015arodkowej i Wschodniej a wsp\u00f3\u0142organizatorem: Akademia Kadr Europejskich. Wydarzenie odbywa\u0142o si\u0119 online za po\u015brednictwem platformy Skype w godzinach 10:00 \u2013 17:25, gdzie zosta\u0142y przedstawione referaty na temat definicji populizmu, przyk\u0142\u0105dw populizm\u00f3w w Europie oraz analizy problematyki populizmu, natomiast o godzinie 18:00 odby\u0142 si\u0119 panel ekspercki, kt\u00f3ry by\u0142 podsumowaniem konferencji i wcze\u015bniejszych wyst\u0105pie\u0144.<\/p>\n<p>W konferencji udzia\u0142 wzi\u0119\u0142o kilkudziesi\u0119ciu naukowc\u00f3w \u2013 od student\u00f3w, przez doktorant\u00f3w, a\u017c po profesor\u00f3w reprezentuj\u0105cych wiele uczelni polskich i zagranicznych. Przedstawiono szereg interesuj\u0105cych oraz innowacyjnych referat\u00f3w z obszar\u00f3w politologii, stosunk\u00f3w mi\u0119dzynarodowych, historii i prawa. W panelu eksperckim udzia\u0142 wzi\u0119\u0142a dr hab. profesor U\u015a Agnieszka Turska \u2013 Kawa oraz dr hab. Ladislav Cabada z Masaryk University (Czechy) oraz deputowany do chorwackiego parlamentu, Domagoj Hajdukovi\u0107<strong>. <\/strong>By\u0142a to ju\u017c druga edycja wydarzenia i planowane s\u0105 kolejne.<\/p>\n<div class=\"mt-3\"><\/div>\r\n                            <\/div>\r\n                            \r\n                            <div class=\"text-modules__img\"><img src=\"https:\/\/us.edu.pl\/instytut\/inp\/wp-content\/uploads\/sites\/31\/Nieprzypisane\/baner-panel_1.jpg\" alt=\"img\"><\/div>\r\n                        <\/div>\r\n                    <\/div>\r\n                <\/div>[\/vc_column][\/vc_row]<\/p>","protected":false},"excerpt":{"rendered":"<p>[vc_row][vc_column][\/vc_column][\/vc_row] [&#8230;]<\/p>\n<p><a class=\"btn btn-secondary understrap-read-more-link\" href=\"https:\/\/us.edu.pl\/instytut\/inp\/wyzwania-europy-srodkowej-i-wschodniej-vol-2\/\">Read More&#8230;<\/a><\/p>\n","protected":false},"author":141,"featured_media":3889,"parent":0,"menu_order":0,"comment_status":"closed","ping_status":"closed","template":"","meta":{"_expiration-date-status":"saved","_expiration-date":0,"_expiration-date-type":"","_expiration-date-categories":[],"_expiration-date-options":[]},"acf":[],"_links":{"self":[{"href":"https:\/\/us.edu.pl\/instytut\/inp\/wp-json\/wp\/v2\/pages\/3880"}],"collection":[{"href":"https:\/\/us.edu.pl\/instytut\/inp\/wp-json\/wp\/v2\/pages"}],"about":[{"href":"https:\/\/us.edu.pl\/instytut\/inp\/wp-json\/wp\/v2\/types\/page"}],"author":[{"embeddable":true,"href":"https:\/\/us.edu.pl\/instytut\/inp\/wp-json\/wp\/v2\/users\/141"}],"replies":[{"embeddable":true,"href":"https:\/\/us.edu.pl\/instytut\/inp\/wp-json\/wp\/v2\/comments?post=3880"}],"version-history":[{"count":2,"href":"https:\/\/us.edu.pl\/instytut\/inp\/wp-json\/wp\/v2\/pages\/3880\/revisions"}],"predecessor-version":[{"id":3900,"href":"https:\/\/us.edu.pl\/instytut\/inp\/wp-json\/wp\/v2\/pages\/3880\/revisions\/3900"}],"wp:featuredmedia":[{"embeddable":true,"href":"https:\/\/us.edu.pl\/instytut\/inp\/wp-json\/wp\/v2\/media\/3889"}],"wp:attachment":[{"href":"https:\/\/us.edu.pl\/instytut\/inp\/wp-json\/wp\/v2\/media?parent=3880"}],"curies":[{"name":"wp","href":"https:\/\/api.w.org\/{rel}","templated":true}]}}

Wyzwania Europy Środkowej i Wschodniej vol. 2: Nowe – stare populizmy

<p>[vc_row][vc_column]
                <div class="text-modules ">
                    <div class="container">
                        <h3 class="section-title section-title_border-bottom">Międzynarodowa Konferencja Naukowa „Wyzwania Europy Środkowej i Wschodniej vol. 2: Nowe – stare populizmy”</h3> 
                        <div class="row m-0">
                            <div class="text-modules__content">
                                W dniu 1 września 2021 roku odbyła się Międzynarodowa Konferencja Naukowa „Wyzwania Europy Środkowej i Wschodniej vol.2: Nowe – stare populizmy” („Challenges for Central and Eastern Europe vol.2: New – old populisms”). Organizatorami konferencji było Doktoranckie Koło Nauk o Polityce Uniwersytetu Śląskiego, Fundacja Trójmorza Insytut Europy Środkowej i Wschodniej a współorganizatorem: Akademia Kadr Europejskich. Wydarzenie odbywało się online za pośrednictwem platformy Skype w godzinach 10:00 – 17:25, gdzie zostały przedstawione referaty na temat definicji populizmu, przykłądw populizmów w Europie oraz analizy problematyki populizmu, natomiast o godzinie 18:00 odbył się panel ekspercki, który był podsumowaniem konferencji i wcześniejszych wystąpień.</p>
<p>W konferencji udział wzięło kilkudziesięciu naukowców – od studentów, przez doktorantów, aż po profesorów reprezentujących wiele uczelni polskich i zagranicznych. Przedstawiono szereg interesujących oraz innowacyjnych referatów z obszarów politologii, stosunków międzynarodowych, historii i prawa. W panelu eksperckim udział wzięła dr hab. profesor UŚ Agnieszka Turska – Kawa oraz dr hab. Ladislav Cabada z Masaryk University (Czechy) oraz deputowany do chorwackiego parlamentu, Domagoj Hajduković<strong>. </strong>Była to już druga edycja wydarzenia i planowane są kolejne.</p>
<div class="mt-3"></div>
                            </div>
                            
                            <div class="text-modules__img"><img src="https://us.edu.pl/instytut/inp/wp-content/uploads/sites/31/Nieprzypisane/baner-panel_1.jpg" alt="img"></div>
                        </div>
                    </div>
                </div>[/vc_column][/vc_row]</p>
