{"id":3902,"date":"2021-10-25T17:46:42","date_gmt":"2021-10-25T15:46:42","guid":{"rendered":"https:\/\/us.edu.pl\/instytut\/inp\/?page_id=3902"},"modified":"2021-10-25T17:46:42","modified_gmt":"2021-10-25T15:46:42","slug":"i-miedzynarodowa-konferencja-candp-2021-communication-and-politics-in-the-time-of-pandemic","status":"publish","type":"page","link":"https:\/\/us.edu.pl\/instytut\/inp\/i-miedzynarodowa-konferencja-candp-2021-communication-and-politics-in-the-time-of-pandemic\/","title":{"rendered":"I Mi\u0119dzynarodowa Konferencja CandP 2021 \u201eCommunication and Politics in the Time of Pandemic\u201d"},"content":{"rendered":"<p>[vc_row][vc_column]\r\n                <div class=\"text-modules \">\r\n                    <div class=\"container\">\r\n                         <h3 class=\"subtitle text-modules__subtitle\">I Mi\u0119dzynarodowa Konferencja CandP 2021 \u201eCommunication and Politics in the Time of Pandemic\u201d<\/h3>\r\n                        <div class=\"row m-0\">\r\n                            <div class=\"text-modules__content\">\r\n                                <\/p>\n<p><strong><b>3 marca 2021 r. <\/b><\/strong>odby\u0142a si\u0119<strong><b> I Mi\u0119dzynarodowa Konferencja CandP 2021 \u201eCommunication and Politics in the Time of Pandemic\u201d <\/b><\/strong>zorganizowana przez Instytut Nauk Politycznych na Wydziale Nauk Spo\u0142ecznych U\u015a. Uczestniczyli w niej eksperci z kraju i zagranicy. Partnerami wydarzenia by\u0142y: Polskie Towarzystwo Nauk Politycznych Oddzia\u0142 w Katowicach oraz Behavioral Research and Innovation Slovakia (BRISK). W warunkach pandemii konferencja zosta\u0142a zorganizowana w formie zdalnej.<\/p>\n<p>Wi\u0119cej o konferencji <a href=\"https:\/\/gazeta.us.edu.pl\/node\/428913\">tutaj<\/a>.<\/p>\n<div class=\"mt-3\"><\/div>\r\n                            <\/div>\r\n                            \r\n                            \r\n                        <\/div>\r\n                    <\/div>\r\n                <\/div>[\/vc_column][\/vc_row]<\/p>","protected":false},"excerpt":{"rendered":"<p>[vc_row][vc_column][\/vc_column][\/vc_row] [&#8230;]<\/p>\n<p><a class=\"btn btn-secondary understrap-read-more-link\" href=\"https:\/\/us.edu.pl\/instytut\/inp\/i-miedzynarodowa-konferencja-candp-2021-communication-and-politics-in-the-time-of-pandemic\/\">Read More&#8230;<\/a><\/p>\n","protected":false},"author":141,"featured_media":0,"parent":0,"menu_order":0,"comment_status":"closed","ping_status":"closed","template":"","meta":{"_expiration-date-status":"saved","_expiration-date":0,"_expiration-date-type":"","_expiration-date-categories":[],"_expiration-date-options":[]},"acf":[],"_links":{"self":[{"href":"https:\/\/us.edu.pl\/instytut\/inp\/wp-json\/wp\/v2\/pages\/3902"}],"collection":[{"href":"https:\/\/us.edu.pl\/instytut\/inp\/wp-json\/wp\/v2\/pages"}],"about":[{"href":"https:\/\/us.edu.pl\/instytut\/inp\/wp-json\/wp\/v2\/types\/page"}],"author":[{"embeddable":true,"href":"https:\/\/us.edu.pl\/instytut\/inp\/wp-json\/wp\/v2\/users\/141"}],"replies":[{"embeddable":true,"href":"https:\/\/us.edu.pl\/instytut\/inp\/wp-json\/wp\/v2\/comments?post=3902"}],"version-history":[{"count":1,"href":"https:\/\/us.edu.pl\/instytut\/inp\/wp-json\/wp\/v2\/pages\/3902\/revisions"}],"predecessor-version":[{"id":3903,"href":"https:\/\/us.edu.pl\/instytut\/inp\/wp-json\/wp\/v2\/pages\/3902\/revisions\/3903"}],"wp:attachment":[{"href":"https:\/\/us.edu.pl\/instytut\/inp\/wp-json\/wp\/v2\/media?parent=3902"}],"curies":[{"name":"wp","href":"https:\/\/api.w.org\/{rel}","templated":true}]}}

I Międzynarodowa Konferencja CandP 2021 „Communication and Politics in the Time of Pandemic”

<p>[vc_row][vc_column]
                <div class="text-modules ">
                    <div class="container">
                         <h3 class="subtitle text-modules__subtitle">I Międzynarodowa Konferencja CandP 2021 „Communication and Politics in the Time of Pandemic”</h3>
                        <div class="row m-0">
                            <div class="text-modules__content">
                                </p>
<p><strong><b>3 marca 2021 r. </b></strong>odbyła się<strong><b> I Międzynarodowa Konferencja CandP 2021 „Communication and Politics in the Time of Pandemic” </b></strong>zorganizowana przez Instytut Nauk Politycznych na Wydziale Nauk Społecznych UŚ. Uczestniczyli w niej eksperci z kraju i zagranicy. Partnerami wydarzenia były: Polskie Towarzystwo Nauk Politycznych Oddział w Katowicach oraz Behavioral Research and Innovation Slovakia (BRISK). W warunkach pandemii konferencja została zorganizowana w formie zdalnej.</p>
<p>Więcej o konferencji <a href="https://gazeta.us.edu.pl/node/428913">tutaj</a>.</p>
<div class="mt-3"></div>
                            </div>
                            
                            
                        </div>
                    </div>
                </div>[/vc_column][/vc_row]</p>
