{"id":439,"date":"2020-01-02T10:16:08","date_gmt":"2020-01-02T09:16:08","guid":{"rendered":"http:\/\/us.edu.pl\/instytut\/inp\/?page_id=439"},"modified":"2020-01-02T10:16:08","modified_gmt":"2020-01-02T09:16:08","slug":"uwarunkowania-specyfiki-zachowan-politycznych-mieszkancow-wojewodztwa-slaskiego","status":"publish","type":"page","link":"https:\/\/us.edu.pl\/instytut\/inp\/uwarunkowania-specyfiki-zachowan-politycznych-mieszkancow-wojewodztwa-slaskiego\/","title":{"rendered":"Uwarunkowania specyfiki zachowa\u0144 politycznych mieszka\u0144c\u00f3w wojew\u00f3dztwa \u015bl\u0105skiego"},"content":{"rendered":"<p>[vc_row][vc_column]\r\n                <div class=\"text-modules\">\r\n                    <div class=\"container\">\r\n                        <h3 class=\"page-title text__title\">Uwarunkowania specyfiki zachowa\u0144 politycznych mieszka\u0144c\u00f3w wojew\u00f3dztwa \u015bl\u0105skiego<\/h3>\r\n                        <div class=\"text-modules__content\"><p>Grant w ramach konkursu <strong>MINIATURA 2<\/strong> (NCN) (ID 410512). Czas trwania grantu: 12 miesi\u0119cy (15.10.2018-16.10.2019). Przyznana kwota: <strong>42240 z\u0142.<\/strong><\/p>\n<p>Kierownik grantu: <strong>dr hab. Agnieszka Turska-Kawa, prof. U\u015a. <\/strong><\/p>\n<p>Celem bada\u0144 wst\u0119pnych \u2013 zrealizowanych w ramach projektu by\u0142o wy\u0142onienie grup determinant zachowa\u0144 politycznych w wojew\u00f3dztwie \u015bl\u0105skim. Badania mia\u0142y zweryfikowa\u0107 funkcjonuj\u0105ce w literaturze przedmiotu hipotezy odnosz\u0105ce si\u0119 do specyfiki zachowa\u0144 politycznych mieszka\u0144c\u00f3w tego regionu, podnosz\u0105ce jako istotne nast\u0119puj\u0105ce czynniki: 1) historyczne; 2) gospodarcze; 3) polityczne; 4) to\u017csamo\u015bciowe, oraz wskazywa\u0107 potencjalne pola nowych eksploracji. Nowe przestrzenie zwi\u0105zane s\u0105 z obserwowanymi inicjatywami politycznymi odwo\u0142uj\u0105cymi si\u0119 do to\u017csamo\u015bci i historii \u015al\u0105ska, m.in. bie\u017c\u0105c\u0105 aktywno\u015bci\u0105 partii Ruch Autonomii \u015al\u0105ska, marszami i demonstracjami odwo\u0142uj\u0105cymi si\u0119 do to\u017csamo\u015bci, np. happeningiem dotycz\u0105cym ochrony zabytkowych miejsc \u015bl\u0105skich 18 kwietnia br, aktywnymi dzia\u0142aniami na rzecz pami\u0119ci bohater\u00f3w \u015bl\u0105skich, powstanie nowej partii \u015al\u0105ska Partia Regionalna. S\u0105 to specyficzne przedsi\u0119wzi\u0119cia, kt\u00f3re nie s\u0105 obserwowane z tak\u0105 intensywno\u015bci\u0105 w innych cz\u0119\u015bciach Polski.<\/p>\n<p>Badanie zosta\u0142o przeprowadzone metod\u0105 wywiadu nieskategoryzowanego (N=54). Ka\u017cdy wywiad mia\u0142 t\u0119 sam\u0105 struktur\u0119 i sk\u0142ada\u0142 si\u0119 z czterech cz\u0119\u015bci oraz sekcji socjodemograficznej. Pierwsza obejmowa\u0142a pytania odwo\u0142uj\u0105ce si\u0119 do to\u017csamo\u015bci \u015al\u0105zak\u00f3w, ich systemu warto\u015bci, kultury. Druga cz\u0119\u015b\u0107 wywiadu by\u0142a ukierunkowana na diagnoz\u0119 znajomo\u015bci regionalnej sceny politycznej i oczekiwa\u0144 wobec jej aktor\u00f3w. Pyta\u0142am o zdanie na temat regionalnych partii politycznych, polityk\u00f3w, o poczucie reprezentacji w\u0142asnych interes\u00f3w. Cz\u0119\u015b\u0107 trzecia dotyczy\u0142a postaw wobec potencja\u0142u gospodarczego na \u015al\u0105sku \u2013 podejmowa\u0142a kwesti\u0119 restrukturyzacji, ocen\u0119 dzia\u0142a\u0144 samorz\u0105du oraz rz\u0105du wobec kopal\u0144 w\u0119gla kamiennego, kwestie podatk\u00f3w i relacji centralnych organ\u00f3w Polski wobec lokalnego przemys\u0142u. Cz\u0119\u015b\u0107 czwarta wywiadu diagnozowa\u0142a wiedz\u0119 na temat historii \u015al\u0105ska. Zastosowa\u0142am w niej zar\u00f3wno technik\u0119 wolnych skojarze\u0144, jak i odwo\u0142ania do konkretnych wydarze\u0144 i okres\u00f3w historycznych, kt\u00f3re s\u0105 istotne na kartach historii \u015al\u0105ska. Sekcja socjodemograficzna obejmowa\u0142a takie zmienne jak p\u0142e\u0107, wiek, miejsce zamieszkania (miasto-wie\u015b). Dodatkowo \u2013 z racji fundamentalnych warto\u015bci diagnozowanych w innych badaniach jako istotne dla \u015al\u0105zak\u00f3w, zapyta\u0142am r\u00f3wnie\u017c o zaanga\u017cowanie religijne. W tej cz\u0119\u015bci (intencjonalnie na ko\u0144cu wywiadu) zapyta\u0142am r\u00f3wnie\u017c o zachowanie wyborcze w ostatnich wyborach samorz\u0105dowych 2018 roku.<\/p>\n<p>Opracowanie wynik\u00f3w wywiadu by\u0142o tr\u00f3jtorowe. Po pierwsze, stara\u0142am si\u0119 skwantyfikowa\u0107 poszczeg\u00f3lne odpowiedzi, aby mo\u017cna by\u0142o przedstawi\u0107 ilo\u015bciowo kierunek odpowiedzi. Po drugie, wa\u017cn\u0105 cz\u0119\u015bci\u0105 badania by\u0142a tzw. analiza kognitywna (<em>cognitive interviewing<\/em>, np. Beatty, Willis 2007), stanowi\u0105ca jako\u015bciowe badanie wypowiedzi respondenta. Cech\u0105 wsp\u00f3ln\u0105 dla wszystkich typ\u00f3w wywiad\u00f3w kognitywnych jest wywo\u0142anie u respondenta dodatkowej wypowiedzi zwi\u0105zanej z odpowiedzi\u0105 udzielon\u0105 na pytanie kwestionariusza. Wypowied\u017a t\u0119 traktuje si\u0119 jako \u017ar\u00f3d\u0142o informacji o poznawczych procesach zachodz\u0105cych pod wp\u0142ywem pytania kwestionariuszowego. Informacje te stanowi\u0105 podstaw\u0119 oceny pytania. Ods\u0142oni\u0119cie proces\u00f3w poznawczych dokonane zosta\u0142o za po\u015brednictwem dw\u00f3ch technik: techniki my\u015blenia na g\u0142os (thinking-aloud) oraz probingu \u2013techniki pyta\u0144 pog\u0142\u0119biaj\u0105cych. Po trzecie, zastosowana technika wywiadu pozwoli\u0142a mi na w\u0142\u0105czenie do analizy emocji i postaw wobec poruszonego problemu, uaktywnionych w poszczeg\u00f3lnych pytaniach.<\/p>\n<p>Badanie zosta\u0142o przeprowadzone przez wyszkolonych ankieter\u00f3w, w warunkach zapewniaj\u0105cych komfort wypowiedzi i brak presji czasu. \u015aredni czas przeprowadzanej rozmowy to 3 godziny. W ramach zadania ankieterzy przekazali mi spisane wywiady.<\/p>\n<p>Grupa (N=54) zosta\u0142a dobrana w spos\u00f3b kwotowo-warstwowy tak, by zapewni\u0107 reprezentacj\u0119 wszystkim podregionom wojew\u00f3dztwa: cz\u0119stochowskiemu, bytomskiemu, sosnowieckiemu, gliwickiemu, katowickiemu, tyskiemu, rybnickiemu oraz bielskiemu. Kwoty kontrolne stanowi\u0142y: p\u0142e\u0107, miejsce zamieszkania (miasto-wie\u015b) oraz wiek. Pytaniem kontrolnym, kt\u00f3re decydowa\u0142o o dopuszczeniu do dalszej cz\u0119\u015bci wywiadu by\u0142o \u2013 czy czujesz si\u0119 \u015al\u0105zakiem? Przyjmuj\u0119 za\u0142o\u017cenie, \u017ce rozmowa o \u015al\u0105sku, o to\u017csamo\u015bci i zachowaniach wyborczych powinna by\u0107 oparta nie tyle o formalne miejsce zamieszkania czy liczb\u0119 lat sp\u0119dzonych na \u015al\u0105sku, ale poczucie wi\u0119zi z regionem. Zatem ka\u017cdy z uczestnik\u00f3w \u2013 zgodnie z procedur\u0105 wywiadu \u2013 odpowiedzia\u0142 twierdz\u0105co na to pytanie.<\/p>\n<p>W badaniu wzi\u0119\u0142o udzia\u0142 26 kobiet (48,1%) oraz 28 m\u0119\u017cczyzn (51,9%). W\u015br\u00f3d uczestnik\u00f3w 9 os\u00f3b nie uko\u0144czy\u0142o 34 roku \u017cycia (16,7%), po 11 os\u00f3b (20,4%) przynale\u017ca\u0142o do kategorii wiekowych 35-44, 45-54 oraz powy\u017cej 65 lat, natomiast grup\u0119 wiekow\u0105 55-64 lata reprezentowa\u0142o 12 os\u00f3b (22,2%). Wszyscy zadeklarowali, \u017ce urodzili si\u0119 na \u015al\u0105sku.<\/p>\n<p>Opracowane wywiady sta\u0142y si\u0119 podstaw\u0105 artyku\u0142u naukowego (wsp\u00f3\u0142autorstwo Rafa\u0142 Glajcar) \u201e\u201cAll parties treat Silesians instrumentally\u2026\u201d &#8211; on political representation at the regional level\u201d z\u0142o\u017conego do czasopisma \u201cNationalities Papers-The Journal of Nationalism and Ethnicity\u201d (100 pkt). Obecnie artyku\u0142 jest w procesie recenzyjnym.<\/p>\n<p>Intersuj\u0105ce wyniki sta\u0142y si\u0119 r\u00f3wnie\u017c podstaw\u0105 z\u0142o\u017cenia grantu OPUS pod moim kierownictwem (446367) \u201cPopulizm w Polsce w kontek\u015bcie religijno\u015bci Polak\u00f3w\u201d. Jednym z wniosk\u00f3w p\u0142yn\u0105cych wywiad\u00f3w w ramach MINIATURY by\u0142o po\u0142\u0105czenie zaanga\u017cowania religijnego z zamkni\u0119ciem spo\u0142ecznym i wrogo\u015bci\u0105 wobec innych grup etnicznych oraz wobec polityk\u00f3w I partii politycznych, co jest elementem \u201cthin-ideological concept of populism\u201d (Ben Stanley).<\/p>\n<p>W\u015br\u00f3d wa\u017cniejszych wniosk\u00f3w nale\u017cy wskaza\u0107: (1) silny rdze\u0144 kulturowy to\u017csamo\u015bci \u015al\u0105zak\u00f3w (swoboda rozmowy, pozytywne emocje, du\u017ca wiedza i duma z przynale\u017cno\u015bci); (2) w momencie zadania pierwszego pytania o kwestie reprezentacji politycznej w wi\u0119kszo\u015bci przypadk\u00f3w relacja pomi\u0119dzy uczestnikiem wywiadu i osob\u0105 prowadz\u0105c\u0105 wywiad ulega\u0142a wyra\u017anemu och\u0142odzeniu. Wiele os\u00f3b kategorycznie powiedzia\u0142o, \u017ce nie chce o polityce rozmawia\u0107 i wycofuj\u0105 si\u0119 z wywiadu \u2013 wnioski tej cz\u0119\u015bci zosta\u0142y szczeg\u00f3\u0142owo opisane w z\u0142o\u017conych do druku w czasopi\u015bmie \u201eNationalities Papers-The Journal of Nationalism and Ethnicity\u201d artykule; (3) bardzo znikoma wiedza \u2013 w szczeg\u00f3lno\u015bci m\u0142odych ludzi &#8211; na tematy historyczne i gospodarcze dotycz\u0105ce \u015al\u0105ska; (4) silny kryzys reprezentacji politycznej na poziomie regionalnym \u2013 brak wizji tej reprezentacji, trudno\u015bci w sprecyzowaniu w\u0142asnych interes\u00f3w i oczekiwa\u0144 wobec podmiot\u00f3w politycznych; (5) najbardziej \u015bwiadomi politycznie s\u0105 \u015al\u0105zacy w wieku 34-45 lat; (6) powi\u0105zanie postaw spo\u0142ecznych z zaanga\u017cowaniem religijnym. Te i inne wnioski s\u0105 bezpo\u015bredni\u0105 inspiracj\u0105 do kolejnych artyku\u0142\u00f3w naukowych, kt\u00f3re zostan\u0105 przygotowane i z\u0142o\u017cone do czasopism w bazach Scopus\/Web of Science.<\/p>\n<p>Przeprowadzony projekt w kilku obszarach wp\u0142yn\u0105\u0142 na rozw\u00f3j mojej kariery naukowej:<\/p>\n<ul>\n<li>Zgromadzi\u0142am materia\u0142 do publikacji empirycznej w wysokopunktowanym czasopi\u015bmie (w procesie recenzyjnym)<\/li>\n<li>Wyniki zainspirowa\u0142y mnie do przygotowania projektu OPUS (z\u0142o\u017cony pod moim kierownictwem w czerwcu 2019, w procesie oceny)<\/li>\n<li>Stworzy\u0142am na Uniwersytecie \u015al\u0105skim zesp\u00f3\u0142 badawczy, kt\u00f3ry b\u0119dzie kontynuowa\u0142 \u015bcie\u017ck\u0119 bada\u0144 \u015bl\u0105skoznawczych.<\/li>\n<li>Zdoby\u0142am cenne do\u015bwiadczenie, kt\u00f3re zostanie wykorzystane w mojej pracy naukowej.<\/li>\n<\/ul>\n<p>\n<\/div>\r\n                    <\/div>\r\n                <\/div>[\/vc_column][\/vc_row]<\/p>","protected":false},"excerpt":{"rendered":"<p>[vc_row][vc_column][\/vc_column][\/vc_row] [&#8230;]<\/p>\n<p><a class=\"btn btn-secondary understrap-read-more-link\" href=\"https:\/\/us.edu.pl\/instytut\/inp\/uwarunkowania-specyfiki-zachowan-politycznych-mieszkancow-wojewodztwa-slaskiego\/\">Read More&#8230;<\/a><\/p>\n","protected":false},"author":141,"featured_media":0,"parent":0,"menu_order":0,"comment_status":"closed","ping_status":"closed","template":"page-templates\/page-with-sidebar.php","meta":{"_expiration-date-status":"saved","_expiration-date":0,"_expiration-date-type":"","_expiration-date-categories":[],"_expiration-date-options":[]},"acf":[],"_links":{"self":[{"href":"https:\/\/us.edu.pl\/instytut\/inp\/wp-json\/wp\/v2\/pages\/439"}],"collection":[{"href":"https:\/\/us.edu.pl\/instytut\/inp\/wp-json\/wp\/v2\/pages"}],"about":[{"href":"https:\/\/us.edu.pl\/instytut\/inp\/wp-json\/wp\/v2\/types\/page"}],"author":[{"embeddable":true,"href":"https:\/\/us.edu.pl\/instytut\/inp\/wp-json\/wp\/v2\/users\/141"}],"replies":[{"embeddable":true,"href":"https:\/\/us.edu.pl\/instytut\/inp\/wp-json\/wp\/v2\/comments?post=439"}],"version-history":[{"count":1,"href":"https:\/\/us.edu.pl\/instytut\/inp\/wp-json\/wp\/v2\/pages\/439\/revisions"}],"predecessor-version":[{"id":444,"href":"https:\/\/us.edu.pl\/instytut\/inp\/wp-json\/wp\/v2\/pages\/439\/revisions\/444"}],"wp:attachment":[{"href":"https:\/\/us.edu.pl\/instytut\/inp\/wp-json\/wp\/v2\/media?parent=439"}],"curies":[{"name":"wp","href":"https:\/\/api.w.org\/{rel}","templated":true}]}}