{"id":4516,"date":"2022-08-18T12:19:10","date_gmt":"2022-08-18T10:19:10","guid":{"rendered":"https:\/\/us.edu.pl\/instytut\/inp\/?page_id=4516"},"modified":"2022-08-18T12:28:15","modified_gmt":"2022-08-18T10:28:15","slug":"projekt-edih","status":"publish","type":"page","link":"https:\/\/us.edu.pl\/instytut\/inp\/projekt-edih\/","title":{"rendered":"Projekt EDIH"},"content":{"rendered":"<p>[vc_row][vc_column][vc_column_text][\/vc_column_text][\/vc_column][\/vc_row][vc_row][vc_column]\r\n                <div class=\"text-modules\">\r\n                    <div class=\"container\">\r\n                        <h3 class=\"page-title text__title\">Projekt EDIH<\/h3>\r\n                        <div class=\"text-modules__content\"><p>Instytucja finansuj\u0105ca projekt:\u00a0<strong>Komisja Europejska<\/strong> oraz<strong> Ministerstwo Rozwoju, Pracy i Technologii<\/strong><\/p>\n<p>Kierownik: <strong>dr hab. Agnieszka Turska-Kawa, prof. U\u015a<\/strong><\/p>\n<p>Celem projektu jest stworzenie i funkcjonowanie Digital Innovation Hub w ramach programu prowadzonego przez Ministerstwo Rozwoju, Pracy i\u00a0Technologii, dzia\u0142aj\u0105cego w ramach programu\u00a0 europejskiego Cyfrowa Europa. Liderem Konsorcjum wnioskuj\u0105cego o status EDIH o specjalizacji IoT\/Smart City jest \u015al\u0105ski Klaster Internetu Rzeczy.<\/p>\n<p>Podstawowym zadaniem programu utworzenia sieci EDIH w Polsce jest pomaganie polskim przedsi\u0119biorcom w\u00a0transformacji cyfrowej ich firm, co ma si\u0119 przyczyni\u0107 do przej\u015bcia polskiej gospodarki na poziom Przemys\u0142u\u00a04.0.<\/p>\n<p>Konsorcjum organizacji biznesowych, naukowych i spo\u0142ecznych zrzeszonych w EDIH ma stanowi\u0107 o\u015brodek tworzenia, testowania i rekomendowania nowych rozwi\u0105za\u0107 technicznych i organizacyjnych w\u00a0obszarze Internetu Rzeczy i szeroko rozumianego zarz\u0105dzania miastem w formule Smart City.<\/p>\n<p>Dzia\u0142alno\u015b\u0107 EDIH b\u0119dzie skupiona wok\u00f3\u0142 nast\u0119puj\u0105cych temat\u00f3w:<\/p>\n<ol>\n<li>Informowanie o potencjale transformacji technologicznej zwi\u0105zanej z rozwojem Internetu Rzeczy i skutkach dla modeli zarz\u0105dzania miastem;<\/li>\n<li>Dzia\u0142ania demonstracyjne, dzi\u0119ki kt\u00f3rym przedsi\u0119biorcy b\u0119d\u0105 mogli w spos\u00f3b praktyczny zapozna\u0107 si\u0119 z procesami opartymi na technologiach cyfrowych, szczeg\u00f3lnie zwi\u0105zanych z Internetem Rzeczy, wraz z mo\u017cliwo\u015bci\u0105 wykorzystania ich w swojej firmie (symulacja proces\u00f3w, wykonanie prototyp\u00f3w). Dzia\u0142ania te b\u0119d\u0105 nakierowane szczeg\u00f3lnie na bran\u017ce oferuj\u0105ce swoje produkty w zakresie Internetu Rzeczy oraz us\u0142ugi \u015bwiadczone miastom.<\/li>\n<li>Edukacja i szkolenia, kt\u00f3rych celem jest przekazanie pracownikom sektora publicznego i przedsi\u0119biorcom i pracownikom wiedzy z zakresu technologii cyfrowych i umiej\u0119tno\u015bci ich stosowania, ze szczeg\u00f3lnym uwzgl\u0119dnieniem Internetu Rzeczy.<\/li>\n<li>Doradztwo, kt\u00f3re b\u0119dzie polega\u0142o na wskazaniu przez EDIH mo\u017cliwo\u015bci wprowadzenia optymalizacji lub innowacji w sposobie zarz\u0105dzania przedsi\u0119biorstwem lub miastem, wytwarzania produkt\u00f3w lub \u015bwiadczenia us\u0142ug na potrzeby spo\u0142eczno\u015bci miejskich.<\/li>\n<li>Dzia\u0142ania implementacyjne w formie pomocy przy integracji, wdra\u017caniu i uruchamianiu nowych rozwi\u0105za\u0144, us\u0142ug, urz\u0105dze\u0144 i oprogramowania na rzecz przedsi\u0119biorc\u00f3w lub administracji miasta oraz firm dzia\u0142aj\u0105cych w obszarze szeroko rozumianych us\u0142ug komunalnych, dzia\u0142ania integruj\u0105ce, kt\u00f3rych celem jest u\u0142atwienie przez EDIH przekazywania wiedzy, wymiany do\u015bwiadcze\u0144 i budowa sieci kompetencji.<\/li>\n<\/ol>\n<p>\n<\/div>\r\n                    <\/div>\r\n                <\/div>[\/vc_column][\/vc_row][vc_row][vc_column][vc_column_text][\/vc_column_text][\/vc_column][\/vc_row]<\/p>","protected":false},"excerpt":{"rendered":"<p>[vc_row][vc_column][vc_column_text][\/vc_column_text][\/vc_column][\/vc_row][vc_row][vc_column][\/vc_column][\/vc_row][vc_row][vc_column][vc_column_text][\/vc_column_text][\/vc_column][\/vc_row] [&#8230;]<\/p>\n<p><a class=\"btn btn-secondary understrap-read-more-link\" href=\"https:\/\/us.edu.pl\/instytut\/inp\/projekt-edih\/\">Read More&#8230;<\/a><\/p>\n","protected":false},"author":141,"featured_media":0,"parent":0,"menu_order":0,"comment_status":"closed","ping_status":"closed","template":"page-templates\/page-with-sidebar.php","meta":{"_expiration-date-status":"","_expiration-date":0,"_expiration-date-type":"","_expiration-date-categories":[],"_expiration-date-options":[]},"acf":[],"_links":{"self":[{"href":"https:\/\/us.edu.pl\/instytut\/inp\/wp-json\/wp\/v2\/pages\/4516"}],"collection":[{"href":"https:\/\/us.edu.pl\/instytut\/inp\/wp-json\/wp\/v2\/pages"}],"about":[{"href":"https:\/\/us.edu.pl\/instytut\/inp\/wp-json\/wp\/v2\/types\/page"}],"author":[{"embeddable":true,"href":"https:\/\/us.edu.pl\/instytut\/inp\/wp-json\/wp\/v2\/users\/141"}],"replies":[{"embeddable":true,"href":"https:\/\/us.edu.pl\/instytut\/inp\/wp-json\/wp\/v2\/comments?post=4516"}],"version-history":[{"count":3,"href":"https:\/\/us.edu.pl\/instytut\/inp\/wp-json\/wp\/v2\/pages\/4516\/revisions"}],"predecessor-version":[{"id":4537,"href":"https:\/\/us.edu.pl\/instytut\/inp\/wp-json\/wp\/v2\/pages\/4516\/revisions\/4537"}],"wp:attachment":[{"href":"https:\/\/us.edu.pl\/instytut\/inp\/wp-json\/wp\/v2\/media?parent=4516"}],"curies":[{"name":"wp","href":"https:\/\/api.w.org\/{rel}","templated":true}]}}