{"id":4801,"date":"2022-11-07T12:56:19","date_gmt":"2022-11-07T11:56:19","guid":{"rendered":"https:\/\/us.edu.pl\/instytut\/inp\/?page_id=4801"},"modified":"2022-11-07T12:57:17","modified_gmt":"2022-11-07T11:57:17","slug":"test-pl","status":"publish","type":"page","link":"https:\/\/us.edu.pl\/instytut\/inp\/test-pl\/","title":{"rendered":"Test PL"},"content":{"rendered":"<p>[vc_row][vc_column]\r\n                <div class=\"text-modules\">\r\n                    <div class=\"container\">\r\n                        \r\n                        <div class=\"text-modules__content\"><p><b>Komputer<\/b>\u00a0(od\u00a0<a title=\"J\u0119zyk angielski\" href=\"https:\/\/pl.wikipedia.org\/wiki\/J%C4%99zyk_angielski\">ang.<\/a>\u00a0<em lang=\"en\">computer<\/em><sup id=\"cite_ref-1\" class=\"reference\"><a href=\"https:\/\/pl.wikipedia.org\/wiki\/Komputer#cite_note-1\">[a]<\/a><\/sup><sup id=\"cite_ref-ety_2-0\" class=\"reference\"><a href=\"https:\/\/pl.wikipedia.org\/wiki\/Komputer#cite_note-ety-2\">[1]<\/a><\/sup>); dawniej:\u00a0<b>m\u00f3zg elektronowy<\/b>,\u00a0<b>elektroniczna maszyna cyfrowa<\/b><sup id=\"cite_ref-epwn_3-0\" class=\"reference\"><a href=\"https:\/\/pl.wikipedia.org\/wiki\/Komputer#cite_note-epwn-3\">[2]<\/a><\/sup>,\u00a0<a title=\"Maszyna matematyczna\" href=\"https:\/\/pl.wikipedia.org\/wiki\/Maszyna_matematyczna\">maszyna matematyczna<\/a><sup id=\"cite_ref-4\" class=\"reference\"><a href=\"https:\/\/pl.wikipedia.org\/wiki\/Komputer#cite_note-4\">[3]<\/a><\/sup>\u00a0\u2013\u00a0<a title=\"Maszyna\" href=\"https:\/\/pl.wikipedia.org\/wiki\/Maszyna\">maszyna<\/a>\u00a0przeznaczona do przetwarzania\u00a0<a title=\"Informatyka\" href=\"https:\/\/pl.wikipedia.org\/wiki\/Informatyka\">informacji<\/a>, kt\u00f3re da si\u0119 zapisa\u0107 w formie ci\u0105gu\u00a0<a title=\"Cyfra\" href=\"https:\/\/pl.wikipedia.org\/wiki\/Cyfra\">cyfr<\/a>\u00a0albo\u00a0<a title=\"Sygna\u0142 analogowy\" href=\"https:\/\/pl.wikipedia.org\/wiki\/Sygna%C5%82_analogowy\">sygna\u0142u ci\u0105g\u0142ego<\/a>.\u00a0<a title=\"Cz\u0142owiek Roku tygodnika \u201eTime\u201d\" href=\"https:\/\/pl.wikipedia.org\/wiki\/Cz%C5%82owiek_Roku_tygodnika_%E2%80%9ETime%E2%80%9D\">Maszyna roku tygodnika \u201eTime\u201d<\/a>\u00a0w 1982 roku.<\/p>\n<p>Mimo \u017ce mechaniczne maszyny licz\u0105ce istnia\u0142y od wielu stuleci, komputery w sensie wsp\u00f3\u0142czesnym pojawi\u0142y si\u0119 dopiero w po\u0142owie XX wieku, gdy zbudowano pierwsze komputery elektroniczne. Mia\u0142y one rozmiary sporych pomieszcze\u0144 i zu\u017cywa\u0142y kilkaset razy wi\u0119cej energii ni\u017c wsp\u00f3\u0142czesne\u00a0<a title=\"Komputer osobisty\" href=\"https:\/\/pl.wikipedia.org\/wiki\/Komputer_osobisty\">komputery osobiste<\/a>\u00a0(PC), a jednocze\u015bnie mia\u0142y miliardy razy mniejsz\u0105\u00a0<a title=\"Moc obliczeniowa\" href=\"https:\/\/pl.wikipedia.org\/wiki\/Moc_obliczeniowa\">moc obliczeniow\u0105<\/a>. Wsp\u00f3\u0142cze\u015bnie s\u0105 prowadzone tak\u017ce badania nad\u00a0<a title=\"Komputer DNA\" href=\"https:\/\/pl.wikipedia.org\/wiki\/Komputer_DNA\">komputerami biologicznymi<\/a>\u00a0i\u00a0<a title=\"Komputer optyczny\" href=\"https:\/\/pl.wikipedia.org\/wiki\/Komputer_optyczny\">optycznymi<\/a>.<\/p>\n<p>Ma\u0142e komputery mog\u0105 zmie\u015bci\u0107 si\u0119 nawet w zegarku i s\u0105 zasilane bateri\u0105. Komputery osobiste sta\u0142y si\u0119 symbolem\u00a0<a class=\"new\" title=\"Era informatyczna (strona nie istnieje)\" href=\"https:\/\/pl.wikipedia.org\/w\/index.php?title=Era_informatyczna&amp;action=edit&amp;redlink=1\">ery informatycznej<\/a>. Najliczniejszymi maszynami licz\u0105cymi s\u0105\u00a0<a title=\"System wbudowany\" href=\"https:\/\/pl.wikipedia.org\/wiki\/System_wbudowany\">systemy wbudowane<\/a>\u00a0steruj\u0105ce najr\u00f3\u017cniejszymi urz\u0105dzeniami \u2013 od\u00a0<a title=\"Odtwarzacz MP3\" href=\"https:\/\/pl.wikipedia.org\/wiki\/Odtwarzacz_MP3\">odtwarzaczy MP3<\/a>\u00a0i zabawek po\u00a0<a title=\"Robot przemys\u0142owy\" href=\"https:\/\/pl.wikipedia.org\/wiki\/Robot_przemys%C5%82owy\">roboty przemys\u0142owe<\/a>.<\/p>\n<\/div>\r\n                    <\/div>\r\n                <\/div>[\/vc_column][\/vc_row]<\/p>","protected":false},"excerpt":{"rendered":"<p>[vc_row][vc_column][\/vc_column][\/vc_row] [&#8230;]<\/p>\n<p><a class=\"btn btn-secondary understrap-read-more-link\" href=\"https:\/\/us.edu.pl\/instytut\/inp\/test-pl\/\">Read More&#8230;<\/a><\/p>\n","protected":false},"author":25,"featured_media":0,"parent":0,"menu_order":0,"comment_status":"closed","ping_status":"closed","template":"","meta":{"_expiration-date-status":"","_expiration-date":0,"_expiration-date-type":"","_expiration-date-categories":[],"_expiration-date-options":[]},"acf":[],"_links":{"self":[{"href":"https:\/\/us.edu.pl\/instytut\/inp\/wp-json\/wp\/v2\/pages\/4801"}],"collection":[{"href":"https:\/\/us.edu.pl\/instytut\/inp\/wp-json\/wp\/v2\/pages"}],"about":[{"href":"https:\/\/us.edu.pl\/instytut\/inp\/wp-json\/wp\/v2\/types\/page"}],"author":[{"embeddable":true,"href":"https:\/\/us.edu.pl\/instytut\/inp\/wp-json\/wp\/v2\/users\/25"}],"replies":[{"embeddable":true,"href":"https:\/\/us.edu.pl\/instytut\/inp\/wp-json\/wp\/v2\/comments?post=4801"}],"version-history":[{"count":2,"href":"https:\/\/us.edu.pl\/instytut\/inp\/wp-json\/wp\/v2\/pages\/4801\/revisions"}],"predecessor-version":[{"id":4803,"href":"https:\/\/us.edu.pl\/instytut\/inp\/wp-json\/wp\/v2\/pages\/4801\/revisions\/4803"}],"wp:attachment":[{"href":"https:\/\/us.edu.pl\/instytut\/inp\/wp-json\/wp\/v2\/media?parent=4801"}],"curies":[{"name":"wp","href":"https:\/\/api.w.org\/{rel}","templated":true}]}}