{"id":489,"date":"2020-01-02T11:17:28","date_gmt":"2020-01-02T10:17:28","guid":{"rendered":"http:\/\/us.edu.pl\/instytut\/inp\/?page_id=489"},"modified":"2020-01-02T11:53:37","modified_gmt":"2020-01-02T10:53:37","slug":"redukcjonizm-genopolityki-w-kontekscie-relacji-miedzy-biologia-a-politologia","status":"publish","type":"page","link":"https:\/\/us.edu.pl\/instytut\/inp\/redukcjonizm-genopolityki-w-kontekscie-relacji-miedzy-biologia-a-politologia\/","title":{"rendered":"Redukcjonizm genopolityki w kontek\u015bcie relacji mi\u0119dzy biologi\u0105 a politologi\u0105"},"content":{"rendered":"<p>[vc_row][vc_column]\r\n                <div class=\"text-modules\">\r\n                    <div class=\"container\">\r\n                        <h3 class=\"page-title text__title\">Redukcjonizm genopolityki w kontek\u015bcie relacji mi\u0119dzy biologi\u0105 a politologi\u0105<\/h3>\r\n                        <div class=\"text-modules__content\"><p>Grant w ramach konkursu <strong>MINIATURA 3<\/strong> (NCN) (2019\/03\/X\/HS5\/00856). Czas trwania grantu: 12 miesi\u0119cy Przyznana kwota: <strong>5 832 z\u0142<\/strong><\/p>\n<p>Kierownik grantu: <strong>dr Mateusz Wajzer <\/strong><\/p>\n<p>Dzia\u0142anie badawcze: Kwerenda w Austriackiej Bibliotece Narodowej w Wiedniu<\/p>\n<p>Celem badania jest udzielenie odpowiedzi na pytanie czy analiza ontologicznych, metodologicznych i epistemologicznych za\u0142o\u017ce\u0144 redukcjonizmu genopolityki mo\u017ce da\u0107 podstaw\u0119 do postawienia hipotezy o zasadniczo antyredukcjonistycznej orientacji wsp\u00f3\u0142czesnych powi\u0105za\u0144 mi\u0119dzy biologi\u0105 a politologi\u0105? Jakimi cechami odznacza si\u0119 wobec tego redukcjonizm genopolityki? Czy zak\u0142ada bezstratn\u0105 redukcj\u0119 politologii do biologii, czy czyni biologi\u0119 i politologi\u0119 podej\u015bciami komplementarnymi? Kwerenda w Austriackiej Bibliotece Narodowej umo\u017cliwi opracowanie og\u00f3lnoteoretycznych problem\u00f3w \u0142\u0105czenia podej\u015b\u0107 biologicznych z podej\u015bciami politologicznymi.<\/p>\n<\/div>\r\n                    <\/div>\r\n                <\/div>[\/vc_column][\/vc_row]<\/p>","protected":false},"excerpt":{"rendered":"<p>[vc_row][vc_column][\/vc_column][\/vc_row] [&#8230;]<\/p>\n<p><a class=\"btn btn-secondary understrap-read-more-link\" href=\"https:\/\/us.edu.pl\/instytut\/inp\/redukcjonizm-genopolityki-w-kontekscie-relacji-miedzy-biologia-a-politologia\/\">Read More&#8230;<\/a><\/p>\n","protected":false},"author":141,"featured_media":0,"parent":0,"menu_order":0,"comment_status":"closed","ping_status":"closed","template":"page-templates\/page-with-sidebar.php","meta":{"_expiration-date-status":"saved","_expiration-date":0,"_expiration-date-type":"","_expiration-date-categories":[],"_expiration-date-options":[]},"acf":[],"_links":{"self":[{"href":"https:\/\/us.edu.pl\/instytut\/inp\/wp-json\/wp\/v2\/pages\/489"}],"collection":[{"href":"https:\/\/us.edu.pl\/instytut\/inp\/wp-json\/wp\/v2\/pages"}],"about":[{"href":"https:\/\/us.edu.pl\/instytut\/inp\/wp-json\/wp\/v2\/types\/page"}],"author":[{"embeddable":true,"href":"https:\/\/us.edu.pl\/instytut\/inp\/wp-json\/wp\/v2\/users\/141"}],"replies":[{"embeddable":true,"href":"https:\/\/us.edu.pl\/instytut\/inp\/wp-json\/wp\/v2\/comments?post=489"}],"version-history":[{"count":2,"href":"https:\/\/us.edu.pl\/instytut\/inp\/wp-json\/wp\/v2\/pages\/489\/revisions"}],"predecessor-version":[{"id":499,"href":"https:\/\/us.edu.pl\/instytut\/inp\/wp-json\/wp\/v2\/pages\/489\/revisions\/499"}],"wp:attachment":[{"href":"https:\/\/us.edu.pl\/instytut\/inp\/wp-json\/wp\/v2\/media?parent=489"}],"curies":[{"name":"wp","href":"https:\/\/api.w.org\/{rel}","templated":true}]}}