{"id":4909,"date":"2023-02-20T18:06:48","date_gmt":"2023-02-20T17:06:48","guid":{"rendered":"https:\/\/us.edu.pl\/instytut\/inp\/?page_id=4909"},"modified":"2023-02-20T18:11:04","modified_gmt":"2023-02-20T17:11:04","slug":"analiza-czynnikow-oddzialujacych-na-rezultaty-wybor-w-do-dumy-panstwowej-federacji-rosyjskiej-z-2021-roku","status":"publish","type":"page","link":"https:\/\/us.edu.pl\/instytut\/inp\/analiza-czynnikow-oddzialujacych-na-rezultaty-wybor-w-do-dumy-panstwowej-federacji-rosyjskiej-z-2021-roku\/","title":{"rendered":"Analiza czynnik\u00f3w oddzia\u0142uj\u0105cych na rezultaty wybor\u00f3w do Dumy Pa\u0144stwowej Federacji Rosyjskiej z 2021 roku &#8211; strategia wyborcza &#8222;inteligentne g\u0142osowanie&#8221;"},"content":{"rendered":"<p>[vc_row][vc_column]\r\n                <div class=\"text-modules\">\r\n                    <div class=\"container\">\r\n                        <h3 class=\"page-title text__title\">Analiza czynnik\u00f3w oddzia\u0142uj\u0105cych na rezultaty wybor\u00f3w do Dumy Pa\u0144stwowej Federacji Rosyjskiej z 2021 roku - strategia wyborcza ``inteligentne g\u0142osowanie``<\/h3>\r\n                        <div class=\"text-modules__content\"><p>Analiza czynnik\u00f3w oddzia\u0142uj\u0105cych na rezultaty wybor\u00f3w do Dumy Pa\u0144stwowej Federacji Rosyjskiej z 2021 roku &#8211; strategia wyborcza &#8222;inteligentne g\u0142osowanie&#8221;<\/p>\n<p>Kierownik: <strong>Agnieszka Miarka<\/strong><\/p>\n<p>Grant w ramach konkursu MINIATURA 5 (NCN) (2021\/05\/X\/HS5\/01223). Czas trwania grantu: 12 miesi\u0119cy Przyznana kwota: 11\u00a0540 z\u0142<\/p>\n<p>Celem badania jest ocena rzeczywistego oddzia\u0142ywania strategii wyborczej \u201einteligentne g\u0142osowanie\u201d na rezultaty wybor\u00f3w do Dumy Pa\u0144stwowej z 2021 roku na tle innych zmiennych, \u017ar\u00f3de\u0142 ogranicze\u0144 tej strategii, jak i agendy czynnik\u00f3w, kt\u00f3re nale\u017cy uzna\u0107 za kluczowe w kontek\u015bcie kszta\u0142towania preferencji wyborc\u00f3w w Federacji Rosyjskiej.<\/p>\n<\/div>\r\n                    <\/div>\r\n                <\/div>[\/vc_column][\/vc_row]<\/p>","protected":false},"excerpt":{"rendered":"<p>[vc_row][vc_column][\/vc_column][\/vc_row] [&#8230;]<\/p>\n<p><a class=\"btn btn-secondary understrap-read-more-link\" href=\"https:\/\/us.edu.pl\/instytut\/inp\/analiza-czynnikow-oddzialujacych-na-rezultaty-wybor-w-do-dumy-panstwowej-federacji-rosyjskiej-z-2021-roku\/\">Read More&#8230;<\/a><\/p>\n","protected":false},"author":141,"featured_media":0,"parent":0,"menu_order":0,"comment_status":"closed","ping_status":"closed","template":"page-templates\/page-with-sidebar.php","meta":{"_expiration-date-status":"","_expiration-date":0,"_expiration-date-type":"","_expiration-date-categories":[],"_expiration-date-options":[]},"acf":[],"_links":{"self":[{"href":"https:\/\/us.edu.pl\/instytut\/inp\/wp-json\/wp\/v2\/pages\/4909"}],"collection":[{"href":"https:\/\/us.edu.pl\/instytut\/inp\/wp-json\/wp\/v2\/pages"}],"about":[{"href":"https:\/\/us.edu.pl\/instytut\/inp\/wp-json\/wp\/v2\/types\/page"}],"author":[{"embeddable":true,"href":"https:\/\/us.edu.pl\/instytut\/inp\/wp-json\/wp\/v2\/users\/141"}],"replies":[{"embeddable":true,"href":"https:\/\/us.edu.pl\/instytut\/inp\/wp-json\/wp\/v2\/comments?post=4909"}],"version-history":[{"count":3,"href":"https:\/\/us.edu.pl\/instytut\/inp\/wp-json\/wp\/v2\/pages\/4909\/revisions"}],"predecessor-version":[{"id":4924,"href":"https:\/\/us.edu.pl\/instytut\/inp\/wp-json\/wp\/v2\/pages\/4909\/revisions\/4924"}],"wp:attachment":[{"href":"https:\/\/us.edu.pl\/instytut\/inp\/wp-json\/wp\/v2\/media?parent=4909"}],"curies":[{"name":"wp","href":"https:\/\/api.w.org\/{rel}","templated":true}]}}