{"id":4978,"date":"2023-03-24T10:49:45","date_gmt":"2023-03-24T09:49:45","guid":{"rendered":"https:\/\/us.edu.pl\/instytut\/inp\/?page_id=4978"},"modified":"2023-03-24T10:58:59","modified_gmt":"2023-03-24T09:58:59","slug":"krajowa-polityka-bezpieczenstwa-chin-jako-instrument-sekurytyzacji-projektow-infrastrukturalnych-wdrazanych-w-azji-centralnej","status":"publish","type":"page","link":"https:\/\/us.edu.pl\/instytut\/inp\/krajowa-polityka-bezpieczenstwa-chin-jako-instrument-sekurytyzacji-projektow-infrastrukturalnych-wdrazanych-w-azji-centralnej\/","title":{"rendered":"Krajowa polityka bezpiecze\u0144stwa Chin jako instrument sekurytyzacji projekt\u00f3w infrastrukturalnych wdra\u017canych w Azji Centralnej"},"content":{"rendered":"<p><strong>Krajowa polityka bezpiecze\u0144stwa Chin jako instrument sekurytyzacji projekt\u00f3w infrastrukturalnych wdra\u017canych w Azji Centralnej<\/strong><\/p>\n<p>Grant w ramach konkursu Preludium 19 z Narodowego Centrum Nauki (nr <strong>2020\/37\/N\/HS5\/02910<\/strong>). Czas trwania grantu: 36 miesi\u0119cy. Przyznana kwota: 180 684,00 z\u0142<\/p>\n<p>Kierownik grantu: Emilie Szwajnoch<\/p>\n<p>Projekt obejmuje badania nad zagadnieniami zwi\u0105zanymi z krajow\u0105 polityk\u0105 bezpiecze\u0144stwa Chi\u0144skiej Republiki Ludowej oraz ich potencjalnym zastosowaniem poza granicami pa\u0144stwa. Opis projektu dost\u0119pny jest pod linkiem: <a href=\"https:\/\/projekty.ncn.gov.pl\/index.php?projekt_id=479195\">https:\/\/projekty.ncn.gov.pl\/index.php?projekt_id=479195<\/a><\/p>","protected":false},"excerpt":{"rendered":"<p>Krajowa polityka bezpiecze\u0144stwa Chin jako instrument sekurytyzacji projekt\u00f3w infrastrukturalnych wdra\u017canych w Azji Centralnej Grant w ramach konkursu Preludium 19 z Narodowego Centrum Nauki (nr 2020\/37\/N\/HS5\/02910). Czas trwania grantu: 36 miesi\u0119cy. Przyznana kwota: 180 684,00 z\u0142 Kierownik grantu: Emilie Szwajnoch Projekt obejmuje badania nad zagadnieniami zwi\u0105zanymi z krajow\u0105 polityk\u0105 bezpiecze\u0144stwa Chi\u0144skiej Republiki Ludowej oraz ich potencjalnym [&#8230;]<\/p>\n<p><a class=\"btn btn-secondary understrap-read-more-link\" href=\"https:\/\/us.edu.pl\/instytut\/inp\/krajowa-polityka-bezpieczenstwa-chin-jako-instrument-sekurytyzacji-projektow-infrastrukturalnych-wdrazanych-w-azji-centralnej\/\">Read More&#8230;<\/a><\/p>\n","protected":false},"author":5165,"featured_media":0,"parent":0,"menu_order":0,"comment_status":"closed","ping_status":"closed","template":"","meta":{"_expiration-date-status":"","_expiration-date":0,"_expiration-date-type":"","_expiration-date-categories":[],"_expiration-date-options":[]},"acf":[],"_links":{"self":[{"href":"https:\/\/us.edu.pl\/instytut\/inp\/wp-json\/wp\/v2\/pages\/4978"}],"collection":[{"href":"https:\/\/us.edu.pl\/instytut\/inp\/wp-json\/wp\/v2\/pages"}],"about":[{"href":"https:\/\/us.edu.pl\/instytut\/inp\/wp-json\/wp\/v2\/types\/page"}],"author":[{"embeddable":true,"href":"https:\/\/us.edu.pl\/instytut\/inp\/wp-json\/wp\/v2\/users\/5165"}],"replies":[{"embeddable":true,"href":"https:\/\/us.edu.pl\/instytut\/inp\/wp-json\/wp\/v2\/comments?post=4978"}],"version-history":[{"count":1,"href":"https:\/\/us.edu.pl\/instytut\/inp\/wp-json\/wp\/v2\/pages\/4978\/revisions"}],"predecessor-version":[{"id":4979,"href":"https:\/\/us.edu.pl\/instytut\/inp\/wp-json\/wp\/v2\/pages\/4978\/revisions\/4979"}],"wp:attachment":[{"href":"https:\/\/us.edu.pl\/instytut\/inp\/wp-json\/wp\/v2\/media?parent=4978"}],"curies":[{"name":"wp","href":"https:\/\/api.w.org\/{rel}","templated":true}]}}