{"id":609,"date":"2020-01-02T14:52:00","date_gmt":"2020-01-02T13:52:00","guid":{"rendered":"http:\/\/us.edu.pl\/instytut\/inp\/?page_id=609"},"modified":"2020-01-07T20:48:40","modified_gmt":"2020-01-07T19:48:40","slug":"natalia-stepien-lampa","status":"publish","type":"page","link":"https:\/\/us.edu.pl\/instytut\/inp\/natalia-stepien-lampa\/","title":{"rendered":"Natalia St\u0119pie\u0144-Lampa"},"content":{"rendered":"<p>[vc_row][vc_column]\r\n                <div class=\"text-modules reverse\">\r\n                    <div class=\"container\">\r\n                        <h3 class=\"section-title section-title_border-bottom\">dr Natalia St\u0119pie\u0144-Lampa<\/h3> \r\n                        <div class=\"row m-0\">\r\n                            <div class=\"text-modules__content\">\r\n                                natalia.stepien-lampa@us.edu.pl<\/p>\n<p>Doktor nauk spo\u0142ecznych (rozprawa doktorska obroniona z wyr\u00f3\u017cnieniem w 2014 roku), adiunkt w Instytucie Nauk Politycznych. Jej zainteresowania naukowe wi\u0105\u017c\u0105 si\u0119 z polityk\u0105 spo\u0142eczn\u0105, w tym w szczeg\u00f3lno\u015bci z polityk\u0105 edukacyjn\u0105 i szansami edukacyjnymi dzieci i m\u0142odzie\u017cy.<\/p>\n<p>W 2010 roku uko\u0144czy\u0142a Szko\u0142\u0119 Trener\u00f3w, a w 2018 roku Szko\u0142\u0119 Tutor\u00f3w. Do\u015bwiadczenia zdobyte podczas prowadzenia szkole\u0144 wykorzystuje w pracy dydaktycznej, prowadz\u0105c wyk\u0142ady, \u0107wiczenia i konwersatoria monograficzne.<\/p>\n<p>Od stycznia do lipca 2018 roku koordynator Uniwersytetu Najlepszych (programu Uniwersytetu \u015al\u0105skiego w Katowicach skierowanego do najzdolniejszych uczni\u00f3w opieraj\u0105cego si\u0119 na tutoringu). Wsp\u00f3\u0142prowadzi Uniwersytet \u015al\u0105ski M\u0142odzie\u017cy, jest trenerem Uniwersytetu \u015al\u0105skiego Maturzyst\u00f3w i szkoleniowcem Uniwersytetu \u015al\u0105skiego dla Nauczycieli.<\/p>\n<p>Obecnie prowadzi badania maj\u0105ce na celu uzyskanie opinii respondent\u00f3w na temat funkcjonowania systemu edukacji w Polsce.<\/p>\n<p><a href=\"https:\/\/www.researchgate.net\/profile\/Natalia_Stepien-Lampa\">ResearchGate<\/a><\/p>\n<p><a href=\"https:\/\/scholar.google.pl\/citations?user=82obOJYAAAAJ&amp;hl=pl\">GoogleScholar<\/a><\/p>\n<p><span style=\"font-family: 'Verdana',sans-serif\"><a href=\"https:\/\/pbn.nauka.gov.pl\/pbn-report-web\/pages\/analytics\/author\/1461467\">PBN<\/a><\/span> \r\n                                <div class=\"mt-3\"><\/div>\r\n                            <\/div>\r\n                            \r\n                            <div class=\"text-modules__img\"><img src=\"https:\/\/us.edu.pl\/instytut\/inp\/wp-content\/uploads\/sites\/31\/Nieprzypisane\/NSL.png\" alt=\"img\"><\/div>\r\n                        <\/div>\r\n                    <\/div>\r\n                <\/div>[\/vc_column][\/vc_row]<\/p>","protected":false},"excerpt":{"rendered":"<p>[vc_row][vc_column][\/vc_column][\/vc_row] [&#8230;]<\/p>\n<p><a class=\"btn btn-secondary understrap-read-more-link\" href=\"https:\/\/us.edu.pl\/instytut\/inp\/natalia-stepien-lampa\/\">Read More&#8230;<\/a><\/p>\n","protected":false},"author":141,"featured_media":0,"parent":0,"menu_order":0,"comment_status":"closed","ping_status":"closed","template":"","meta":{"_expiration-date-status":"saved","_expiration-date":0,"_expiration-date-type":"","_expiration-date-categories":[],"_expiration-date-options":[]},"acf":[],"_links":{"self":[{"href":"https:\/\/us.edu.pl\/instytut\/inp\/wp-json\/wp\/v2\/pages\/609"}],"collection":[{"href":"https:\/\/us.edu.pl\/instytut\/inp\/wp-json\/wp\/v2\/pages"}],"about":[{"href":"https:\/\/us.edu.pl\/instytut\/inp\/wp-json\/wp\/v2\/types\/page"}],"author":[{"embeddable":true,"href":"https:\/\/us.edu.pl\/instytut\/inp\/wp-json\/wp\/v2\/users\/141"}],"replies":[{"embeddable":true,"href":"https:\/\/us.edu.pl\/instytut\/inp\/wp-json\/wp\/v2\/comments?post=609"}],"version-history":[{"count":4,"href":"https:\/\/us.edu.pl\/instytut\/inp\/wp-json\/wp\/v2\/pages\/609\/revisions"}],"predecessor-version":[{"id":952,"href":"https:\/\/us.edu.pl\/instytut\/inp\/wp-json\/wp\/v2\/pages\/609\/revisions\/952"}],"wp:attachment":[{"href":"https:\/\/us.edu.pl\/instytut\/inp\/wp-json\/wp\/v2\/media?parent=609"}],"curies":[{"name":"wp","href":"https:\/\/api.w.org\/{rel}","templated":true}]}}