{"id":612,"date":"2020-01-02T14:58:23","date_gmt":"2020-01-02T13:58:23","guid":{"rendered":"http:\/\/us.edu.pl\/instytut\/inp\/?page_id=612"},"modified":"2025-01-07T11:44:30","modified_gmt":"2025-01-07T10:44:30","slug":"kubin-tomasz","status":"publish","type":"page","link":"https:\/\/us.edu.pl\/instytut\/inp\/kubin-tomasz\/","title":{"rendered":"Kubin Tomasz"},"content":{"rendered":"<p>[vc_row][vc_column]\r\n                <div class=\"text-modules reverse\">\r\n                    <div class=\"container\">\r\n                        <h3 class=\"section-title section-title_border-bottom\">dr hab. Tomasz Kubin, prof. U\u015a<\/h3> \r\n                        <div class=\"row m-0\">\r\n                            <div class=\"text-modules__content\">\r\n                                <\/p>\n<p style=\"text-align: justify;\">tomasz.kubin@us.edu.pl<\/p>\n<p style=\"text-align: justify;\">Adiunkt, doktor habilitowany w dziedzinie nauk spo\u0142ecznych w dyscyplinie nauk o polityce. Uko\u0144czy\u0142 r\u00f3wnie\u017c studia podyplomowe na kierunku handel zagraniczny (Uniwersytet Ekonomiczny w Katowicach) oraz prawo Unii Europejskiej (Uniwersytet Jagiello\u0144ski).<\/p>\n<p style=\"text-align: justify;\">Zainteresowania naukowe: stosunki mi\u0119dzynarodowe, szczeg\u00f3lnie integracja europejska (m.in. takie zagadnienia jak: system instytucjonalny Unii Europejskiej, Polska w Unii Europejskiej, Unia Gospodarcza i Walutowa, stosunki zewn\u0119trzne UE, zr\u00f3\u017cnicowanie integracji w UE).<\/p>\n<p style=\"text-align: justify;\">Autor dw\u00f3ch ksi\u0105\u017cek: <em>Polityczne implikacje wprowadzenie unii walutowej w Europie<\/em>, Katowice 2007 oraz <em>Legitymizacja systemu instytucjonalnego Unii Europejskiej<\/em>, Katowice 2014). Wsp\u00f3\u0142autor (wraz z: Ma\u0142gorzata My\u015bliwiec, Ma\u0142gorzata Lorencka) dw\u00f3ch ksi\u0105\u017cek: <em>Wp\u0142yw kryzysu gospodarczego na dzia\u0142anie systemu politycznego. <\/em><em>Analiza przypadku Grecji, Hiszpanii i W\u0142och<\/em>, Katowice 2017 oraz <em>Impact of the 2008 economic crisis on the functioning of the political systems. <\/em><em>A case study of Greece, Spain, and Italy<\/em>, Katowice 2017. Wsp\u00f3\u0142redaktor (wraz z M. Stolarczyk) ksi\u0105\u017cki <em>Kryzysy w Unii Europejskiej w drugiej dekadzie XXI wieku. Uwarunkowania \u2013 przebieg \u2013 implikacje<\/em>, Katowice 2018.<\/p>\n<p style=\"text-align: justify;\">Autor kilkudziesi\u0119ciu artyku\u0142\u00f3w naukowych opublikowanych w czasopismach specjalistycznych (,,Athenaeum. Polskie Studia Politologiczne\u201d, ,,Baltic Journal of European Studies\u201d, ,,Current Politics and Economics of Europe\u201d, ,,Ekonomista\u201d ,,Investigaciones Hist\u00f3ricas. \u00c9poca Moderna y Contempor\u00e1nea\u201d, ,,Politeja\u201d, ,,Polski Przegl\u0105d Dyplomatyczny\u201d, ,,Progress in Economics Research\u201d, ,,Przegl\u0105d Europejski\u201d, ,,Przegl\u0105d Politologiczny\u201d, ,,Przegl\u0105d Zachodni\u201d, ,,Rocznik Integracji Europejskiej\u201d, ,,Stosunki Mi\u0119dzynarodowe\u201d, ,,Studia Ekonomiczne. Zeszyty Naukowe Uniwersytetu Ekonomicznego w Katowicach\u201d, ,,Studia Europejskie\u201d, ,,Studia Politicae Universitatis Silesiensis\u201d, ,,Teka Komisji Politologii i Stosunk\u00f3w Mi\u0119dzynarodowych\u201d, ,,Yearbook of Polish European Studies\u201d) oraz w publikacjach zbiorowych.<\/p>\n<p style=\"text-align: justify;\"><a href=\"https:\/\/www.researchgate.net\/profile\/Tomasz_Kubin\">ResearchGate<\/a><\/p>\n<p style=\"text-align: justify;\"><a href=\"https:\/\/scholar.google.com\/citations?hl=en&amp;user=R5hlQXkAAAAJ\">GoogleScholar<\/a><\/p>\n<p style=\"text-align: justify;\"><a href=\"https:\/\/pbn.nauka.gov.pl\/pbn-report-web\/pages\/analytics\/author\/920507\">PBN<\/a><\/p>\n<p><a href=\"https:\/\/orcid.org\/0000-0002-0984-8089\">ORCID<\/a> \r\n                                <div class=\"mt-3\"><\/div>\r\n                            <\/div>\r\n                            \r\n                            \r\n                        <\/div>\r\n                    <\/div>\r\n                <\/div>[\/vc_column][\/vc_row][vc_row][vc_column][vc_column_text][\/vc_column_text][\/vc_column][\/vc_row]<\/p>","protected":false},"excerpt":{"rendered":"<p>[vc_row][vc_column][\/vc_column][\/vc_row][vc_row][vc_column][vc_column_text][\/vc_column_text][\/vc_column][\/vc_row] [&#8230;]<\/p>\n<p><a class=\"btn btn-secondary understrap-read-more-link\" href=\"https:\/\/us.edu.pl\/instytut\/inp\/kubin-tomasz\/\">Read More&#8230;<\/a><\/p>\n","protected":false},"author":141,"featured_media":0,"parent":0,"menu_order":0,"comment_status":"closed","ping_status":"closed","template":"","meta":{"_expiration-date-status":"","_expiration-date":0,"_expiration-date-type":"","_expiration-date-categories":[],"_expiration-date-options":[]},"acf":[],"_links":{"self":[{"href":"https:\/\/us.edu.pl\/instytut\/inp\/wp-json\/wp\/v2\/pages\/612"}],"collection":[{"href":"https:\/\/us.edu.pl\/instytut\/inp\/wp-json\/wp\/v2\/pages"}],"about":[{"href":"https:\/\/us.edu.pl\/instytut\/inp\/wp-json\/wp\/v2\/types\/page"}],"author":[{"embeddable":true,"href":"https:\/\/us.edu.pl\/instytut\/inp\/wp-json\/wp\/v2\/users\/141"}],"replies":[{"embeddable":true,"href":"https:\/\/us.edu.pl\/instytut\/inp\/wp-json\/wp\/v2\/comments?post=612"}],"version-history":[{"count":7,"href":"https:\/\/us.edu.pl\/instytut\/inp\/wp-json\/wp\/v2\/pages\/612\/revisions"}],"predecessor-version":[{"id":6760,"href":"https:\/\/us.edu.pl\/instytut\/inp\/wp-json\/wp\/v2\/pages\/612\/revisions\/6760"}],"wp:attachment":[{"href":"https:\/\/us.edu.pl\/instytut\/inp\/wp-json\/wp\/v2\/media?parent=612"}],"curies":[{"name":"wp","href":"https:\/\/api.w.org\/{rel}","templated":true}]}}

<p>[vc_row][vc_column]
                <div class="text-modules reverse">
                    <div class="container">
                        <h3 class="section-title section-title_border-bottom">dr hab. Tomasz Kubin, prof. UŚ</h3> 
                        <div class="row m-0">
                            <div class="text-modules__content">
                                </p>
<p style="text-align: justify;">tomasz.kubin@us.edu.pl</p>
<p style="text-align: justify;">Adiunkt, doktor habilitowany w dziedzinie nauk społecznych w dyscyplinie nauk o polityce. Ukończył również studia podyplomowe na kierunku handel zagraniczny (Uniwersytet Ekonomiczny w Katowicach) oraz prawo Unii Europejskiej (Uniwersytet Jagielloński).</p>
<p style="text-align: justify;">Zainteresowania naukowe: stosunki międzynarodowe, szczególnie integracja europejska (m.in. takie zagadnienia jak: system instytucjonalny Unii Europejskiej, Polska w Unii Europejskiej, Unia Gospodarcza i Walutowa, stosunki zewnętrzne UE, zróżnicowanie integracji w UE).</p>
<p style="text-align: justify;">Autor dwóch książek: <em>Polityczne implikacje wprowadzenie unii walutowej w Europie</em>, Katowice 2007 oraz <em>Legitymizacja systemu instytucjonalnego Unii Europejskiej</em>, Katowice 2014). Współautor (wraz z: Małgorzata Myśliwiec, Małgorzata Lorencka) dwóch książek: <em>Wpływ kryzysu gospodarczego na działanie systemu politycznego. </em><em>Analiza przypadku Grecji, Hiszpanii i Włoch</em>, Katowice 2017 oraz <em>Impact of the 2008 economic crisis on the functioning of the political systems. </em><em>A case study of Greece, Spain, and Italy</em>, Katowice 2017. Współredaktor (wraz z M. Stolarczyk) książki <em>Kryzysy w Unii Europejskiej w drugiej dekadzie XXI wieku. Uwarunkowania – przebieg – implikacje</em>, Katowice 2018.</p>
<p style="text-align: justify;">Autor kilkudziesięciu artykułów naukowych opublikowanych w czasopismach specjalistycznych (,,Athenaeum. Polskie Studia Politologiczne”, ,,Baltic Journal of European Studies”, ,,Current Politics and Economics of Europe”, ,,Ekonomista” ,,Investigaciones Históricas. Época Moderna y Contemporánea”, ,,Politeja”, ,,Polski Przegląd Dyplomatyczny”, ,,Progress in Economics Research”, ,,Przegląd Europejski”, ,,Przegląd Politologiczny”, ,,Przegląd Zachodni”, ,,Rocznik Integracji Europejskiej”, ,,Stosunki Międzynarodowe”, ,,Studia Ekonomiczne. Zeszyty Naukowe Uniwersytetu Ekonomicznego w Katowicach”, ,,Studia Europejskie”, ,,Studia Politicae Universitatis Silesiensis”, ,,Teka Komisji Politologii i Stosunków Międzynarodowych”, ,,Yearbook of Polish European Studies”) oraz w publikacjach zbiorowych.</p>
<p style="text-align: justify;"><a href="https://www.researchgate.net/profile/Tomasz_Kubin">ResearchGate</a></p>
<p style="text-align: justify;"><a href="https://scholar.google.com/citations?hl=en&amp;user=R5hlQXkAAAAJ">GoogleScholar</a></p>
<p style="text-align: justify;"><a href="https://pbn.nauka.gov.pl/pbn-report-web/pages/analytics/author/920507">PBN</a></p>
<p><a href="https://orcid.org/0000-0002-0984-8089">ORCID</a> 
                                <div class="mt-3"></div>
                            </div>
                            
                            
                        </div>
                    </div>
                </div>[/vc_column][/vc_row][vc_row][vc_column][vc_column_text][/vc_column_text][/vc_column][/vc_row]</p>
