{"id":632,"date":"2020-01-02T15:39:47","date_gmt":"2020-01-02T14:39:47","guid":{"rendered":"http:\/\/us.edu.pl\/instytut\/inp\/?page_id=632"},"modified":"2025-01-07T11:58:23","modified_gmt":"2025-01-07T10:58:23","slug":"lapaj-kucharska-justyna","status":"publish","type":"page","link":"https:\/\/us.edu.pl\/instytut\/inp\/lapaj-kucharska-justyna\/","title":{"rendered":"\u0141apaj-Kucharska Justyna"},"content":{"rendered":"<p>[vc_row][vc_column]\r\n                <div class=\"text-modules reverse\">\r\n                    <div class=\"container\">\r\n                        <h3 class=\"section-title section-title_border-bottom\">dr Justyna \u0141apaj-Kucharska<\/h3> \r\n                        <div class=\"row m-0\">\r\n                            <div class=\"text-modules__content\">\r\n                                <\/p>\n<div>\n<p style=\"text-align: justify;\">justyna.lapaj@us.edu.pl<\/p>\n<p style=\"text-align: justify;\">Doktorka Nauk Spo\u0142ecznych w zakresie Nauk o Polityce. Adiunktka w Instytucie Nauk Politycznych Uniwersytetu \u015al\u0105skiego w Katowicach.<\/p>\n<p style=\"text-align: justify;\">Absolwentka studi\u00f3w licencjackich i magisterskich na kierunku politologia (specjalno\u015b\u0107 europejska) Uniwersytetu \u015al\u0105skiego w Katowicach (2012). Stopie\u0144 doktora nauk spo\u0142ecznych w zakresie nauk o polityce uzyska\u0142a w 2018 roku. Od 2014 roku pracowa\u0142a w Instytucie Nauk Politycznych U\u015a na stanowisku asystentki, od 2019 roku na stanowisku adiunktki w grupie pracownik\u00f3w badawczo-dydaktycznych.<\/p>\n<p style=\"text-align: justify;\">Autorka, wsp\u00f3\u0142autorka i wsp\u00f3\u0142redaktorka monografii i prac zbiorowych oraz kilkunastu artyku\u0142\u00f3w w czasopismach naukowych i rozdzia\u0142\u00f3w w pracach zbiorowych po\u015bwi\u0119conych problematyce stosunk\u00f3w mi\u0119dzynarodowych, polityki zagranicznej Polski w XXI wieku, polityce wewn\u0119trznej i zagranicznej pa\u0144stw latynoameryka\u0144skich, problematyce izraelskiej i kultury \u017cydowskiej.<\/p>\n<p style=\"text-align: justify;\">Uczestniczka kilkudziesi\u0119ciu konferencji naukowych i popularno-naukowych o zasi\u0119gu og\u00f3lnopolskim i mi\u0119dzynarodowym, na kt\u00f3rych wyg\u0142osi\u0142a referaty w j. polskim i angielskim.<\/p>\n<p style=\"text-align: justify;\">Uczestniczka grant\u00f3w uczelnianych po\u015bwi\u0119conych zr\u00f3\u017cnicowanej tematyce z pogranicza medi\u00f3w, teoretycznych aspekt\u00f3w demokracji, funkcjonowania Unii Europejskiej oraz relacji mi\u0119dzynarodowych. Uczestniczka projekt\u00f3w naukowo-badawczych m.in. w zakresie dost\u0119pu do informacji publicznej, we wsp\u00f3\u0142pracy z zewn\u0119trznymi podmiotami, w tym ze Stowarzyszeniem Wzajemnej Pomocy BONA FIDES w Katowicach.<\/p>\n<p style=\"text-align: justify;\">W 2012 roku zyska\u0142a uprawnienia Trenera Europejskiego z ramienia Polskiej Fundacji im.\u00a0Roberta Schumana. Od 2012 roku posiada uprawnienia edukatora praw cz\u0142owieka z\u00a0ramienia Amnesty International. Przeprowadzi\u0142a szereg szkole\u0144 i warsztat\u00f3w w tych obszarach, na seminariach og\u00f3lnopolskich i mi\u0119dzynarodowych.<\/p>\n<p style=\"text-align: justify;\">Otrzyma\u0142a wyr\u00f3\u017cnienie JM Rektora U\u015a\u00a0przyznane\u00a0za osi\u0105gni\u0119cia naukowe\u00a0dla najlepszych absolwent\u00f3w\u00a0w roku akademickim 2011\/2012. Przyznano jej stypendium Ministra Nauki i Szkolnictwa Wy\u017cszego RP za osi\u0105gni\u0119cia naukowe w roku akademickim 2011\/2012, a tak\u017ce stypendium JM Rektora Uniwersytetu \u015al\u0105skiego za osi\u0105gni\u0119cia naukowe w\u00a0latach 2008\u20132012. W latach 2010\u20132018 cz\u0142onkini kolegium redakcyjnego Czasopisma U\u015a \u201ePisma Humanistyczne\u201d, zast\u0119pczyni redaktora naczelnego, redaktorka tematyczna w zakresie nauk o polityce. W latach 2019-2022 cz\u0142onkini Polskiego Towarzystwa Nauk Politycznych, oddzia\u0142 w Katowicach.<\/p>\n<p style=\"text-align: justify;\">Od 2018 roku jej zainteresowania koncentruj\u0105 si\u0119 na praktycznym wymiarze dzia\u0142alno\u015bci zwi\u0105zanej copywritingiem i storytellingiem. Prowadzi szkolenia, wyk\u0142ady, zaj\u0119cia, warsztaty i konsultacje z copywritingu i storytellingu we wsp\u00f3\u0142pracy z Uniwersytetem Otwartym U\u015a, Wydzia\u0142em Humanistycznym U\u015a oraz z otoczeniem zewn\u0119trznym \u2013 instytucjami publicznymi, takimi jak Urz\u0105d Miasta w Tarnowskich G\u00f3rach, Urz\u0105d Miasta Rybnika czy Inkubator Przedsi\u0119biorczo\u015bci w D\u0105browie G\u00f3rniczej oraz uczelniami wy\u017cszymi, jak Akademia \u015al\u0105ska w Katowicach.<\/p>\n<p style=\"text-align: justify;\">Prowadzi zaj\u0119cia dydaktyczne na Wydziale Nauk Spo\u0142ecznych w zakresie szeroko poj\u0119tej tematyki stosunk\u00f3w mi\u0119dzynarodowych oraz bezpiecze\u0144stwa narodowego i\u00a0mi\u0119dzynarodowego na kierunkach: Politologia, Bezpiecze\u0144stwo Narodowe i\u00a0Mi\u0119dzynarodowe, Doradztwo Polityczne i Publiczne, Mi\u0119dzynarodowe Studia Nauk Politycznych i Dyplomacji. Na Wydziale Humanistycznym prowadzi zaj\u0119cia ze storytellingu na kierunku Sztuka Pisania oraz z copywritingu na kierunku Tw\u00f3rcze Pisanie i Marketing Wydawniczy. Promotorka kilkudziesi\u0119ciu prac dyplomowych na kierunku Bezpiecze\u0144stwo Narodowe i\u00a0Mi\u0119dzynarodowe.<\/p>\n<p style=\"text-align: justify;\">Jej zainteresowania badawcze koncentruj\u0105 si\u0119 wok\u00f3\u0142 copywritingu i storytellingu, zawarto\u015bci tre\u015bciowej stron internetowych w sektorze Mi\u015aP oraz Instytucji Publicznych, contentmarketingu, j\u0119zyka komunikacji, a tak\u017ce: polityki zagranicznej Polski w okresie pozimnowojnnym wobec pa\u0144stw europejskich i pozaeuropejskich.<\/p>\n<p style=\"text-align: justify;\"><a href=\"https:\/\/scholar.google.pl\/citations?user=3-kQSLMAAAAJ&amp;hl=pl\">ResearchGate<\/a><\/p>\n<p style=\"text-align: justify;\"><a href=\"https:\/\/www.researchgate.net\/profile\/Justyna_Lapaj-Kucharska\">GoogleScholar<\/a><\/p>\n<p style=\"text-align: justify;\"><a href=\"https:\/\/pbn.nauka.gov.pl\/pbn-report-web\/pages\/analytics\/author\/3956938\">PBN<\/a><\/p>\n<p style=\"text-align: justify;\"><a href=\"https:\/\/orcid.org\/0000-0002-8529-4356\">ORCID<\/a><\/p>\n<\/div>\n<div class=\"mt-3\"><\/div>\r\n                            <\/div>\r\n                            \r\n                            <div class=\"text-modules__img\"><img src=\"https:\/\/us.edu.pl\/instytut\/inp\/wp-content\/uploads\/sites\/31\/Nieprzypisane\/J_\u0141apaj.png\" alt=\"img\"><\/div>\r\n                        <\/div>\r\n                    <\/div>\r\n                <\/div>[\/vc_column][\/vc_row]<\/p>","protected":false},"excerpt":{"rendered":"<p>[vc_row][vc_column][\/vc_column][\/vc_row] [&#8230;]<\/p>\n<p><a class=\"btn btn-secondary understrap-read-more-link\" href=\"https:\/\/us.edu.pl\/instytut\/inp\/lapaj-kucharska-justyna\/\">Read More&#8230;<\/a><\/p>\n","protected":false},"author":141,"featured_media":0,"parent":0,"menu_order":0,"comment_status":"closed","ping_status":"closed","template":"","meta":{"_expiration-date-status":"","_expiration-date":0,"_expiration-date-type":"","_expiration-date-categories":[],"_expiration-date-options":[]},"acf":[],"_links":{"self":[{"href":"https:\/\/us.edu.pl\/instytut\/inp\/wp-json\/wp\/v2\/pages\/632"}],"collection":[{"href":"https:\/\/us.edu.pl\/instytut\/inp\/wp-json\/wp\/v2\/pages"}],"about":[{"href":"https:\/\/us.edu.pl\/instytut\/inp\/wp-json\/wp\/v2\/types\/page"}],"author":[{"embeddable":true,"href":"https:\/\/us.edu.pl\/instytut\/inp\/wp-json\/wp\/v2\/users\/141"}],"replies":[{"embeddable":true,"href":"https:\/\/us.edu.pl\/instytut\/inp\/wp-json\/wp\/v2\/comments?post=632"}],"version-history":[{"count":7,"href":"https:\/\/us.edu.pl\/instytut\/inp\/wp-json\/wp\/v2\/pages\/632\/revisions"}],"predecessor-version":[{"id":6772,"href":"https:\/\/us.edu.pl\/instytut\/inp\/wp-json\/wp\/v2\/pages\/632\/revisions\/6772"}],"wp:attachment":[{"href":"https:\/\/us.edu.pl\/instytut\/inp\/wp-json\/wp\/v2\/media?parent=632"}],"curies":[{"name":"wp","href":"https:\/\/api.w.org\/{rel}","templated":true}]}}