{"id":676,"date":"2020-01-02T17:53:41","date_gmt":"2020-01-02T16:53:41","guid":{"rendered":"http:\/\/us.edu.pl\/instytut\/inp\/?page_id=676"},"modified":"2025-01-07T11:31:33","modified_gmt":"2025-01-07T10:31:33","slug":"glajcar-rafal","status":"publish","type":"page","link":"https:\/\/us.edu.pl\/instytut\/inp\/glajcar-rafal\/","title":{"rendered":"Glajcar Rafa\u0142"},"content":{"rendered":"<p>[vc_row][vc_column]\r\n                <div class=\"text-modules reverse\">\r\n                    <div class=\"container\">\r\n                        <h3 class=\"section-title section-title_border-bottom\">dr hab. Rafa\u0142 Glajcar, prof. U\u015a<\/h3> \r\n                        <div class=\"row m-0\">\r\n                            <div class=\"text-modules__content\">\r\n                                <\/p>\n<p style=\"text-align: justify;\">rafal.glajcar@us.edu.pl<\/p>\n<p style=\"text-align: justify;\">Absolwent jednolitych studi\u00f3w magisterskich na kierunku politologia (specjalno\u015b\u0107 spo\u0142eczno-ustrojowa) Uniwersytetu \u015al\u0105skiego w Katowicach (1999 r.). Stopie\u0144 doktora nauk humanistycznych w zakresie nauk o polityce uzyska\u0142 w listopadzie 2003 roku, za\u015b w czerwcu 2016 roku stopie\u0144 doktora habilitowanego nauk spo\u0142ecznych w dyscyplinie nauki o polityce. Jego badania koncentruj\u0105 si\u0119 wok\u00f3\u0142 takich kwestii, jak: instytucje demokratyczne, systemy wyborcze i konsolidacja demokracji. Wszystkie trzy p\u0142aszczyzny stanowi\u0105 sp\u00f3jn\u0105 \u015bcie\u017ck\u0119 zainteresowa\u0144 zwi\u0105zanych z procesami transformacyjnymi w pa\u0144stwach, kt\u00f3re pod koniec XX wieku obj\u0119te zosta\u0142y trzeci\u0105 fal\u0105 demokratyzacji, ze szczeg\u00f3lnym uwzgl\u0119dnieniem Polski oraz pozosta\u0142ych pa\u0144stw Grupy Wyszehradzkiej. Potwierdzeniem tego jest kilkadziesi\u0105t publikacji naukowych, jak i udzia\u0142 w konferencjach naukowych oraz projektach badawczych.<\/p>\n<p style=\"text-align: justify;\"><span style=\"font-family: 'Verdana',sans-serif;\"><a href=\"https:\/\/www.researchgate.net\/profile\/Rafat_Glajcar\">ResearchGate<\/a> <\/span><\/p>\n<p style=\"text-align: justify;\"><span style=\"font-family: 'Verdana',sans-serif;\"><a href=\"https:\/\/scholar.google.pl\/citations?user=suAscbMAAAAJ&amp;hl=pl\">GoogleScholar<\/a><\/span><\/p>\n<p style=\"text-align: justify;\"><span style=\"font-family: 'Verdana',sans-serif;\"><a href=\"https:\/\/pbn.nauka.gov.pl\/pbn-report-web\/pages\/analytics\/author\/920577\">PBN<\/a><\/span><\/p>\n<p><a href=\"https:\/\/orcid.org\/0000-0002-1850-013X\">ORCID<\/a> \r\n                                <div class=\"mt-3\"><\/div>\r\n                            <\/div>\r\n                            \r\n                            \r\n                        <\/div>\r\n                    <\/div>\r\n                <\/div>[\/vc_column][\/vc_row]<\/p>","protected":false},"excerpt":{"rendered":"<p>[vc_row][vc_column][\/vc_column][\/vc_row] [&#8230;]<\/p>\n<p><a class=\"btn btn-secondary understrap-read-more-link\" href=\"https:\/\/us.edu.pl\/instytut\/inp\/glajcar-rafal\/\">Read More&#8230;<\/a><\/p>\n","protected":false},"author":141,"featured_media":0,"parent":0,"menu_order":0,"comment_status":"closed","ping_status":"closed","template":"","meta":{"_expiration-date-status":"","_expiration-date":0,"_expiration-date-type":"","_expiration-date-categories":[],"_expiration-date-options":[]},"acf":[],"_links":{"self":[{"href":"https:\/\/us.edu.pl\/instytut\/inp\/wp-json\/wp\/v2\/pages\/676"}],"collection":[{"href":"https:\/\/us.edu.pl\/instytut\/inp\/wp-json\/wp\/v2\/pages"}],"about":[{"href":"https:\/\/us.edu.pl\/instytut\/inp\/wp-json\/wp\/v2\/types\/page"}],"author":[{"embeddable":true,"href":"https:\/\/us.edu.pl\/instytut\/inp\/wp-json\/wp\/v2\/users\/141"}],"replies":[{"embeddable":true,"href":"https:\/\/us.edu.pl\/instytut\/inp\/wp-json\/wp\/v2\/comments?post=676"}],"version-history":[{"count":6,"href":"https:\/\/us.edu.pl\/instytut\/inp\/wp-json\/wp\/v2\/pages\/676\/revisions"}],"predecessor-version":[{"id":6753,"href":"https:\/\/us.edu.pl\/instytut\/inp\/wp-json\/wp\/v2\/pages\/676\/revisions\/6753"}],"wp:attachment":[{"href":"https:\/\/us.edu.pl\/instytut\/inp\/wp-json\/wp\/v2\/media?parent=676"}],"curies":[{"name":"wp","href":"https:\/\/api.w.org\/{rel}","templated":true}]}}