{"id":6885,"date":"2025-01-07T15:45:52","date_gmt":"2025-01-07T14:45:52","guid":{"rendered":"https:\/\/us.edu.pl\/instytut\/inp\/?page_id=6885"},"modified":"2026-04-15T13:16:11","modified_gmt":"2026-04-15T11:16:11","slug":"pracownicy","status":"publish","type":"page","link":"https:\/\/us.edu.pl\/instytut\/inp\/pracownicy\/","title":{"rendered":"Pracownicy"},"content":{"rendered":"<p>[vc_row][vc_column]\r\n\t\t\t\t<div class='container'>\r\n\t\t\t\t\t<div class='list-links list-links_'>\r\n\t\t\t\t\t\t  <h2 class='section-title'>Pracownicy<\/h2>\r\n\t\t\t\t\t\t  <ul>\r\n\t\t\t\t\t\t\t\t<li><a href='https:\/\/us.edu.pl\/instytut\/inp\/batko-kornelia'><p>dr Kornelia Batko, prof. U\u015a<\/p><\/a><\/li>\r\n\t\t\t\t\t\t\t\t<li><a href='https:\/\/us.edu.pl\/instytut\/inp\/budzanowska-anna'><p>dr hab. Anna Budzanowska<\/p><\/a><\/li>\r\n\t\t\t\t\t\t\t\t<li><a href='https:\/\/us.edu.pl\/instytut\/inp\/czornik-katarzyna'><p>dr hab. Katarzyna Czornik, prof. U\u015a<\/p><\/a><\/li>\r\n\t\t\t\t\t\t\t\t<li><a href='https:\/\/us.edu.pl\/instytut\/inp\/czuba-michal'><p>dr Micha\u0142 Czuba<\/p><\/a><\/li>\r\n\t\t\t\t\t\t\t\t<li><a href='https:\/\/us.edu.pl\/instytut\/inp\/czyz-anna'><p>dr hab. Anna Czy\u017c, prof. U\u015a<\/p><\/a><\/li>\r\n\t\t\t\t\t\t\t\t<li><a href='https:\/\/us.edu.pl\/instytut\/inp\/galica-natalia'><p>mgr Natalia Galica<\/p><\/a><\/li>\r\n\t\t\t\t\t\t\t\t<li><a href='https:\/\/us.edu.pl\/instytut\/inp\/glajcar-rafal'><p>dr hab. Rafa\u0142 Glajcar, prof. U\u015a<\/p><\/a><\/li>\r\n\t\t\t\t\t\t\t\t<li><a href='https:\/\/us.edu.pl\/instytut\/inp\/kubas-sebastian'><p>dr hab. Sebastian Kubas, prof. U\u015a<\/p><\/a><\/li>\r\n\t\t\t\t\t\t\t\t<li><a href='https:\/\/us.edu.pl\/instytut\/inp\/kubin-tomasz'><p>dr hab. Tomasz Kubin, prof. U\u015a<\/p><\/a><\/li>\r\n\t\t\t\t\t\t\t\t<li><a href='https:\/\/us.edu.pl\/instytut\/inp\/lakomy-miron'><p>prof. dr hab. Miron Lakomy<\/p><\/a><\/li>\r\n\t\t\t\t\t\t\t\t<li><a href='https:\/\/us.edu.pl\/instytut\/inp\/lorencka-malgorzata'><p>dr Ma\u0142gorzata Lorencka<\/p><\/a><\/li>\r\n\t\t\t\t\t\t\t\t<li><a href='https:\/\/us.edu.pl\/instytut\/inp\/marmola-maciej'><p>dr Maciej Marmola<\/p><\/a><\/li>\r\n\t\t\t\t\t\t\t\t<li><a href='https:\/\/us.edu.pl\/instytut\/inp\/miarka-agnieszka'><p>dr Agnieszka Miarka, prof. U\u015a<\/p><\/a><\/li>\r\n\t\t\t\t\t\t\t\t<li><a href='https:\/\/us.edu.pl\/instytut\/inp\/mus-anna'><p>dr Anna Mu\u015b, prof. U\u015a<\/p><\/a><\/li>\r\n\t\t\t\t\t\t\t\t<li><a href='https:\/\/us.edu.pl\/instytut\/inp\/mysliwiec-malgorzata'><p>dr hab. Ma\u0142gorzata My\u015bliwiec, prof. U\u015a<\/p><\/a><\/li>\r\n\t\t\t\t\t\t\t\t<li><a href='https:\/\/us.edu.pl\/instytut\/inp\/olszanecka-marmola-agata'><p>dr Agata Olszanecka-Marmola<\/p><\/a><\/li>\r\n\t\t\t\t\t\t\t\t<li><a href='https:\/\/us.edu.pl\/instytut\/inp\/pron-elzbieta'><p>dr El\u017cbieta Pro\u0144<\/p><\/a><\/li>\r\n\t\t\t\t\t\t\t\t<li><a href='https:\/\/us.edu.pl\/instytut\/inp\/radek-robert'><p>dr Robert Radek<\/p><\/a><\/li>\r\n\t\t\t\t\t\t\t\t<li><a href='https:\/\/us.edu.pl\/instytut\/inp\/szwajnoch-emilie'><p>dr Emilie Szwajnoch<\/p><\/a><\/li>\r\n\t\t\t\t\t\t\t\t<li><a href='https:\/\/us.edu.pl\/instytut\/inp\/szynol-monika'><p>dr Monika Szynol<\/p><\/a><\/li>\r\n\t\t\t\t\t\t\t\t<li><a href='https:\/\/us.edu.pl\/instytut\/inp\/tatarczyk-dawid'><p>dr Dawid Tatarczyk, prof. U\u015a<\/p><\/a><\/li>\r\n\t\t\t\t\t\t\t\t<li><a href='https:\/\/us.edu.pl\/instytut\/inp\/turon-kowalska-agnieszka'><p>dr Agnieszka Turo\u0144-Kowalska<\/p><\/a><\/li>\r\n\t\t\t\t\t\t\t\t<li><a href='https:\/\/us.edu.pl\/instytut\/inp\/turska-kawa-agnieszka'><p>dr hab. Agnieszka Turska-Kawa, prof. U\u015a<\/p><\/a><\/li>\r\n\t\t\t\t\t\t\t\t<li><a href='https:\/\/us.edu.pl\/instytut\/inp\/wajzer-mateusz'><p>dr Mateusz Wajzer<\/p><\/a><\/li>\r\n\t\t\t\t\t\t\t\t<li><a href='https:\/\/us.edu.pl\/instytut\/inp\/wator-wlodzimierz'><p>p\u0142k dr W\u0142odzimierz W\u0105tor<\/p><\/a><\/li>\r\n\t\t\t\t\t\t\t\t<li><a href='https:\/\/us.edu.pl\/instytut\/inp\/wojtasik-waldemar'><p>prof. dr hab. Waldemar Wojtasik<\/p><\/a><\/li>\r\n\t\t\t\t\t\t\t\t<li><a href='https:\/\/us.edu.pl\/instytut\/inp\/wrobel-sylwester'><p>prof. dr hab. Sylwester Wr\u00f3bel<\/p><\/a><\/li><\/ul>\r\n\t\t\t\t\t<\/div>\r\n\t\t\t\t<\/div>   \r\n\t\t\t\t\t[\/vc_column][\/vc_row]<\/p>","protected":false},"excerpt":{"rendered":"<p>[vc_row][vc_column][\/vc_column][\/vc_row] [&#8230;]<\/p>\n<p><a class=\"btn btn-secondary understrap-read-more-link\" href=\"https:\/\/us.edu.pl\/instytut\/inp\/pracownicy\/\">Read More&#8230;<\/a><\/p>\n","protected":false},"author":7155,"featured_media":0,"parent":0,"menu_order":0,"comment_status":"closed","ping_status":"closed","template":"","meta":{"_expiration-date-status":"saved","_expiration-date":0,"_expiration-date-type":"","_expiration-date-categories":[],"_expiration-date-options":[]},"acf":[],"_links":{"self":[{"href":"https:\/\/us.edu.pl\/instytut\/inp\/wp-json\/wp\/v2\/pages\/6885"}],"collection":[{"href":"https:\/\/us.edu.pl\/instytut\/inp\/wp-json\/wp\/v2\/pages"}],"about":[{"href":"https:\/\/us.edu.pl\/instytut\/inp\/wp-json\/wp\/v2\/types\/page"}],"author":[{"embeddable":true,"href":"https:\/\/us.edu.pl\/instytut\/inp\/wp-json\/wp\/v2\/users\/7155"}],"replies":[{"embeddable":true,"href":"https:\/\/us.edu.pl\/instytut\/inp\/wp-json\/wp\/v2\/comments?post=6885"}],"version-history":[{"count":7,"href":"https:\/\/us.edu.pl\/instytut\/inp\/wp-json\/wp\/v2\/pages\/6885\/revisions"}],"predecessor-version":[{"id":8676,"href":"https:\/\/us.edu.pl\/instytut\/inp\/wp-json\/wp\/v2\/pages\/6885\/revisions\/8676"}],"wp:attachment":[{"href":"https:\/\/us.edu.pl\/instytut\/inp\/wp-json\/wp\/v2\/media?parent=6885"}],"curies":[{"name":"wp","href":"https:\/\/api.w.org\/{rel}","templated":true}]}}

<p>[vc_row][vc_column]
				<div class='container'>
					<div class='list-links list-links_'>
						  <h2 class='section-title'>Pracownicy</h2>
						  <ul>
								<li><a href='https://us.edu.pl/instytut/inp/batko-kornelia'><p>dr Kornelia Batko, prof. UŚ</p></a></li>
								<li><a href='https://us.edu.pl/instytut/inp/budzanowska-anna'><p>dr hab. Anna Budzanowska</p></a></li>
								<li><a href='https://us.edu.pl/instytut/inp/czornik-katarzyna'><p>dr hab. Katarzyna Czornik, prof. UŚ</p></a></li>
								<li><a href='https://us.edu.pl/instytut/inp/czuba-michal'><p>dr Michał Czuba</p></a></li>
								<li><a href='https://us.edu.pl/instytut/inp/czyz-anna'><p>dr hab. Anna Czyż, prof. UŚ</p></a></li>
								<li><a href='https://us.edu.pl/instytut/inp/galica-natalia'><p>mgr Natalia Galica</p></a></li>
								<li><a href='https://us.edu.pl/instytut/inp/glajcar-rafal'><p>dr hab. Rafał Glajcar, prof. UŚ</p></a></li>
								<li><a href='https://us.edu.pl/instytut/inp/kubas-sebastian'><p>dr hab. Sebastian Kubas, prof. UŚ</p></a></li>
								<li><a href='https://us.edu.pl/instytut/inp/kubin-tomasz'><p>dr hab. Tomasz Kubin, prof. UŚ</p></a></li>
								<li><a href='https://us.edu.pl/instytut/inp/lakomy-miron'><p>prof. dr hab. Miron Lakomy</p></a></li>
								<li><a href='https://us.edu.pl/instytut/inp/lorencka-malgorzata'><p>dr Małgorzata Lorencka</p></a></li>
								<li><a href='https://us.edu.pl/instytut/inp/marmola-maciej'><p>dr Maciej Marmola</p></a></li>
								<li><a href='https://us.edu.pl/instytut/inp/miarka-agnieszka'><p>dr Agnieszka Miarka, prof. UŚ</p></a></li>
								<li><a href='https://us.edu.pl/instytut/inp/mus-anna'><p>dr Anna Muś, prof. UŚ</p></a></li>
								<li><a href='https://us.edu.pl/instytut/inp/mysliwiec-malgorzata'><p>dr hab. Małgorzata Myśliwiec, prof. UŚ</p></a></li>
								<li><a href='https://us.edu.pl/instytut/inp/olszanecka-marmola-agata'><p>dr Agata Olszanecka-Marmola</p></a></li>
								<li><a href='https://us.edu.pl/instytut/inp/pron-elzbieta'><p>dr Elżbieta Proń</p></a></li>
								<li><a href='https://us.edu.pl/instytut/inp/radek-robert'><p>dr Robert Radek</p></a></li>
								<li><a href='https://us.edu.pl/instytut/inp/szwajnoch-emilie'><p>dr Emilie Szwajnoch</p></a></li>
								<li><a href='https://us.edu.pl/instytut/inp/szynol-monika'><p>dr Monika Szynol</p></a></li>
								<li><a href='https://us.edu.pl/instytut/inp/tatarczyk-dawid'><p>dr Dawid Tatarczyk, prof. UŚ</p></a></li>
								<li><a href='https://us.edu.pl/instytut/inp/turon-kowalska-agnieszka'><p>dr Agnieszka Turoń-Kowalska</p></a></li>
								<li><a href='https://us.edu.pl/instytut/inp/turska-kawa-agnieszka'><p>dr hab. Agnieszka Turska-Kawa, prof. UŚ</p></a></li>
								<li><a href='https://us.edu.pl/instytut/inp/wajzer-mateusz'><p>dr Mateusz Wajzer</p></a></li>
								<li><a href='https://us.edu.pl/instytut/inp/wator-wlodzimierz'><p>płk dr Włodzimierz Wątor</p></a></li>
								<li><a href='https://us.edu.pl/instytut/inp/wojtasik-waldemar'><p>prof. dr hab. Waldemar Wojtasik</p></a></li>
								<li><a href='https://us.edu.pl/instytut/inp/wrobel-sylwester'><p>prof. dr hab. Sylwester Wróbel</p></a></li></ul>
					</div>
				</div>   
					[/vc_column][/vc_row]</p>
