{"id":695,"date":"2020-01-02T18:39:04","date_gmt":"2020-01-02T17:39:04","guid":{"rendered":"http:\/\/us.edu.pl\/instytut\/inp\/?page_id=695"},"modified":"2025-01-07T12:53:38","modified_gmt":"2025-01-07T11:53:38","slug":"mysliwiec-malgorzata","status":"publish","type":"page","link":"https:\/\/us.edu.pl\/instytut\/inp\/mysliwiec-malgorzata\/","title":{"rendered":"My\u015bliwiec Ma\u0142gorzata"},"content":{"rendered":"<p>[vc_row][vc_column]\r\n                <div class=\"text-modules reverse\">\r\n                    <div class=\"container\">\r\n                        <h3 class=\"section-title section-title_border-bottom\">dr hab. Ma\u0142gorzata My\u015bliwiec, prof. U\u015a<\/h3> \r\n                        <div class=\"row m-0\">\r\n                            <div class=\"text-modules__content\">\r\n                                <\/p>\n<div style=\"text-align: justify;\">\n<p>malgorzata.mysliwiec@us.edu.pl<\/p>\n<p><strong>Dziekana Wydzia\u0142u Nauk Spo\u0142ecznych Uniwersytetu \u015al\u0105skiego w Katowicach<\/strong><\/p>\n<\/div>\n<div>\n<p style=\"text-align: justify;\">Pe\u0142nomocnik ds. wsp\u00f3\u0142pracy mi\u0119dzynarodowej na Wydziale Nauk Spo\u0142ecznych. Absolwentka Instytutu Nauk Politycznych i Dziennikarstwa Uniwersytetu \u015al\u0105skiego w Katowicach. W latach 1994\u20131998 zrealizowa\u0142a pi\u0119cioletni program studi\u00f3w magisterskich na kierunku nauki polityczne, specjalno\u015b\u0107 samorz\u0105dowa. Egzamin magisterski zda\u0142a na podstawie pracy pt. <em>Pozycja ustrojowa Wsp\u00f3lnoty Autonomicznej Katalonii w systemie politycznym wsp\u00f3\u0142czesnej Hiszpanii<\/em>. W 2002 roku obroni\u0142a prac\u0119 doktorsk\u0105 pt. <em>Decentralizm i regionalizm w koncepcji politycznej Converg\u00e8ncia i Uni\u00f3<\/em>. Stopie\u0144 doktora nauk humanistycznych w zakresie politologii nadany zosta\u0142 uchwa\u0142\u0105 Rady Wydzia\u0142u Nauk Spo\u0142ecznych Uniwersytetu \u015al\u0105skiego 28.05.2002 roku. Rada Wydzia\u0142u Nauk Spo\u0142ecznych Uniwersytetu \u015al\u0105skiego w Katowicach 29.09.2015 roku nada\u0142a jej stopie\u0144 doktora habilitowanego.<\/p>\n<p style=\"text-align: justify;\">W latach 2014\u20132017 kierowa\u0142a grantem pt. \u201eWp\u0142yw kryzysu gospodarczego na dzia\u0142anie systemu politycznego. Analiza przypadku Grecji, Hiszpanii i W\u0142och\u201d (czas trwania: 36 miesi\u0119cy; przyznana kwota: 131 560,00 z\u0142) uzyskanym w wyniku rozstrzygni\u0119cia konkursu OPUS 5, og\u0142oszonego przez Narodowe Centrum Nauki (UMO-2013\/09\/B\/HS5\/00021 do wniosku nr 2013\/09\/B\/HS5\/00021).<\/p>\n<p style=\"text-align: justify;\">Swoje zainteresowania badawcze koncentruje wok\u00f3\u0142: system\u00f3w politycznych pa\u0144stw Unii Europejskiej i Maghrebu (ze szczeg\u00f3lnym uwzgl\u0119dnieniem systemu politycznego Hiszpanii i\u00a0Maroka), proces\u00f3w decentralizacji i regionalizacji w Europie, teorii narodu i nacjonalizmu, mniejszo\u015bci narodowych i etnicznych w Europie, partii regionalnych i etnoregionalnych w\u00a0Europie, a tak\u017ce administracji publicznej w pa\u0144stwach europejskich.<\/p>\n<p style=\"text-align: justify;\"><a href=\"https:\/\/www.researchgate.net\/profile\/Matgorzata_Mysliwiec\">ResearchGate<\/a><\/p>\n<p style=\"text-align: justify;\"><a href=\"https:\/\/scholar.google.pl\/citations?hl=pl&amp;user=gmgh0J0AAAAJ\">GoogleScholar<\/a><\/p>\n<p style=\"text-align: justify;\"><a href=\"https:\/\/pbn.nauka.gov.pl\/pbn-report-web\/pages\/analytics\/author\/1461384\">PBN<\/a><\/p>\n<p style=\"text-align: justify;\"><a href=\"https:\/\/orcid.org\/0000-0002-7149-6977\">ORCID<\/a><\/p>\n<\/div>\n<div class=\"mt-3\"><\/div>\r\n                            <\/div>\r\n                            \r\n                            <div class=\"text-modules__img\"><img src=\"https:\/\/us.edu.pl\/instytut\/inp\/wp-content\/uploads\/sites\/31\/Nieprzypisane\/M.My\u015bliwiec.png\" alt=\"img\"><\/div>\r\n                        <\/div>\r\n                    <\/div>\r\n                <\/div>[\/vc_column][\/vc_row]<\/p>","protected":false},"excerpt":{"rendered":"<p>[vc_row][vc_column][\/vc_column][\/vc_row] [&#8230;]<\/p>\n<p><a class=\"btn btn-secondary understrap-read-more-link\" href=\"https:\/\/us.edu.pl\/instytut\/inp\/mysliwiec-malgorzata\/\">Read More&#8230;<\/a><\/p>\n","protected":false},"author":141,"featured_media":0,"parent":0,"menu_order":0,"comment_status":"closed","ping_status":"closed","template":"","meta":{"_expiration-date-status":"","_expiration-date":0,"_expiration-date-type":"","_expiration-date-categories":[],"_expiration-date-options":[]},"acf":[],"_links":{"self":[{"href":"https:\/\/us.edu.pl\/instytut\/inp\/wp-json\/wp\/v2\/pages\/695"}],"collection":[{"href":"https:\/\/us.edu.pl\/instytut\/inp\/wp-json\/wp\/v2\/pages"}],"about":[{"href":"https:\/\/us.edu.pl\/instytut\/inp\/wp-json\/wp\/v2\/types\/page"}],"author":[{"embeddable":true,"href":"https:\/\/us.edu.pl\/instytut\/inp\/wp-json\/wp\/v2\/users\/141"}],"replies":[{"embeddable":true,"href":"https:\/\/us.edu.pl\/instytut\/inp\/wp-json\/wp\/v2\/comments?post=695"}],"version-history":[{"count":8,"href":"https:\/\/us.edu.pl\/instytut\/inp\/wp-json\/wp\/v2\/pages\/695\/revisions"}],"predecessor-version":[{"id":6832,"href":"https:\/\/us.edu.pl\/instytut\/inp\/wp-json\/wp\/v2\/pages\/695\/revisions\/6832"}],"wp:attachment":[{"href":"https:\/\/us.edu.pl\/instytut\/inp\/wp-json\/wp\/v2\/media?parent=695"}],"curies":[{"name":"wp","href":"https:\/\/api.w.org\/{rel}","templated":true}]}}

Myśliwiec Małgorzata

<p>[vc_row][vc_column]
                <div class="text-modules reverse">
                    <div class="container">
                        <h3 class="section-title section-title_border-bottom">dr hab. Małgorzata Myśliwiec, prof. UŚ</h3> 
                        <div class="row m-0">
                            <div class="text-modules__content">
                                </p>
<div style="text-align: justify;">
<p>malgorzata.mysliwiec@us.edu.pl</p>
<p><strong>Dziekana Wydziału Nauk Społecznych Uniwersytetu Śląskiego w Katowicach</strong></p>
</div>
<div>
<p style="text-align: justify;">Pełnomocnik ds. współpracy międzynarodowej na Wydziale Nauk Społecznych. Absolwentka Instytutu Nauk Politycznych i Dziennikarstwa Uniwersytetu Śląskiego w Katowicach. W latach 1994–1998 zrealizowała pięcioletni program studiów magisterskich na kierunku nauki polityczne, specjalność samorządowa. Egzamin magisterski zdała na podstawie pracy pt. <em>Pozycja ustrojowa Wspólnoty Autonomicznej Katalonii w systemie politycznym współczesnej Hiszpanii</em>. W 2002 roku obroniła pracę doktorską pt. <em>Decentralizm i regionalizm w koncepcji politycznej Convergència i Unió</em>. Stopień doktora nauk humanistycznych w zakresie politologii nadany został uchwałą Rady Wydziału Nauk Społecznych Uniwersytetu Śląskiego 28.05.2002 roku. Rada Wydziału Nauk Społecznych Uniwersytetu Śląskiego w Katowicach 29.09.2015 roku nadała jej stopień doktora habilitowanego.</p>
<p style="text-align: justify;">W latach 2014–2017 kierowała grantem pt. „Wpływ kryzysu gospodarczego na działanie systemu politycznego. Analiza przypadku Grecji, Hiszpanii i Włoch” (czas trwania: 36 miesięcy; przyznana kwota: 131 560,00 zł) uzyskanym w wyniku rozstrzygnięcia konkursu OPUS 5, ogłoszonego przez Narodowe Centrum Nauki (UMO-2013/09/B/HS5/00021 do wniosku nr 2013/09/B/HS5/00021).</p>
<p style="text-align: justify;">Swoje zainteresowania badawcze koncentruje wokół: systemów politycznych państw Unii Europejskiej i Maghrebu (ze szczególnym uwzględnieniem systemu politycznego Hiszpanii i Maroka), procesów decentralizacji i regionalizacji w Europie, teorii narodu i nacjonalizmu, mniejszości narodowych i etnicznych w Europie, partii regionalnych i etnoregionalnych w Europie, a także administracji publicznej w państwach europejskich.</p>
<p style="text-align: justify;"><a href="https://www.researchgate.net/profile/Matgorzata_Mysliwiec">ResearchGate</a></p>
<p style="text-align: justify;"><a href="https://scholar.google.pl/citations?hl=pl&amp;user=gmgh0J0AAAAJ">GoogleScholar</a></p>
<p style="text-align: justify;"><a href="https://pbn.nauka.gov.pl/pbn-report-web/pages/analytics/author/1461384">PBN</a></p>
<p style="text-align: justify;"><a href="https://orcid.org/0000-0002-7149-6977">ORCID</a></p>
</div>
<div class="mt-3"></div>
                            </div>
                            
                            <div class="text-modules__img"><img src="https://us.edu.pl/instytut/inp/wp-content/uploads/sites/31/Nieprzypisane/M.Myśliwiec.png" alt="img"></div>
                        </div>
                    </div>
                </div>[/vc_column][/vc_row]</p>
