{"id":720,"date":"2020-01-02T19:47:43","date_gmt":"2020-01-02T18:47:43","guid":{"rendered":"http:\/\/us.edu.pl\/instytut\/inp\/?page_id=720"},"modified":"2025-05-20T15:21:32","modified_gmt":"2025-05-20T13:21:32","slug":"turska-kawa-agnieszka","status":"publish","type":"page","link":"https:\/\/us.edu.pl\/instytut\/inp\/turska-kawa-agnieszka\/","title":{"rendered":"Turska-Kawa Agnieszka"},"content":{"rendered":"<p>[vc_row][vc_column]\r\n                <div class=\"text-modules reverse\">\r\n                    <div class=\"container\">\r\n                        <h3 class=\"section-title section-title_border-bottom\">dr hab. Agnieszka Turska-Kawa, prof. U\u015a<\/h3> \r\n                        <div class=\"row m-0\">\r\n                            <div class=\"text-modules__content\">\r\n                                <\/p>\n<p style=\"text-align: justify;\">agnieszka.turska-kawa@us.edu.pl<\/p>\n<p style=\"text-align: justify;\"><strong>Prorektor ds. Nauki Uniwersytetu \u015al\u0105skiego w Katowicach<\/strong><\/p>\n<p>CURRICULUM VITAE: <a href=\"https:\/\/us.edu.pl\/instytut\/inp\/wp-content\/uploads\/sites\/31\/2025\/05\/Curriculum-Vitae-Turska-Kawa-EN.pdf\" class=\"mtli_attachment mtli_pdf\">Curriculum-Vitae-Turska-Kawa-EN.pdf<\/a><\/p>\n<p style=\"text-align: justify;\">Politolog, psycholog, koordynator i wykonawczyni licznych grant\u00f3w zar\u00f3wno naukowo-badawczych (NCN, COST CA15207, NCBiR, Ministerstwo Rozwoju Regionalnego), jak i projekt\u00f3w spo\u0142ecznych realizowanych we wsp\u00f3\u0142pracy z jednostkami samorz\u0105du terytorialnego. Laureatka Stypendium MNiSW dla wybitnych m\u0142odych naukowc\u00f3w. Zast\u0119pca kierownika Centrum Badawczego Polityki Publicznej i Problem\u00f3w Regulacyjnych (<a href=\"http:\/\/www.cbpr.us.edu.pl\/\">www.cbpr.us.edu.pl<\/a>). Autorka publikacji naukowych m.in. w: \u201eCommunist and Post-Communist Studies\u201d, \u201ePolitics in Central Europe\u201d czy \u201eInternational Communications Gazette\u201d. Redaktor naczelna czasopisma Political Preferenes, indeksowanego w bazach ERIH plus, BazHum, CEJSH, PBN, CEON, CEEOL, IC Journals Master List (<a href=\"http:\/\/www.journals.us.edu.pl\/index.php\/PP\/index\">http:\/\/www.journals.us.edu.pl\/index.php\/PP\/index<\/a><\/p>\n<p style=\"text-align: justify;\">Jej zainteresowania naukowo-badawcze to psychologia polityki (w szczeg\u00f3lno\u015bci w kontek\u015bcie przyw\u00f3dztwa politycznego oraz zachowa\u0144 politycznych), korupcja, szeroko rozumiane patologie demokracji.<\/p>\n<p style=\"text-align: justify;\">Obecnie jest kierownikiem w nast\u0119puj\u0105cych projektach:<\/p>\n<ul style=\"text-align: justify;\">\n<li>OPUS-LAP 39 (HS5): Potencja\u0142 polityczny teorii spiskowych. Studium Polski i S\u0142owenii (grant w konsorcjum z Uniwersytetem w Lublanie, S\u0142owenia), przyznany przez Narodowe Centrum Nauki<\/li>\n<li>OPUS 41 (HS5): Polscy \u201egrey voters\u201d. Wp\u0142yw zmian demograficznych na rynek wyborczy w Polsce. Studium cyklu wyborczego lat 2023-2025\u201d.<\/li>\n<li>European Digital Innovation Hub (Europejski Hub Innowacji Cyfrowych EDIH) o\u00a0specjalizacji IoT\/Smart City oraz powstaniu pierwszego Showroomu Innowacji IoT (Liderem jest \u015al\u0105ski Klaster Internetu Rzeczy SINOTAIC, a konkretnie sp\u00f3\u0142ka Smart Secure Networks, powsta\u0142a w celu koordynacji dzia\u0142a\u0144 klastra, w tym r\u00f3wnie\u017c EDIH-a)<\/li>\n<li>Horyzont Europa\u00a0projektu pt. \u201eTrust in European Democracies\u201d. Konsorcjum, w kt\u00f3re wejdziemy z dniem 1 stycznia 2023 sk\u0142ada si\u0119 z nast\u0119puj\u0105cych podmiot\u00f3w: Institute for Comparative Survey Research Vienna (Lider),\u00a0Metropolitan University Prague,\u00a0Grenoble Alpes University,\u00a0Leuphana University Luneburg,\u00a0University of the Peloponnese,\u00a0University of Salerno,\u00a0University of Amsterdam,\u00a0University of Bucharest,\u00a0Comenius University in Bratislava,\u00a0University of Ljubljana,\u00a0Institute for Future Studies,\u00a0V.N.Karazin Kharkiv National University.<\/li>\n<\/ul>\n<p style=\"text-align: justify;\"><a href=\"https:\/\/www.researchgate.net\/profile\/Agnieszka_Turska-Kawa\">ResearchGate<\/a><\/p>\n<p style=\"text-align: justify;\"><a href=\"https:\/\/scholar.google.pl\/citations?user=xLhg54sAAAAJ&amp;hl=pl\">GoogleScholar<\/a><\/p>\n<p><a href=\"https:\/\/pbn.nauka.gov.pl\/pbn-report-web\/pages\/analytics\/author\/1461570\">PBN<\/a><\/p>\n<p style=\"text-align: justify;\"><a href=\"https:\/\/orcid.org\/0000-0002-2748-7037\">ORCID<\/a><\/p>\n<div class=\"mt-3\"><\/div>\r\n                            <\/div>\r\n                            \r\n                            <div class=\"text-modules__img\"><img src=\"https:\/\/us.edu.pl\/instytut\/inp\/wp-content\/uploads\/sites\/31\/Nieprzypisane\/ATK.png\" alt=\"img\"><\/div>\r\n                        <\/div>\r\n                    <\/div>\r\n                <\/div>[\/vc_column][\/vc_row]<\/p>","protected":false},"excerpt":{"rendered":"<p>[vc_row][vc_column][\/vc_column][\/vc_row] [&#8230;]<\/p>\n<p><a class=\"btn btn-secondary understrap-read-more-link\" href=\"https:\/\/us.edu.pl\/instytut\/inp\/turska-kawa-agnieszka\/\">Read More&#8230;<\/a><\/p>\n","protected":false},"author":141,"featured_media":0,"parent":0,"menu_order":0,"comment_status":"closed","ping_status":"closed","template":"","meta":{"_expiration-date-status":"","_expiration-date":0,"_expiration-date-type":"","_expiration-date-categories":[],"_expiration-date-options":[]},"acf":[],"_links":{"self":[{"href":"https:\/\/us.edu.pl\/instytut\/inp\/wp-json\/wp\/v2\/pages\/720"}],"collection":[{"href":"https:\/\/us.edu.pl\/instytut\/inp\/wp-json\/wp\/v2\/pages"}],"about":[{"href":"https:\/\/us.edu.pl\/instytut\/inp\/wp-json\/wp\/v2\/types\/page"}],"author":[{"embeddable":true,"href":"https:\/\/us.edu.pl\/instytut\/inp\/wp-json\/wp\/v2\/users\/141"}],"replies":[{"embeddable":true,"href":"https:\/\/us.edu.pl\/instytut\/inp\/wp-json\/wp\/v2\/comments?post=720"}],"version-history":[{"count":10,"href":"https:\/\/us.edu.pl\/instytut\/inp\/wp-json\/wp\/v2\/pages\/720\/revisions"}],"predecessor-version":[{"id":7871,"href":"https:\/\/us.edu.pl\/instytut\/inp\/wp-json\/wp\/v2\/pages\/720\/revisions\/7871"}],"wp:attachment":[{"href":"https:\/\/us.edu.pl\/instytut\/inp\/wp-json\/wp\/v2\/media?parent=720"}],"curies":[{"name":"wp","href":"https:\/\/api.w.org\/{rel}","templated":true}]}}