{"id":808,"date":"2020-01-03T11:13:12","date_gmt":"2020-01-03T10:13:12","guid":{"rendered":"http:\/\/us.edu.pl\/instytut\/inp\/?page_id=808"},"modified":"2024-04-04T19:04:30","modified_gmt":"2024-04-04T17:04:30","slug":"nasze-sukcesy","status":"publish","type":"page","link":"https:\/\/us.edu.pl\/instytut\/inp\/nasze-sukcesy\/","title":{"rendered":"Nasze sukcesy"},"content":{"rendered":"<p>[vc_row][vc_column]\r\n                <div class=\"text-modules\">\r\n                    <div class=\"container\">\r\n                        <h3 class=\"page-title text__title\">Nasze sukcesy<\/h3>\r\n                        <div class=\"text-modules__content\"><p><strong>Dr hab. Agnieszka Turska-Kawa, prof. U\u015a oraz prof. dr hab. Waldemar Wojtasik <\/strong>zostali wybrani w sk\u0142ad Komitetu Nauk Politycznych Polskiej Akademii Nauk.<\/p>\n<\/div>\r\n                    <\/div>\r\n                <\/div>[\/vc_column][\/vc_row][vc_row][vc_column]\r\n                <div class=\"text-modules\">\r\n                    <div class=\"container\">\r\n                        \r\n                        <div class=\"text-modules__content\"><p><b><span style=\"font-size: 11.0pt; font-family: 'Verdana',sans-serif;\">Dr Monika Szynol<\/span><\/b><span style=\"font-size: 11.0pt; font-family: 'Verdana',sans-serif;\"> wygra\u0142a pierwsz\u0105 edycj\u0119 konkursu \u201eEuropa i jej bliskie s\u0105siedztwo\u201d na najlepsz\u0105 prac\u0119 doktorsk\u0105 organizowanego przez Polskie Towarzystwo Nauk Politycznych \u2013 oddzia\u0142 Pozna\u0144 za dysertacj\u0119 \u201eWsp\u00f3\u0142praca rozwojowa w polityce zagranicznej Polski w latach 1989-2020\u201d (listopad 2023).<\/span><\/p>\n<\/div>\r\n                    <\/div>\r\n                <\/div>[\/vc_column][\/vc_row][vc_row][vc_column]\r\n                <div class=\"text-modules\">\r\n                    <div class=\"container\">\r\n                        \r\n                        <div class=\"text-modules__content\"><p><b><span style=\"font-size: 11.0pt; font-family: 'Verdana',sans-serif;\">Dr hab. Agnieszka Turska-Kawa, prof. U\u015a, dr hab. Ma\u0142gorzata My\u015bliwiec, prof. U\u015a oraz prof. dr hab. Waldemar Wojtasik\u00a0<\/span><\/b><span style=\"font-size: 11.0pt; font-family: 'Verdana',sans-serif;\">odebrali z r\u0105k JM Rektora z\u0142ote odznaki za zas\u0142ugi dla Uniwersytetu \u015al\u0105skiego, natomiast <strong>prof. dr hab. Miron Lakomy, dr hab. Katarzyna Czornik, prof. U\u015a, dr Pawe\u0142 Grzywna, prof. U\u015a, dr Robert Radek, dr Agata Olszanecka-Marmola oraz dr Maciej Marmola<\/strong> srebrne odznaki za zas\u0142ugi dla Uniwersytetu \u015al\u0105skiego (listopada 2023).<\/span><\/p>\n<\/div>\r\n                    <\/div>\r\n                <\/div>[\/vc_column][\/vc_row][vc_row][vc_column]\r\n                <div class=\"text-modules\">\r\n                    <div class=\"container\">\r\n                        \r\n                        <div class=\"text-modules__content\"><p><b><span style=\"font-size: 11.0pt; font-family: 'Verdana',sans-serif;\">Prof. dr hab. Waldemar Wojtasik <\/span><\/b><span style=\"font-size: 11.0pt; font-family: 'Verdana',sans-serif;\">uzyska\u0142 grant Ministra Edukacji i Nauki w ramach programu \u201eDoskona\u0142a Nauka II &#8211; Wsparcie konferencji naukowych\u201d na realizacj\u0119 projektu \u201eKonferencja naukowa Implementacja polityk compliance we wsp\u00f3\u0142czesnej demokracji.\u201d \u0141\u0105czna kwota warto\u015b\u0107 projektu wynosi 353 900 z\u0142, w tym dofinansowanie ze \u015brodk\u00f3w MEiN: 317 900 z\u0142<\/span><span style=\"font-size: 11.0pt; font-family: 'Verdana',sans-serif;\"> (lipiec 2023).<\/span><\/p>\n<\/div>\r\n                    <\/div>\r\n                <\/div>[\/vc_column][\/vc_row][vc_row][vc_column]\r\n                <div class=\"text-modules\">\r\n                    <div class=\"container\">\r\n                        \r\n                        <div class=\"text-modules__content\"><p><b><span style=\"font-size: 11.0pt; font-family: 'Verdana',sans-serif;\">Prof. dr hab. Miron Lakomy z<\/span><\/b><span style=\"font-size: 11.0pt; font-family: 'Verdana',sans-serif;\">osta\u0142 laureatem programu Narodowej Agencji Wymiany Akademickiej im. Bekkera w edycji 2023. W latach 2023-2024 prof. Lakomy odb\u0119dzie sta\u017c naukowy w centrum ITSTIME (Italian Team for Security, Terroristic Issues &amp; Managing<\/span><span style=\"font-size: 11.0pt; font-family: 'Verdana',sans-serif;\"> Emergencies) w Mediolanie<\/span><span style=\"font-size: 11.0pt; font-family: 'Verdana',sans-serif;\">\u00a0(lipiec 2023).<\/span><\/p>\n<\/div>\r\n                    <\/div>\r\n                <\/div>[\/vc_column][\/vc_row][vc_row][vc_column]\r\n                <div class=\"text-modules\">\r\n                    <div class=\"container\">\r\n                        \r\n                        <div class=\"text-modules__content\"><p><b><span style=\"font-size: 11.0pt; font-family: 'Verdana',sans-serif;\">Dr hab. Agnieszka Turska-Kawa, prof. U\u015a <\/span><\/b><span style=\"font-size: 11.0pt; font-family: 'Verdana',sans-serif;\">\u00a0zosta\u0142a kierownikiem mi\u0119dzynarodowego projektu \u201eTrust in European Democracies&#8221; (TRUEDEM) dofinansowanego z programu Horyzont Europa. Konsorcjum sk\u0142ada si\u0119 z nast\u0119puj\u0105cych podmiot\u00f3w: Institute for Comparative Survey Research Vienna (Lider), Metropolitan University Prague, Grenoble Alpes University, Leuphana University Luneburg, University of the Peloponnese, University of Salerno, University of Amsterdam, University of Bucharest, Comenius University in Bratislava, University of Ljubljana, Institute for Future Studies, V.N.Karazin Kharkiv National University (stycze\u0144 2023).<\/span><\/p>\n<\/div>\r\n                    <\/div>\r\n                <\/div>[\/vc_column][\/vc_row][vc_row][vc_column]\r\n                <div class=\"text-modules\">\r\n                    <div class=\"container\">\r\n                        \r\n                        <div class=\"text-modules__content\"><p><span style=\"font-size: 11.0pt; font-family: 'Verdana',sans-serif;\">W ewaluacji dorobku naukowego za lata 2017-2021 przeprowadzonej przez Ministerstwo Edukacji i Nauki <strong>nauki o polityce i administracji otrzyma\u0142y ocen\u0119 A+<\/strong> jako jedna z dw\u00f3ch dyscyplin w ramach Uniwersytetu \u015al\u0105skiego w Katowicach (sierpie\u0144 2022).<\/span><\/p>\n<\/div>\r\n                    <\/div>\r\n                <\/div>[\/vc_column][\/vc_row][vc_row][vc_column]\r\n                <div class=\"text-modules\">\r\n                    <div class=\"container\">\r\n                        \r\n                        <div class=\"text-modules__content\"><p><b><span style=\"font-size: 11.0pt; font-family: 'Verdana',sans-serif;\">Dr Agnieszka Miarka oraz dr Anna Mu\u015b<\/span><\/b><span style=\"font-size: 11.0pt; font-family: 'Verdana',sans-serif;\"> otrzyma\u0142y stypendia Ministra Edukacji i Nauki dla Wybitnych M\u0142odych Naukowc\u00f3w (lipiec 2022).<\/span><\/p>\n<\/div>\r\n                    <\/div>\r\n                <\/div>[\/vc_column][\/vc_row][vc_row][vc_column]\r\n                <div class=\"text-modules\">\r\n                    <div class=\"container\">\r\n                        \r\n                        <div class=\"text-modules__content\"><p><strong><span style=\"font-size: 11.0pt; font-family: 'Verdana',sans-serif;\">Dr<\/span><\/strong><span style=\"font-size: 11.0pt; font-family: 'Verdana',sans-serif;\"><strong>\u00a0hab. Miron Lakomy, prof. U\u015a<\/strong> zosta\u0142 International Research Fellow w Information Society Law Center dzia\u0142aj\u0105cym we w\u0142oskim Universita degli Studi di Milano. W roku akademickim 2022\/23 w ramach sta\u017cu naukowego b\u0119dzie tam prowadzi\u0142 badania nad ekstremizmem w tzw. dark webie (kwiecie\u0144 2022).<\/span><\/p>\n<\/div>\r\n                    <\/div>\r\n                <\/div>[\/vc_column][\/vc_row][vc_row][vc_column]\r\n                <div class=\"text-modules\">\r\n                    <div class=\"container\">\r\n                        \r\n                        <div class=\"text-modules__content\"><p><b><span style=\"font-size: 11.0pt; font-family: 'Verdana',sans-serif;\">Dr Agata Olszanecka-Marmola<\/span><\/b><span style=\"font-size: 11.0pt; font-family: 'Verdana',sans-serif;\"> otrzyma\u0142a wyr\u00f3\u017cnienie w Konkursie Polskiego Towarzystwa Nauk Politycznych im. prof. Czes\u0142awa Mojsiewicza na najlepsz\u0105 prac\u0119 doktorsk\u0105 w dyscyplinie nauki o polityce i administracji obronion\u0105 w 2020 roku za dysertacj\u0119 &#8222;Oddzia\u0142ywanie telewizyjnej reklamy politycznej na zmian\u0119 postrzegania wizerunku kandydat\u00f3w w wyborach prezydenckich w 2015 roku w Polsce&#8221; (lipiec 2021).<\/span><\/p>\n<\/div>\r\n                    <\/div>\r\n                <\/div>[\/vc_column][\/vc_row][vc_row][vc_column]\r\n                <div class=\"text-modules\">\r\n                    <div class=\"container\">\r\n                        \r\n                        <div class=\"text-modules__content\"><p><b><span style=\"font-size: 11.0pt; font-family: 'Verdana',sans-serif;\">Dr Maciej Marmola<\/span><\/b><span style=\"font-size: 11.0pt; font-family: 'Verdana',sans-serif;\"> zdoby\u0142 I nagrod\u0119 w Konkursie Polskiego Towarzystwa Nauk Politycznych im. prof. Czes\u0142awa Mojsiewicza na najlepsz\u0105 prac\u0119 doktorsk\u0105 w dyscyplinie nauki o polityce obronion\u0105 w 2019 roku za dysertacj\u0119 &#8222;Nowe partie w systemach partyjnych pa\u0144stw Grupy Wyszehradzkiej&#8221; (lipiec 2021).<\/span><\/p>\n<\/div>\r\n                    <\/div>\r\n                <\/div>[\/vc_column][\/vc_row][vc_row][vc_column]\r\n                <div class=\"text-modules\">\r\n                    <div class=\"container\">\r\n                        \r\n                        <div class=\"text-modules__content\"><p><b><span style=\"font-size: 11.0pt; font-family: 'Verdana',sans-serif;\">Dr Maciej Marmola<\/span><\/b><span style=\"font-size: 11.0pt; font-family: 'Verdana',sans-serif;\"> zdoby\u0142 Z\u0142otego Kopernika na festiwalu Edukino za film dokumentalny &#8222;Stefan Bry\u0142a&#8221; z cyklu &#8222;Wielcy Polacy &#8211; nieznani wynalazcy&#8221; (2020).<\/span><\/p>\n<\/div>\r\n                    <\/div>\r\n                <\/div>[\/vc_column][\/vc_row][vc_row][vc_column]\r\n                <div class=\"text-modules\">\r\n                    <div class=\"container\">\r\n                        \r\n                        <div class=\"text-modules__content\"><p><span style=\"font-size: 11.0pt; font-family: 'Verdana',sans-serif; color: #1c1e21; background: white;\">Czasopismo <b>Political Preferences<\/b> zosta\u0142o oficjalnym pismem <\/span><b><span style=\"font-size: 11.0pt; font-family: 'Verdana',sans-serif;\">Central European Political Science Association <\/span><\/b><span style=\"font-size: 11.0pt; font-family: 'Verdana',sans-serif; color: #1c1e21; background: white;\">(CEPSA) &#8211; najwi\u0119kszego \u015brodkowoeuropejskiego stowarzyszenia zrzeszaj\u0105cego badaczy nauk politycznych! <\/span><\/p>\n<\/div>\r\n                    <\/div>\r\n                <\/div>[\/vc_column][\/vc_row][vc_row][vc_column]\r\n                <div class=\"text-modules\">\r\n                    <div class=\"container\">\r\n                        \r\n                        <div class=\"text-modules__content\"><p><b><span style=\"font-size: 11.0pt; font-family: 'Verdana',sans-serif;\">Dr hab. Agnieszka Turska-Kawa, prof. U\u015a<\/span><\/b><span style=\"font-size: 11.0pt; font-family: 'Verdana',sans-serif;\"> otrzyma\u0142a stypendium Ministra Nauki i Szkolnictwa Wy\u017cszego dla Wybitnych M\u0142odych Naukowc\u00f3w (2018-2019).<\/span><\/p>\n<\/div>\r\n                    <\/div>\r\n                <\/div>[\/vc_column][\/vc_row][vc_row][vc_column]\r\n                <div class=\"text-modules\">\r\n                    <div class=\"container\">\r\n                        \r\n                        <div class=\"text-modules__content\"><p><b><span style=\"font-size: 11.0pt; font-family: 'Verdana',sans-serif;\">Dr hab. Miron Lakomy, prof. U\u015a<\/span><\/b><span style=\"font-size: 11.0pt; font-family: 'Verdana',sans-serif;\"> otrzyma\u0142 Stypendium naukowe Corbridge Trust ufundowane przez University of Cambridge &#8211; 2018 r. Pobyt i badania w Cambridge Cybercrime Centre, University of Cambridge w dniach 11-17.07.2018.<\/span><\/p>\n<\/div>\r\n                    <\/div>\r\n                <\/div>[\/vc_column][\/vc_row][vc_row][vc_column]\r\n                <div class=\"text-modules\">\r\n                    <div class=\"container\">\r\n                        \r\n                        <div class=\"text-modules__content\"><p><b><span style=\"font-size: 11.0pt; font-family: 'Verdana',sans-serif;\">Dr hab. Waldemar Wojtasik, prof. U\u015a<\/span><\/b><span style=\"font-size: 11.0pt; font-family: 'Verdana',sans-serif;\"> zosta\u0142 cz\u0142onkiem mi\u0119dzynarodowego programu badawczego Universit\u00e4t Konstanz and\u00a0 University of Bern w badaniu Expert Survey on Ethnonationalism in Party Competition, Part I and II.<\/span><\/p>\n<\/div>\r\n                    <\/div>\r\n                <\/div>[\/vc_column][\/vc_row][vc_row][vc_column]\r\n                <div class=\"text-modules\">\r\n                    <div class=\"container\">\r\n                        \r\n                        <div class=\"text-modules__content\"><p><b><span style=\"font-size: 11.0pt; font-family: 'Verdana',sans-serif;\">Dr hab. Rafa\u0142 Glajcar, prof. U\u015a<\/span><\/b><span style=\"font-size: 11.0pt; font-family: 'Verdana',sans-serif;\"> otrzyma\u0142 I Nagroda za najlepsz\u0105 prac\u0119 habilitacyjn\u0105 z zakresu problematyki parlamentarnej w konkursie \u201ePrzegl\u0105du Sejmowego\u201d \u2013 2017 rok<\/span><\/p>\n<\/div>\r\n                    <\/div>\r\n                <\/div>[\/vc_column][\/vc_row][vc_row][vc_column]\r\n                <div class=\"text-modules\">\r\n                    <div class=\"container\">\r\n                        \r\n                        <div class=\"text-modules__content\"><p><b><span style=\"font-size: 11.0pt; font-family: 'Verdana',sans-serif;\">Dr Maciej Marmola<\/span><\/b><span style=\"font-size: 11.0pt; font-family: 'Verdana',sans-serif;\"> otrzyma\u0142 wyr\u00f3\u017cnienie Marsza\u0142ka Wojew\u00f3dztwa \u015al\u0105skiego za Wydarzenie Muzealne Roku 2017 (kategoria: dokonania z zakresu inicjatyw edukacyjnych oraz popularyzacji dziedzictwa kulturowego za projekt Filmowa Encyklopedia Powsta\u0144 \u015al\u0105skich. Seria II.<\/span><\/p>\n<\/div>\r\n                    <\/div>\r\n                <\/div>[\/vc_column][\/vc_row]<\/p>","protected":false},"excerpt":{"rendered":"<p>[vc_row][vc_column][\/vc_column][\/vc_row][vc_row][vc_column][\/vc_column][\/vc_row][vc_row][vc_column][\/vc_column][\/vc_row][vc_row][vc_column][\/vc_column][\/vc_row][vc_row][vc_column][\/vc_column][\/vc_row][vc_row][vc_column][\/vc_column][\/vc_row][vc_row][vc_column][\/vc_column][\/vc_row][vc_row][vc_column][\/vc_column][\/vc_row][vc_row][vc_column][\/vc_column][\/vc_row][vc_row][vc_column][\/vc_column][\/vc_row][vc_row][vc_column][\/vc_column][\/vc_row][vc_row][vc_column][\/vc_column][\/vc_row][vc_row][vc_column][\/vc_column][\/vc_row][vc_row][vc_column][\/vc_column][\/vc_row][vc_row][vc_column][\/vc_column][\/vc_row][vc_row][vc_column][\/vc_column][\/vc_row][vc_row][vc_column][\/vc_column][\/vc_row][vc_row][vc_column][\/vc_column][\/vc_row] [&#8230;]<\/p>\n<p><a class=\"btn btn-secondary understrap-read-more-link\" href=\"https:\/\/us.edu.pl\/instytut\/inp\/nasze-sukcesy\/\">Read More&#8230;<\/a><\/p>\n","protected":false},"author":141,"featured_media":0,"parent":0,"menu_order":0,"comment_status":"closed","ping_status":"closed","template":"page-templates\/page-with-sidebar.php","meta":{"_expiration-date-status":"","_expiration-date":0,"_expiration-date-type":"","_expiration-date-categories":[],"_expiration-date-options":[]},"acf":[],"_links":{"self":[{"href":"https:\/\/us.edu.pl\/instytut\/inp\/wp-json\/wp\/v2\/pages\/808"}],"collection":[{"href":"https:\/\/us.edu.pl\/instytut\/inp\/wp-json\/wp\/v2\/pages"}],"about":[{"href":"https:\/\/us.edu.pl\/instytut\/inp\/wp-json\/wp\/v2\/types\/page"}],"author":[{"embeddable":true,"href":"https:\/\/us.edu.pl\/instytut\/inp\/wp-json\/wp\/v2\/users\/141"}],"replies":[{"embeddable":true,"href":"https:\/\/us.edu.pl\/instytut\/inp\/wp-json\/wp\/v2\/comments?post=808"}],"version-history":[{"count":10,"href":"https:\/\/us.edu.pl\/instytut\/inp\/wp-json\/wp\/v2\/pages\/808\/revisions"}],"predecessor-version":[{"id":5801,"href":"https:\/\/us.edu.pl\/instytut\/inp\/wp-json\/wp\/v2\/pages\/808\/revisions\/5801"}],"wp:attachment":[{"href":"https:\/\/us.edu.pl\/instytut\/inp\/wp-json\/wp\/v2\/media?parent=808"}],"curies":[{"name":"wp","href":"https:\/\/api.w.org\/{rel}","templated":true}]}}