{"id":914,"date":"2020-01-07T18:57:16","date_gmt":"2020-01-07T17:57:16","guid":{"rendered":"http:\/\/us.edu.pl\/instytut\/inp\/?page_id=914"},"modified":"2020-11-03T13:10:40","modified_gmt":"2020-11-03T12:10:40","slug":"ptnp-o-katowice","status":"publish","type":"page","link":"https:\/\/us.edu.pl\/instytut\/inp\/ptnp-o-katowice\/","title":{"rendered":"PTNP o. Katowice"},"content":{"rendered":"<p>[vc_row][vc_column]\r\n                <div class=\"text-modules \">\r\n                    <div class=\"container\">\r\n                        <h3 class=\"section-title section-title_border-bottom\">PTNP o. Katowice<\/h3> \r\n                        <div class=\"row m-0\">\r\n                            <div class=\"text-modules__content\">\r\n                                <strong>STATUT<\/strong> <strong>POLSKIEGO TOWARZYSTWA NAUK POLITYCZNYCH<\/strong><\/p>\n<p>uchwalony w\u00a0dniu 13 pa\u017adziernika 2017 r.<\/p>\n<p>(\u2026)<\/p>\n<p>Celem Towarzystwa jest popieranie rozwoju nauk politycznych i\u00a0upowszechnianie wiedzy w\u00a0tym zakresie oraz wp\u0142ywanie na kszta\u0142towanie kultury politycznej spo\u0142ecze\u0144stwa.<\/p>\n<p>(\u2026)<\/p>\n<p>Towarzystwo realizuje swoje cele poprzez:<\/p>\n<p>1) wsp\u00f3\u0142dzia\u0142anie z\u00a0w\u0142a\u015bciwymi jednostkami naukowymi w\u00a0zakresie rozwoju nauk politycznych;<\/p>\n<p>2) wsp\u00f3\u0142prac\u0119 z\u00a0instytucjami szkolnictwa wy\u017cszego i\u00a0\u015bredniego w\u00a0zakresie opracowywania metod i\u00a0program\u00f3w nauczania;<\/p>\n<p>3) rozwijanie i\u00a0wykorzystywanie informacji naukowej;<\/p>\n<p>4) wsp\u00f3\u0142dzia\u0142anie z\u00a0organami administracji publicznej, komitetami i\u00a0instytutami Polskiej Akademii Nauk oraz innymi stowarzyszeniami naukowymi o\u00a0podobnym profilu dzia\u0142alno\u015bci;<\/p>\n<p>5) prowadzenie dzia\u0142alno\u015bci kursowo-szkoleniowej oraz wydawniczej na podstawie obowi\u0105zuj\u0105cych w\u00a0tym zakresie przepis\u00f3w;<\/p>\n<p>6) organizowanie kongres\u00f3w, konferencji oraz seminari\u00f3w naukowych;<\/p>\n<p>7) wyst\u0119powanie z\u00a0inicjatyw\u0105 tworzenia fundusz\u00f3w stypendialnych;<\/p>\n<p>8) przyznawanie nagr\u00f3d Towarzystwa za wybitne publikacje w\u00a0dziedzinie nauk politycznych, za tw\u00f3rczy wk\u0142ad w\u00a0rozw\u00f3j nauk politycznych oraz za popularyzacj\u0119 nauk politycznych, a\u00a0tak\u017ce wyst\u0119powanie z\u00a0wnioskami o\u00a0przyznanie nagr\u00f3d Polskiej Akademii Nauk;<\/p>\n<p>9) organizacj\u0119 i\u00a0udzia\u0142 w\u00a0krajowych i\u00a0zagranicznych kongresach i\u00a0konferencjach o\u00a0tematyce odpowiadaj\u0105cej profilowi dzia\u0142alno\u015bci Towarzystwa;<\/p>\n<p>10) rozwijanie innych form dzia\u0142alno\u015bci w\u00a0zakresie nauk politycznych, s\u0142u\u017c\u0105cych realizacji statutowych cel\u00f3w Towarzystwa, i\u00a0upowszechnianie wiedzy w\u00a0tym zakresie;<\/p>\n<p>11) realizacj\u0119 krajowych i\u00a0mi\u0119dzynarodowych projekt\u00f3w badawczych.<\/p>\n<p>&nbsp;<\/p>\n<p>Wi\u0119cej o dzia\u0142alno\u015bci na stronie <a href=\"http:\/\/www.ptnp.katowice.us.edu.pl\/\">PTNP o. Katowice<\/a>. \r\n                                <div class=\"mt-3\"><\/div>\r\n                            <\/div>\r\n                            \r\n                            \r\n                        <\/div>\r\n                    <\/div>\r\n                <\/div>[\/vc_column][\/vc_row]<\/p>","protected":false},"excerpt":{"rendered":"<p>[vc_row][vc_column][\/vc_column][\/vc_row] [&#8230;]<\/p>\n<p><a class=\"btn btn-secondary understrap-read-more-link\" href=\"https:\/\/us.edu.pl\/instytut\/inp\/ptnp-o-katowice\/\">Read More&#8230;<\/a><\/p>\n","protected":false},"author":141,"featured_media":0,"parent":0,"menu_order":0,"comment_status":"closed","ping_status":"closed","template":"page-templates\/page-with-sidebar.php","meta":{"_expiration-date-status":"saved","_expiration-date":0,"_expiration-date-type":"","_expiration-date-categories":[],"_expiration-date-options":[]},"acf":[],"_links":{"self":[{"href":"https:\/\/us.edu.pl\/instytut\/inp\/wp-json\/wp\/v2\/pages\/914"}],"collection":[{"href":"https:\/\/us.edu.pl\/instytut\/inp\/wp-json\/wp\/v2\/pages"}],"about":[{"href":"https:\/\/us.edu.pl\/instytut\/inp\/wp-json\/wp\/v2\/types\/page"}],"author":[{"embeddable":true,"href":"https:\/\/us.edu.pl\/instytut\/inp\/wp-json\/wp\/v2\/users\/141"}],"replies":[{"embeddable":true,"href":"https:\/\/us.edu.pl\/instytut\/inp\/wp-json\/wp\/v2\/comments?post=914"}],"version-history":[{"count":5,"href":"https:\/\/us.edu.pl\/instytut\/inp\/wp-json\/wp\/v2\/pages\/914\/revisions"}],"predecessor-version":[{"id":3061,"href":"https:\/\/us.edu.pl\/instytut\/inp\/wp-json\/wp\/v2\/pages\/914\/revisions\/3061"}],"wp:attachment":[{"href":"https:\/\/us.edu.pl\/instytut\/inp\/wp-json\/wp\/v2\/media?parent=914"}],"curies":[{"name":"wp","href":"https:\/\/api.w.org\/{rel}","templated":true}]}}