{"id":1264,"date":"2021-09-16T13:29:30","date_gmt":"2021-09-16T11:29:30","guid":{"rendered":"https:\/\/us.edu.pl\/instytut\/inpr\/?post_type=komunikaty&#038;p=1264"},"modified":"2021-09-16T13:29:30","modified_gmt":"2021-09-16T11:29:30","slug":"przyznawanie-punktow-za-publikacje-naukowe","status":"publish","type":"komunikaty","link":"https:\/\/us.edu.pl\/instytut\/inpr\/komunikaty\/przyznawanie-punktow-za-publikacje-naukowe\/","title":{"rendered":"Przyznawanie punkt\u00f3w za publikacje naukowe"},"content":{"rendered":"<p>[vc_row][vc_column][vc_column_text]<span style=\"font-size: 12pt;\">Szanowni Pa\u0144stwo,<\/span><\/p>\n<p><span style=\"font-size: 12pt;\">w zwi\u0105zku z pojawiaj\u0105cymi si\u0119 w\u0105tpliwo\u015bciami dotycz\u0105cymi przyznawania punkt\u00f3w za publikacje naukowe, w szczeg\u00f3lno\u015bci monografie, komentarze, systemy, pragn\u0119 poinformowa\u0107, \u017ce w przypadku rozbie\u017cno\u015bci pomi\u0119dzy punktacj\u0105 przyznawan\u0105 przez uprawnionych pracownik\u00f3w biblioteki a Pa\u0144stwa opiniami, wszelkie w\u0105tpliwo\u015bci w tym zakresie prosz\u0119 kierowa\u0107 bezpo\u015brednio do Dyrektora Instytutu.<\/span><\/p>\n<p><span style=\"font-size: 12pt;\">Jednocze\u015bnie chcia\u0142bym przypomnie\u0107 nast\u0119puj\u0105ce zasady okre\u015blone w rozporz\u0105dzeniu Ministra Nauki i Szkolnictwa Wy\u017cszego z dnia 22 lutego 2019 r., w sprawie ewaluacji dzia\u0142alno\u015bci naukowej (Dz. U. 2019.392, ze zm.).<\/span><\/p>\n<p><span style=\"font-size: 12pt;\">Zgodnie z \u00a7 10 rozporz\u0105dzenia monografi\u0105 jest recenzowana publikacja ksi\u0105\u017ckowa przedstawiaj\u0105ca okre\u015blone zagadnienie naukowe w spos\u00f3b oryginalny i tw\u00f3rczy, opatrzona przypisami, bibliografi\u0105 lub innym w\u0142a\u015bciwym dla danej dyscypliny naukowej aparatem naukowym. Tym samym publikacja, nie spe\u0142niaj\u0105ca wy\u017cej wymienionych cech, w szczeg\u00f3lno\u015bci je\u015bli nie podlega\u0142a recenzowaniu, b\u0105d\u017a jest kolejnym wydaniem, nie jest brana pod uwag\u0119 w ewaluacji. Monografi\u0105 mo\u017ce by\u0107 r\u00f3wnie\u017c podr\u0119cznik, o ile tylko jest recenzowany, oryginalny, tw\u00f3rczy i ma warsztat naukowy.<\/span><\/p>\n<p><span style=\"font-size: 12pt;\">W przypadku wsp\u00f3\u0142autorstwa publikacji typu komentarz nie jest mo\u017cliwe traktowanie poszczeg\u00f3lnych fragment\u00f3w komentarza, a nawet w skrajnych przypadkach komentarza do jednego tylko przepisu, jako rozdzia\u0142u w monografii. Wynika to z faktu, \u017ce ewaluacji podlega dyscyplina, a nie konkretny pracownik, za\u015b maksymalna warto\u015b\u0107 punkt\u00f3w jak\u0105 dyscyplina otrzyma za komentarz nie mo\u017ce przekroczy\u0107 warto\u015bci przypisanej monografii naukowej. Wobec powy\u017cszego udzia\u0142 autor\u00f3w w publikacji typu komentarz, system, jest obliczana jako wsp\u00f3\u0142autorstwo monografii naukowej.<\/span><\/p>\n<p><span style=\"font-size: 12pt;\">Zgodnie z Zarz\u0105dzeniem JM Rektora z 2015 r. ujawniane w portalu s\u0105 wy\u0142\u0105cznie publikacje wydane w formie tradycyjnej lub elektronicznej (nie s\u0105 ujawniane zapowiedzi odno\u015bnie ukazania si\u0119 publikacji ani teksty zg\u0142oszone do druku, nawet w przypadku uzyskania pozytywnych recenzji).<\/span><\/p>\n<p><span style=\"font-size: 12pt;\">Z wyrazami szacunku.<\/span><br \/>\n<span style=\"font-size: 12pt;\">dr hab. Piotr Pinior, prof. U\u015a<\/span><br \/>\n<span style=\"font-size: 12pt;\">Dyrektor Instytutu Nauk Prawnych<\/span><br \/>\n<a href=\"mailto:piotr.pinior@us.edu.pl\"><span style=\"font-size: 12pt;\">piotr.pinior@us.edu.pl<\/span><\/a>[\/vc_column_text][\/vc_column][\/vc_row]<\/p>","protected":false},"excerpt":{"rendered":"<p>[vc_row][vc_column][vc_column_text]Szanowni Pa\u0144stwo, w zwi\u0105zku z pojawiaj\u0105cymi si\u0119 w\u0105tpliwo\u015bciami dotycz\u0105cymi przyznawania punkt\u00f3w za publikacje naukowe, w szczeg\u00f3lno\u015bci monografie, komentarze, systemy, pragn\u0119 poinformowa\u0107, \u017ce w przypadku rozbie\u017cno\u015bci pomi\u0119dzy punktacj\u0105 przyznawan\u0105 przez uprawnionych pracownik\u00f3w biblioteki a Pa\u0144stwa opiniami, wszelkie w\u0105tpliwo\u015bci w tym zakresie prosz\u0119 kierowa\u0107 bezpo\u015brednio do Dyrektora Instytutu. Jednocze\u015bnie chcia\u0142bym przypomnie\u0107 nast\u0119puj\u0105ce zasady okre\u015blone w rozporz\u0105dzeniu Ministra [&#8230;]<\/p>\n<p><a class=\"btn btn-secondary understrap-read-more-link\" href=\"https:\/\/us.edu.pl\/instytut\/inpr\/komunikaty\/przyznawanie-punktow-za-publikacje-naukowe\/\">Read More&#8230;<\/a><\/p>\n","protected":false},"author":105,"featured_media":0,"template":"","meta":{"_expiration-date-status":"saved","_expiration-date":0,"_expiration-date-type":"","_expiration-date-categories":[],"_expiration-date-options":[]},"acf":[],"_links":{"self":[{"href":"https:\/\/us.edu.pl\/instytut\/inpr\/wp-json\/wp\/v2\/komunikaty\/1264"}],"collection":[{"href":"https:\/\/us.edu.pl\/instytut\/inpr\/wp-json\/wp\/v2\/komunikaty"}],"about":[{"href":"https:\/\/us.edu.pl\/instytut\/inpr\/wp-json\/wp\/v2\/types\/komunikaty"}],"author":[{"embeddable":true,"href":"https:\/\/us.edu.pl\/instytut\/inpr\/wp-json\/wp\/v2\/users\/105"}],"version-history":[{"count":1,"href":"https:\/\/us.edu.pl\/instytut\/inpr\/wp-json\/wp\/v2\/komunikaty\/1264\/revisions"}],"predecessor-version":[{"id":1265,"href":"https:\/\/us.edu.pl\/instytut\/inpr\/wp-json\/wp\/v2\/komunikaty\/1264\/revisions\/1265"}],"wp:attachment":[{"href":"https:\/\/us.edu.pl\/instytut\/inpr\/wp-json\/wp\/v2\/media?parent=1264"}],"curies":[{"name":"wp","href":"https:\/\/api.w.org\/{rel}","templated":true}]}}

Przyznawanie punktów za publikacje naukowe

<p>[vc_row][vc_column][vc_column_text]<span style="font-size: 12pt;">Szanowni Państwo,</span></p>
<p><span style="font-size: 12pt;">w związku z pojawiającymi się wątpliwościami dotyczącymi przyznawania punktów za publikacje naukowe, w szczególności monografie, komentarze, systemy, pragnę poinformować, że w przypadku rozbieżności pomiędzy punktacją przyznawaną przez uprawnionych pracowników biblioteki a Państwa opiniami, wszelkie wątpliwości w tym zakresie proszę kierować bezpośrednio do Dyrektora Instytutu.</span></p>
<p><span style="font-size: 12pt;">Jednocześnie chciałbym przypomnieć następujące zasady określone w rozporządzeniu Ministra Nauki i Szkolnictwa Wyższego z dnia 22 lutego 2019 r., w sprawie ewaluacji działalności naukowej (Dz. U. 2019.392, ze zm.).</span></p>
<p><span style="font-size: 12pt;">Zgodnie z § 10 rozporządzenia monografią jest recenzowana publikacja książkowa przedstawiająca określone zagadnienie naukowe w sposób oryginalny i twórczy, opatrzona przypisami, bibliografią lub innym właściwym dla danej dyscypliny naukowej aparatem naukowym. Tym samym publikacja, nie spełniająca wyżej wymienionych cech, w szczególności jeśli nie podlegała recenzowaniu, bądź jest kolejnym wydaniem, nie jest brana pod uwagę w ewaluacji. Monografią może być również podręcznik, o ile tylko jest recenzowany, oryginalny, twórczy i ma warsztat naukowy.</span></p>
<p><span style="font-size: 12pt;">W przypadku współautorstwa publikacji typu komentarz nie jest możliwe traktowanie poszczególnych fragmentów komentarza, a nawet w skrajnych przypadkach komentarza do jednego tylko przepisu, jako rozdziału w monografii. Wynika to z faktu, że ewaluacji podlega dyscyplina, a nie konkretny pracownik, zaś maksymalna wartość punktów jaką dyscyplina otrzyma za komentarz nie może przekroczyć wartości przypisanej monografii naukowej. Wobec powyższego udział autorów w publikacji typu komentarz, system, jest obliczana jako współautorstwo monografii naukowej.</span></p>
<p><span style="font-size: 12pt;">Zgodnie z Zarządzeniem JM Rektora z 2015 r. ujawniane w portalu są wyłącznie publikacje wydane w formie tradycyjnej lub elektronicznej (nie są ujawniane zapowiedzi odnośnie ukazania się publikacji ani teksty zgłoszone do druku, nawet w przypadku uzyskania pozytywnych recenzji).</span></p>
<p><span style="font-size: 12pt;">Z wyrazami szacunku.</span><br />
<span style="font-size: 12pt;">dr hab. Piotr Pinior, prof. UŚ</span><br />
<span style="font-size: 12pt;">Dyrektor Instytutu Nauk Prawnych</span><br />
<a href="mailto:piotr.pinior@us.edu.pl"><span style="font-size: 12pt;">piotr.pinior@us.edu.pl</span></a>[/vc_column_text][/vc_column][/vc_row]</p>

<p>[vc_row][vc_column][vc_column_text]Szanowni Państwo, w związku z pojawiającymi się wątpliwościami dotyczącymi przyznawania punktów za publikacje naukowe, w szczególności monografie, komentarze, systemy, pragnę poinformować, że w przypadku rozbieżności pomiędzy punktacją przyznawaną przez uprawnionych pracowników biblioteki a Państwa opiniami, wszelkie wątpliwości w tym zakresie proszę kierować bezpośrednio do Dyrektora Instytutu. Jednocześnie chciałbym przypomnieć następujące zasady określone w rozporządzeniu Ministra [&#8230;]</p>
<p><a class="btn btn-secondary understrap-read-more-link" href="https://us.edu.pl/instytut/inpr/komunikaty/przyznawanie-punktow-za-publikacje-naukowe/">Read More&#8230;</a></p>
