{"id":176,"date":"2020-06-03T10:46:08","date_gmt":"2020-06-03T08:46:08","guid":{"rendered":"https:\/\/us.edu.pl\/instytut\/inpr\/?page_id=176"},"modified":"2026-04-24T10:48:44","modified_gmt":"2026-04-24T08:48:44","slug":"sklad-rady-naukowej","status":"publish","type":"page","link":"https:\/\/us.edu.pl\/instytut\/inpr\/instytut\/rada-naukowa\/sklad-rady-naukowej\/","title":{"rendered":"Sk\u0142ad Rady Naukowej"},"content":{"rendered":"<p>[vc_row][vc_column][vc_column_text][\/vc_column_text][\/vc_column][\/vc_row][vc_row][vc_column][vc_column_text][\/vc_column_text][\/vc_column][\/vc_row][vc_row][vc_column]\r\n                <div class=\"text-modules\">\r\n                    <div class=\"container\">\r\n                        <h3 class=\"page-title text__title\">Sk\u0142ad Rady Naukowej<\/h3>\r\n                        <div class=\"text-modules__content\"><\/div>\r\n                    <\/div>\r\n                <\/div>[vc_column_text]<\/p>\n<ol>\n<li><span style=\"font-size: 12pt;\">prof. dr hab. Piotr Pinior \u2013 Przewodnicz\u0105cy Rady Naukowej Instytutu, Dyrektor Instytutu<\/span><\/li>\n<li><span style=\"font-size: 12pt;\">dr Mateusz Zeifert, prof. U\u015a\u00a0<\/span> <span style=\"font-size: 12pt;\">&#8211; Zast\u0119pca Dyrektora Instytutu Nauk Prawnych<\/span><\/li>\n<li><span style=\"font-size: 12pt;\">prof. dr hab. Jacek Barcik<\/span><\/li>\n<li><span style=\"font-size: 12pt;\">dr Dominika Bek<\/span><\/li>\n<li><span style=\"font-size: 12pt;\">dr Artur Bi\u0142gorajski<\/span><\/li>\n<li><span style=\"font-size: 12pt;\">prof. dr hab. Rafa\u0142 Blicharz<\/span><\/li>\n<li><span style=\"font-size: 12pt;\">dr hab. Micha\u0142 Bo\u017cek, prof. U\u015a<\/span><\/li>\n<li><span style=\"font-size: 12pt;\">dr hab. Anna Chor\u0105\u017cewska, prof. U\u015a<\/span><\/li>\n<li><span style=\"font-size: 12pt;\">prof. dr hab. Bogdan Dolnicki<\/span><\/li>\n<li><span style=\"font-size: 12pt;\">prof. dr hab. Bernadetta Fuchs<\/span><\/li>\n<li><span style=\"font-size: 12pt;\">prof. dr hab. Jadwiga Glumi\u0144ska \u2013 Pawlic<\/span><\/li>\n<li><span style=\"font-size: 12pt;\">dr hab. Konrad Graczyk, prof. U\u015a<br \/>\n<\/span><\/li>\n<li><span style=\"font-size: 12pt;\">dr Micha\u0142 Grudecki, prof. U\u015a<\/span><\/li>\n<li><span style=\"font-size: 12pt;\">dr Iwona Gredka-Ligarska<\/span><span style=\"font-size: 12pt;\"><br \/>\n<\/span><\/li>\n<li><span style=\"font-size: 12pt;\">dr Paulina Gwo\u017adziewicz-Matan<\/span><\/li>\n<li><span style=\"font-size: 12pt;\">dr hab. Magdalena Habdas, prof. U\u015a<\/span><\/li>\n<li><span style=\"font-size: 12pt;\">prof. dr hab. Monika Jagielska<\/span><\/li>\n<li><span style=\"font-size: 12pt;\">dr hab. Joanna Jagoda, prof. U\u015a<\/span><\/li>\n<li><span style=\"font-size: 12pt;\">dr hab. Marlena Jankowska- Augustyn, <\/span><span style=\"font-size: 12pt;\">prof. U\u015a<\/span><\/li>\n<li><span style=\"font-size: 12pt;\">prof. dr hab. Rados\u0142aw Koper<\/span><\/li>\n<li><span style=\"font-size: 12pt;\">dr Agata Kozio\u0142<\/span><\/li>\n<li><span style=\"font-size: 12pt;\">prof.\u00a0 dr hab. Grzegorz \u0141aszczyca<br \/>\n<\/span><\/li>\n<li><span style=\"font-size: 12pt;\">dr hab. Dorota \u0141obos-Kotowska, prof. U\u015a<br \/>\n<\/span><\/li>\n<li><span style=\"font-size: 12pt;\">dr hab.\u00a0 Krystian Markiewicz, prof. U\u015a<\/span><\/li>\n<li><span style=\"font-size: 12pt;\">prof. dr hab. Andrzej Matan<\/span><\/li>\n<li><span style=\"font-size: 12pt;\">prof. dr hab. Barbara Miko\u0142ajczyk\u00a0<\/span><\/li>\n<li><span style=\"font-size: 12pt;\">prof. dr hab. Marian Miko\u0142ajczyk<\/span><\/li>\n<li><span style=\"font-size: 12pt;\">prof. dr hab. Ryszard Mikosz<\/span><\/li>\n<li><span style=\"font-size: 12pt;\">prof. dr hab. \u0141ukasz Pisarczyk<\/span><\/li>\n<li><span style=\"font-size: 12pt;\">dr hab. Ewa Przesz\u0142o, prof. U\u015a<\/span><\/li>\n<li><span style=\"font-size: 12pt;\">dr hab. Olga Sitarz, prof. U\u015a<\/span><\/li>\n<li><span style=\"font-size: 12pt;\">dr hab. Anna Stawarska-Rippel, prof. U\u015a<\/span><\/li>\n<li><span style=\"font-size: 12pt;\">dr hab. Helena Szewczyk<\/span><\/li>\n<li><span style=\"font-size: 12pt;\">dr hab. Dariusz Szostek, prof. U\u015a<\/span><\/li>\n<li><span style=\"font-size: 12pt;\">prof. dr hab. Piotr \u015al\u0119zak<\/span><\/li>\n<li><span style=\"font-size: 12pt;\">dr hab. S\u0142awomir Tkacz, prof. U\u015a<br \/>\n<\/span><\/li>\n<li><span style=\"font-size: 12pt;\">prof. dr hab. Zygmunt Tobor<\/span><\/li>\n<li><span style=\"font-size: 12pt;\">dr hab. Andrzej Torbus, prof. U\u015a<\/span><\/li>\n<li><span style=\"font-size: 12pt;\">prof. dr hab. Lidia Zacharko<\/span><\/li>\n<li><span style=\"font-size: 12pt;\">dr hab. Jaros\u0142aw Zagrodnik, prof. U\u015a<\/span><\/li>\n<li><span style=\"font-size: 12pt;\">dr hab. Agnieszka Zi\u00f3\u0142kowska, prof. U\u015a<\/span><\/li>\n<\/ol>\n<p><a href=\"https:\/\/us.edu.pl\/instytut\/inpr\/wp-content\/uploads\/sites\/53\/Bez-kategorii\/Regulamin-wewnetrzny-INPR.pdf\" class=\"mtli_attachment mtli_pdf\" data-mtli=\"mtli_filesize220,97kB\"><span style=\"font-size: 14pt;\"><strong>Regulamin wewn\u0119trzny Rady Naukowej INPr<\/strong> <\/span><\/a>[\/vc_column_text][\/vc_column][\/vc_row][vc_row][vc_column][\/vc_column][\/vc_row][vc_row][vc_column][\/vc_column][\/vc_row][vc_row][vc_column][vc_column_text][\/vc_column_text][\/vc_column][\/vc_row][vc_row][vc_column][vc_column_text][\/vc_column_text][\/vc_column][\/vc_row]<\/p>\n<style type=\"text\/css\">a[data-mtli~=\"mtli_filesize220,97kB\"]:after {content:\" (220,97 kB)\"}<\/style>","protected":false},"excerpt":{"rendered":"<p>[vc_row][vc_column][vc_column_text][\/vc_column_text][\/vc_column][\/vc_row][vc_row][vc_column][vc_column_text][\/vc_column_text][\/vc_column][\/vc_row][vc_row][vc_column][vc_column_text] prof. dr hab. Piotr Pinior \u2013 Przewodnicz\u0105cy Rady Naukowej Instytutu, Dyrektor Instytutu dr Mateusz Zeifert, prof. U\u015a\u00a0 &#8211; Zast\u0119pca Dyrektora Instytutu Nauk Prawnych prof. dr hab. Jacek Barcik dr Dominika Bek dr Artur Bi\u0142gorajski prof. dr hab. Rafa\u0142 Blicharz dr hab. Micha\u0142 Bo\u017cek, prof. U\u015a dr hab. Anna Chor\u0105\u017cewska, prof. U\u015a prof. dr hab. [&#8230;]<\/p>\n<p><a class=\"btn btn-secondary understrap-read-more-link\" href=\"https:\/\/us.edu.pl\/instytut\/inpr\/instytut\/rada-naukowa\/sklad-rady-naukowej\/\">Read More&#8230;<\/a><\/p>\n","protected":false},"author":107,"featured_media":0,"parent":126,"menu_order":0,"comment_status":"closed","ping_status":"closed","template":"page-templates\/inner-page.php","meta":{"_expiration-date-status":"","_expiration-date":0,"_expiration-date-type":"","_expiration-date-categories":[],"_expiration-date-options":[]},"acf":[],"_links":{"self":[{"href":"https:\/\/us.edu.pl\/instytut\/inpr\/wp-json\/wp\/v2\/pages\/176"}],"collection":[{"href":"https:\/\/us.edu.pl\/instytut\/inpr\/wp-json\/wp\/v2\/pages"}],"about":[{"href":"https:\/\/us.edu.pl\/instytut\/inpr\/wp-json\/wp\/v2\/types\/page"}],"author":[{"embeddable":true,"href":"https:\/\/us.edu.pl\/instytut\/inpr\/wp-json\/wp\/v2\/users\/107"}],"replies":[{"embeddable":true,"href":"https:\/\/us.edu.pl\/instytut\/inpr\/wp-json\/wp\/v2\/comments?post=176"}],"version-history":[{"count":11,"href":"https:\/\/us.edu.pl\/instytut\/inpr\/wp-json\/wp\/v2\/pages\/176\/revisions"}],"predecessor-version":[{"id":2814,"href":"https:\/\/us.edu.pl\/instytut\/inpr\/wp-json\/wp\/v2\/pages\/176\/revisions\/2814"}],"up":[{"embeddable":true,"href":"https:\/\/us.edu.pl\/instytut\/inpr\/wp-json\/wp\/v2\/pages\/126"}],"wp:attachment":[{"href":"https:\/\/us.edu.pl\/instytut\/inpr\/wp-json\/wp\/v2\/media?parent=176"}],"curies":[{"name":"wp","href":"https:\/\/api.w.org\/{rel}","templated":true}]}}