{"id":383,"date":"2020-09-22T13:55:31","date_gmt":"2020-09-22T11:55:31","guid":{"rendered":"https:\/\/us.edu.pl\/instytut\/inpr\/?page_id=383"},"modified":"2023-12-01T14:14:02","modified_gmt":"2023-12-01T13:14:02","slug":"zadania-administracji-wydzialowej-wraz-z-wykazem-osob-odpowiedzialnych-za-ich-wykonanie","status":"publish","type":"page","link":"https:\/\/us.edu.pl\/instytut\/inpr\/zadania-administracji-wydzialowej-wraz-z-wykazem-osob-odpowiedzialnych-za-ich-wykonanie\/","title":{"rendered":"Zadania administracji wydzia\u0142owej wraz z wykazem os\u00f3b odpowiedzialnych za ich wykonanie"},"content":{"rendered":"<p>[vc_row][vc_column]\r\n                <div class=\"text-modules\">\r\n                    <div class=\"container\">\r\n                        <h3 class=\"page-title text__title\">Za\u0142atw spraw\u0119<\/h3>\r\n                        <div class=\"text-modules__content\"><p><span style=\"font-size: 12pt;\">Zamieszczony plik stanowi wykaz zada\u0144 administracji wydzia\u0142owej wraz z osobami odpowiedzialnymi za ich realizacj\u0119<\/span><\/p>\n<p><a href=\"https:\/\/us.edu.pl\/instytut\/inpr\/wp-content\/uploads\/sites\/53\/Bez-kategorii\/Zalatw-sprawe_INPR-2.docx\" class=\"mtli_attachment mtli_docx\" data-mtli=\"mtli_filesize18,09kB\" class=\"mtli_attachment mtli_docx\" data-mtli=\"mtli_filesize18,09kB\">Wykaz zada\u0144 administracji<\/a><\/p>\n<p>Ostatnia aktualizacja 1.12.2023 r.<\/p>\n<style type=\"text\/css\">a[data-mtli~=\"mtli_filesize18,09kB\"]:after {content:\" (18,09 kB)\"}<\/style><\/div>\r\n                    <\/div>\r\n                <\/div>[\/vc_column][\/vc_row]<\/p>\n<style type=\"text\/css\">a[data-mtli~=\"mtli_filesize18,09kB\"]:after {content:\" (18,09 kB)\"}<\/style>","protected":false},"excerpt":{"rendered":"<p>[vc_row][vc_column][\/vc_column][\/vc_row] [&#8230;]<\/p>\n<p><a class=\"btn btn-secondary understrap-read-more-link\" href=\"https:\/\/us.edu.pl\/instytut\/inpr\/zadania-administracji-wydzialowej-wraz-z-wykazem-osob-odpowiedzialnych-za-ich-wykonanie\/\">Read More&#8230;<\/a><\/p>\n","protected":false},"author":107,"featured_media":0,"parent":0,"menu_order":0,"comment_status":"closed","ping_status":"closed","template":"page-templates\/inner-page.php","meta":{"_expiration-date-status":"saved","_expiration-date":0,"_expiration-date-type":"","_expiration-date-categories":[],"_expiration-date-options":[]},"acf":[],"_links":{"self":[{"href":"https:\/\/us.edu.pl\/instytut\/inpr\/wp-json\/wp\/v2\/pages\/383"}],"collection":[{"href":"https:\/\/us.edu.pl\/instytut\/inpr\/wp-json\/wp\/v2\/pages"}],"about":[{"href":"https:\/\/us.edu.pl\/instytut\/inpr\/wp-json\/wp\/v2\/types\/page"}],"author":[{"embeddable":true,"href":"https:\/\/us.edu.pl\/instytut\/inpr\/wp-json\/wp\/v2\/users\/107"}],"replies":[{"embeddable":true,"href":"https:\/\/us.edu.pl\/instytut\/inpr\/wp-json\/wp\/v2\/comments?post=383"}],"version-history":[{"count":11,"href":"https:\/\/us.edu.pl\/instytut\/inpr\/wp-json\/wp\/v2\/pages\/383\/revisions"}],"predecessor-version":[{"id":1790,"href":"https:\/\/us.edu.pl\/instytut\/inpr\/wp-json\/wp\/v2\/pages\/383\/revisions\/1790"}],"wp:attachment":[{"href":"https:\/\/us.edu.pl\/instytut\/inpr\/wp-json\/wp\/v2\/media?parent=383"}],"curies":[{"name":"wp","href":"https:\/\/api.w.org\/{rel}","templated":true}]}}