{"id":1127,"date":"2022-01-10T08:58:11","date_gmt":"2022-01-10T07:58:11","guid":{"rendered":"https:\/\/us.edu.pl\/instytut\/int\/?post_type=event&#038;p=1127"},"modified":"2022-01-10T09:00:15","modified_gmt":"2022-01-10T08:00:15","slug":"publiczna-obrona-rozprawy-doktorskiej-pana-mgr-lic-tomasza-pieca","status":"publish","type":"event","link":"https:\/\/us.edu.pl\/instytut\/int\/event\/publiczna-obrona-rozprawy-doktorskiej-pana-mgr-lic-tomasza-pieca\/","title":{"rendered":"Publiczna obrona rozprawy doktorskiej Pana mgr. lic. Tomasza Pieca"},"content":{"rendered":"<p>[vc_row][vc_column]\r\n                <div class=\"text-modules\">\r\n                    <div class=\"container\">\r\n                        \r\n                        <div class=\"text-modules__content\"><p>Publiczna obrona rozprawy doktorskiej Pana mgr. lic. Tomasza Pieca pt. \u201eAnty-konsumpcjonizm w perspektywie katolickiej nauki spo\u0142ecznej\u201d odb\u0119dzie si\u0119 14 stycznia 2022 r. o godzinie 9.30<\/p>\n<p>Promotor: \u00a0\u00a0\u00a0\u00a0\u00a0\u00a0\u00a0\u00a0 Ks. dr hab. Arkadiusz Wuwer, prof. U\u015a<\/p>\n<p>Recenzenci:\u00a0\u00a0\u00a0\u00a0\u00a0 O. dr hab. Kazimierz Papciak SSCC, prof. PWT<\/p>\n<p>Ks. dr hab. Artur Wysocki, prof. UKSW<\/p>\n<p>Link do obrony: \u00a0<a href=\"https:\/\/youtu.be\/UY4RUQwPhnc\">https:\/\/youtu.be\/UY4RUQwPhnc<\/a><\/p>\n<p>Streszczenia i recenzje rozprawy doktorskiej Pana mgr. lic. Tomasza Pieca dost\u0119pne s\u0105 w Biuletynie Informacji Publicznej U\u015a: <a href=\"http:\/\/bip.us.edu.pl\/mgr-lic-tomasz-piec\">http:\/\/bip.us.edu.pl\/mgr-lic-tomasz-piec<\/a><\/p>\n<\/div>\r\n                    <\/div>\r\n                <\/div>[\/vc_column][\/vc_row]<\/p>","protected":false},"excerpt":{"rendered":"<p>[vc_row][vc_column][\/vc_column][\/vc_row] [&#8230;]<\/p>\n<p><a class=\"btn btn-secondary understrap-read-more-link\" href=\"https:\/\/us.edu.pl\/instytut\/int\/event\/publiczna-obrona-rozprawy-doktorskiej-pana-mgr-lic-tomasza-pieca\/\">Read More&#8230;<\/a><\/p>\n","protected":false},"author":2477,"featured_media":0,"template":"","meta":{"_expiration-date-status":"saved","_expiration-date":0,"_expiration-date-type":"","_expiration-date-categories":[],"_expiration-date-options":[]},"acf":[],"_links":{"self":[{"href":"https:\/\/us.edu.pl\/instytut\/int\/wp-json\/wp\/v2\/event\/1127"}],"collection":[{"href":"https:\/\/us.edu.pl\/instytut\/int\/wp-json\/wp\/v2\/event"}],"about":[{"href":"https:\/\/us.edu.pl\/instytut\/int\/wp-json\/wp\/v2\/types\/event"}],"author":[{"embeddable":true,"href":"https:\/\/us.edu.pl\/instytut\/int\/wp-json\/wp\/v2\/users\/2477"}],"version-history":[{"count":1,"href":"https:\/\/us.edu.pl\/instytut\/int\/wp-json\/wp\/v2\/event\/1127\/revisions"}],"predecessor-version":[{"id":1129,"href":"https:\/\/us.edu.pl\/instytut\/int\/wp-json\/wp\/v2\/event\/1127\/revisions\/1129"}],"wp:attachment":[{"href":"https:\/\/us.edu.pl\/instytut\/int\/wp-json\/wp\/v2\/media?parent=1127"}],"curies":[{"name":"wp","href":"https:\/\/api.w.org\/{rel}","templated":true}]}}

<p>[vc_row][vc_column]
                <div class="text-modules">
                    <div class="container">
                        
                        <div class="text-modules__content"><p>Publiczna obrona rozprawy doktorskiej Pana mgr. lic. Tomasza Pieca pt. „Anty-konsumpcjonizm w perspektywie katolickiej nauki społecznej” odbędzie się 14 stycznia 2022 r. o godzinie 9.30</p>
<p>Promotor:          Ks. dr hab. Arkadiusz Wuwer, prof. UŚ</p>
<p>Recenzenci:      O. dr hab. Kazimierz Papciak SSCC, prof. PWT</p>
<p>Ks. dr hab. Artur Wysocki, prof. UKSW</p>
<p>Link do obrony:  <a href="https://youtu.be/UY4RUQwPhnc">https://youtu.be/UY4RUQwPhnc</a></p>
<p>Streszczenia i recenzje rozprawy doktorskiej Pana mgr. lic. Tomasza Pieca dostępne są w Biuletynie Informacji Publicznej UŚ: <a href="http://bip.us.edu.pl/mgr-lic-tomasz-piec">http://bip.us.edu.pl/mgr-lic-tomasz-piec</a></p>
</div>
                    </div>
                </div>[/vc_column][/vc_row]</p>
