{"id":2610,"date":"2024-04-20T20:25:52","date_gmt":"2024-04-20T18:25:52","guid":{"rendered":"https:\/\/us.edu.pl\/instytut\/int\/?post_type=event&#038;p=2610"},"modified":"2024-04-20T20:39:34","modified_gmt":"2024-04-20T18:39:34","slug":"xiii-miedzynarodowa-konferencja-ekumeniczno-prawna-swiecki-w-kosciele-wspolnota-udzial-misja","status":"publish","type":"event","link":"https:\/\/us.edu.pl\/instytut\/int\/event\/xiii-miedzynarodowa-konferencja-ekumeniczno-prawna-swiecki-w-kosciele-wspolnota-udzial-misja\/","title":{"rendered":"XIII Mi\u0119dzynarodowa Konferencja Ekumeniczno-Prawna: \u015awiecki w Ko\u015bciele: Wsp\u00f3lnota-Uczestnictwo-Misja"},"content":{"rendered":"<p>[vc_row][vc_column][vc_column_text]<span style=\"font-size: 12pt;\">Serdecznie zapraszamy na XIII edycj\u0119 Mi\u0119dzynarodowej Konferencji Ekumeniczno-Prawnej: \u015awiecki w Ko\u015bciele: Wsp\u00f3lnota-Uczestnictwo-Misja <strong>(XIII International Ecumenical-Legal Conference: The Laity in the Church: Communion, Participation, Mission).<\/strong><\/span><\/p>\n<p>&nbsp;<\/p>\n<p><strong><span style=\"font-size: 12pt;\">Program konferencji:<\/span><\/strong><\/p>\n<p><span style=\"font-size: 12pt;\"><strong>Wednesday, April 24 <\/strong><\/span><\/p>\n<p><strong><span style=\"font-size: 12pt;\">13:00 Lunch<br \/>\n<\/span><span style=\"font-size: 12pt;\">13:30 Registration<\/span><\/strong><\/p>\n<p><strong><span style=\"font-size: 12pt;\">13:45 Opening of the Conference<br \/>\n<\/span><span style=\"font-size: 12pt;\"><em>Prof. U\u015a Dr hab. Jacek Kempa<\/em> \u2013 <em>Dean of the Faculty of Theology <\/em><em>of the University of Silesia in Katowice<\/em><\/span><\/strong><\/p>\n<p><span style=\"font-size: 12pt;\"><strong>1<sup>st<\/sup> Session <\/strong><\/span><span style=\"font-size: 12pt;\"><strong>\/14:00\u201316:05\/ <\/strong><\/span><\/p>\n<p><strong><span style=\"font-size: 12pt;\">Miejsce \u015bwieckich w synodalnej wizji Ko\u015bcio\u0142a \/\u00a0<\/span><\/strong><span style=\"font-size: 12pt;\"><strong>The Place of the Laity in the Synodal Vision of the Church<\/strong><br \/>\n<\/span><span style=\"font-size: 12pt;\"><em>Prof. U\u015a Dr hab. Aleksander Ba\u0144ka (University of Silesia in Katowice, Poland)<\/em><\/span><\/p>\n<p><strong><span style=\"font-size: 12pt;\">\u015awieccy w Ko\u015bciele Prymasa Wyszy\u0144skiego \/ <\/span><\/strong><span style=\"font-size: 12pt;\"><strong>The Laity in the <\/strong><em><strong>Primate Wyszy\u0144ski\u2019s Church<\/strong><br \/>\n<\/em><\/span><span style=\"font-size: 12pt;\"><em>Prof. Dr hab. Krzysztof Wieczorek <\/em><em>(University of Silesia in Katowice, Poland)<\/em><\/span><\/p>\n<p><strong><span style=\"font-size: 12pt;\">Osoba: napi\u0119cie poszukiwania sensu \/\u00a0<\/span><\/strong><span style=\"font-size: 12pt;\"><strong>Person: the Tension of the Search for Meaning<\/strong><br \/>\n<\/span><span style=\"font-size: 12pt;\"><em>Prof.<\/em><em> PhDr. <\/em><em>Pavol Danc\u00e1k, PhD. <\/em><em>(University of Presov, Slovakia)<\/em><\/span><\/p>\n<p><strong><span style=\"font-size: 12pt;\">Godno\u015b\u0107 osoby ludzkiej a problem przemocy instytucjonalnej \/\u00a0<\/span><\/strong><span style=\"font-size: 12pt;\"><strong>The Dignity of the Human Person and the Problem of Institutional Violence<\/strong><br \/>\n<\/span><span style=\"font-size: 12pt;\"><em>Prof. U\u015a Dr hab. <\/em><em>Mariusz Wojewoda<\/em> <em>(University of Silesia in Katowice, Poland)<\/em><\/span><\/p>\n<p><strong><span style=\"font-size: 12pt;\">\u201eA czworo Zwierz\u0105t m\u00f3wi\u0142o: Amen\u201d (Ap 5:14). Czy \u015bwieccy w Ko\u015bciele s\u0105 podobni do zwierz\u0105t z Ksi\u0119gi Objawienia? Refleksje \u015bwieckiego audytora Soboru Watyka\u0144skiego II \/\u00a0<\/span><\/strong><span style=\"font-size: 12pt;\"><strong>\u201cAnd the Four Animals Said: &#8211; Amen\u201d (Rev 5:14). Are the Laity in the Church Like the Animals in Book of Revelation? Reflections of the Lay Auditor of the Second Vatican Council<\/strong><br \/>\n<\/span><span style=\"font-size: 12pt;\"><em>Prof. U\u015a Dr hab. Marek Rembierz<\/em> <em>(University of Silesia in Katowice, Poland)<\/em><\/span><\/p>\n<p><span style=\"font-size: 12pt;\"><strong>15:40 Panel discussion<br \/>\n<\/strong><\/span><span style=\"font-size: 12pt;\"><strong>16:05 Coffee break<\/strong><\/span><\/p>\n<p><span style=\"font-size: 12pt;\"><strong>2<sup>nd<\/sup> Session\u00a0<\/strong><\/span><span style=\"font-size: 12pt;\"><strong>\/16:30\u201317:50\/<\/strong><\/span><\/p>\n<p><strong><span style=\"font-size: 12pt;\">O misji integralnej: Jak ewangelikalni chrze\u015bcijanie formu\u0142uj\u0105 sw\u0105 my\u015bl spo\u0142eczn\u0105? \/\u00a0<\/span><\/strong><span style=\"font-size: 12pt;\"><strong>About the Integral Mission: How Evangelical Christians form their Social Thought?<\/strong><br \/>\n<\/span><span style=\"font-size: 12pt;\"><em>Prof. Dr hab. Piotr Kopiec (The John Paul II Catholic University of Lublin, Poland)<\/em><\/span><\/p>\n<p><strong><span style=\"font-size: 12pt;\">Powszechne kap\u0142a\u0144stwo a urz\u0105d ko\u015bcielny w luteranizmie \/\u00a0<\/span><\/strong><span style=\"font-size: 12pt;\"><strong>Universal Priesthood and Church Office in Lutheranism<br \/>\n<\/strong><\/span><span style=\"font-size: 12pt;\"><em>Prof. ChAT<\/em> <em>Dr hab. Jerzy Sojka<\/em> <em>(Christian Theological Academy in Warsaw, Poland)<\/em><\/span><\/p>\n<p><strong><span style=\"font-size: 12pt;\">\u015awieccy a rozeznawanie i zarz\u0105dzanie w Ko\u015bciele katolickim: Stan obecny i perspektywy \/\u00a0<\/span><span style=\"font-size: 12pt;\">The Laity and Discernment and Governance in the Catholic Church: Current State and\u00a0Perspectives<br \/>\n<\/span><\/strong><span style=\"font-size: 12pt;\"><em>Ks. Dr Przemys\u0142aw Sawa<\/em> <em>(University of Silesia in Katowice, Poland)<\/em><\/span><\/p>\n<p><span style=\"font-size: 12pt;\"><strong>17:25 Panel discussion<br \/>\n<\/strong><\/span><span style=\"font-size: 12pt;\"><strong>17:50 Closing of the 1<sup>st<\/sup> day of the Conference<br \/>\n<\/strong><\/span><span style=\"font-size: 12pt;\"><strong>18:00 Dinner<\/strong><\/span><\/p>\n<p><span style=\"font-size: 12pt;\"><strong>\u00a0<\/strong><\/span><\/p>\n<p><span style=\"font-size: 12pt;\"><strong>Thursday, April 25\u00a0 <\/strong><\/span><\/p>\n<p><span style=\"font-size: 12pt;\"><strong>3<sup>rd<\/sup> Session\u00a0<\/strong><\/span><span style=\"font-size: 12pt;\"><strong>\/8:30\u201310:35\/<\/strong><\/span><\/p>\n<p><span style=\"font-size: 12pt;\"><strong>The Participation of the Laymen in the Orthodox Church to the Exertion of Jurisdictional Power. Canonical Study<br \/>\n<\/strong><\/span><span style=\"font-size: 12pt;\"><em>Prof. Univ. Dr. Nicolae V. Dur\u0103 (<\/em><em><a href=\"https:\/\/www.google.pl\/url?sa=t&amp;rct=j&amp;q=&amp;esrc=s&amp;source=web&amp;cd=1&amp;cad=rja&amp;uact=8&amp;ved=0ahUKEwiuj-SRk6TSAhUlDZoKHWLKA_8QFggkMAA&amp;url=http%3A%2F%2Fadmission.univ-ovidius.ro%2F&amp;usg=AFQjCNFsf_BVSu4Pdvjm5A7x0OIOWs0Ueg&amp;bvm=bv.147448319,d.bGs\">Ovidius University of Constanta<\/a><\/em><em>, Romania)<\/em><\/span><\/p>\n<p><span style=\"font-size: 12pt;\"><strong>Canonical Norms of the Eastern Church Regarding the Participation of the Laymen to the Exertion of Teaching Power<br \/>\n<\/strong><\/span><em style=\"font-size: 12pt;\">Assoc. Prof. C\u0103t\u0103lina Mititelu<\/em> <em style=\"font-size: 12pt;\">(<\/em><em style=\"font-size: 12pt;\"><a href=\"https:\/\/www.google.pl\/url?sa=t&amp;rct=j&amp;q=&amp;esrc=s&amp;source=web&amp;cd=1&amp;cad=rja&amp;uact=8&amp;ved=0ahUKEwiuj-SRk6TSAhUlDZoKHWLKA_8QFggkMAA&amp;url=http%3A%2F%2Fadmission.univ-ovidius.ro%2F&amp;usg=AFQjCNFsf_BVSu4Pdvjm5A7x0OIOWs0Ueg&amp;bvm=bv.147448319,d.bGs\">Ovidius University of Constanta<\/a><\/em><em style=\"font-size: 12pt;\">, Romania)<\/em><\/p>\n<p><span style=\"font-size: 12pt;\"><strong>Wsp\u00f3\u0142czesna misja \u015bwieckich teolog\u00f3w \/ <\/strong><\/span><span style=\"font-size: 12pt;\"><strong>The Contemporary Mission of Lay Theologians<\/strong><br \/>\n<\/span><span style=\"font-size: 12pt;\"><em>Dr Monika Menke <\/em><em>(Palack\u00fd University in Olomouc, Czech Republic)<\/em><\/span><\/p>\n<p><span style=\"font-size: 12pt;\"><strong>Pozycja \u015bwieckich w parafii: rola i misja \/\u00a0<\/strong><\/span><span style=\"font-size: 12pt;\"><strong>The Position of the Laity in the Parish: Role and Mission<\/strong><br \/>\n<\/span><span style=\"font-size: 12pt;\"><em>Dr Jurij Popovi\u010d<\/em> <em>(University of Presov, Slovakia)<\/em><\/span><\/p>\n<p><span style=\"font-size: 12pt;\"><strong>10:10 Panel discussion<br \/>\n<\/strong><\/span><span style=\"font-size: 12pt;\"><strong>10:35 Coffee break<\/strong><\/span><\/p>\n<p><span style=\"font-size: 12pt;\"><strong>\u00a0<\/strong><\/span><\/p>\n<p><span style=\"font-size: 12pt;\"><strong>4<sup>th<\/sup> Session <\/strong><\/span><span style=\"font-size: 12pt;\"><strong>\/11:00\u201312:55\/<\/strong><\/span><\/p>\n<p><span style=\"font-size: 12pt;\"><strong>Laie und Amt unter besonderer Ber\u00fccksichtigung des Dienstes der Pastoralassistentin in der \u00f6sterreichischen Kirche \/\u00a0<\/strong><\/span><strong><span style=\"font-size: 12pt;\">Lay and Office with Particular Consideration on the Service of a Pastoral Assistant in the Austrian Church<br \/>\n<\/span><\/strong><span style=\"font-size: 12pt;\"><em>Prof. Univ. Dr. Wilhelm Rees (University of Innsbruck, Austria)<\/em><\/span><\/p>\n<p><span style=\"font-size: 12pt;\"><strong>Clericalization of Laity: A View of Canon Law and Theology<br \/>\n<\/strong><\/span><span style=\"font-size: 12pt;\"><em>Doc. JUDr. Stanislav P\u0159ibyl, Ph.D., JCD (University in \u010cesk\u00e9 Bud\u011bjovice, Czech Republic)<\/em><\/span><\/p>\n<p><span style=\"font-size: 12pt;\"><strong>Dominican Tertiaries in Today\u2019s Secularized World<br \/>\n<\/strong><\/span><span style=\"font-size: 12pt;\"><em>Prof. Lic. <\/em><em><a href=\"https:\/\/www.google.pl\/url?sa=t&amp;rct=j&amp;q=&amp;esrc=s&amp;source=web&amp;cd=1&amp;cad=rja&amp;uact=8&amp;ved=0ahUKEwjqsYSQ3fXPAhWLiSwKHWvYBMIQFggjMAA&amp;url=https%3A%2F%2Fcs.wikipedia.org%2Fwiki%2FDami%25C3%25A1n_N%25C4%259Bmec&amp;usg=AFQjCNEApO14hAIMfAvV3Tq66_JrekyYyg&amp;bvm=bv.136593572,d.bGg\">Dami\u00e1n N\u011bmec<\/a><\/em>,<em> Dr (Palack\u00fd University in Olomouc, Czech Republic)<\/em><\/span><\/p>\n<p><span style=\"font-size: 12pt;\"><strong>Are there Differences in the Right to Privacy of Laity, Clergy and Religious?<br \/>\n<\/strong><\/span><span style=\"font-size: 12pt;\"><em>Ks. Prof. Dr hab. Piotr Kroczek (Pontifical University of John Paul II, Cracow, Poland)<\/em><\/span><\/p>\n<p><span style=\"font-size: 12pt;\"><strong>12:30 Panel discussion<br \/>\n<\/strong><\/span><span style=\"font-size: 12pt;\"><strong>13:00 Lunch<br \/>\n<\/strong><\/span><span style=\"font-size: 12pt;\"><strong>13:30 Closing of the Conference <\/strong><\/span>[\/vc_column_text][\/vc_column][\/vc_row]<\/p>\n","protected":false},"excerpt":{"rendered":"<p>[vc_row][vc_column][vc_column_text]Serdecznie zapraszamy na XIII edycj\u0119 Mi\u0119dzynarodowej Konferencji Ekumeniczno-Prawnej: \u015awiecki w Ko\u015bciele: Wsp\u00f3lnota-Uczestnictwo-Misja (XIII International Ecumenical-Legal Conference: The Laity in the Church: Communion, Participation, Mission). &nbsp; Program konferencji: Wednesday, April 24 13:00 Lunch 13:30 Registration 13:45 Opening of the Conference Prof. U\u015a Dr hab. Jacek Kempa \u2013 Dean of the Faculty of Theology of the University [&#8230;]<\/p>\n<p><a class=\"btn btn-secondary understrap-read-more-link\" href=\"https:\/\/us.edu.pl\/instytut\/int\/event\/xiii-miedzynarodowa-konferencja-ekumeniczno-prawna-swiecki-w-kosciele-wspolnota-udzial-misja\/\">Read More&#8230;<\/a><\/p>\n","protected":false},"author":120,"featured_media":2622,"template":"","meta":{"_expiration-date-status":"","_expiration-date":0,"_expiration-date-type":"","_expiration-date-categories":[],"_expiration-date-options":[]},"acf":[],"_links":{"self":[{"href":"https:\/\/us.edu.pl\/instytut\/int\/wp-json\/wp\/v2\/event\/2610"}],"collection":[{"href":"https:\/\/us.edu.pl\/instytut\/int\/wp-json\/wp\/v2\/event"}],"about":[{"href":"https:\/\/us.edu.pl\/instytut\/int\/wp-json\/wp\/v2\/types\/event"}],"author":[{"embeddable":true,"href":"https:\/\/us.edu.pl\/instytut\/int\/wp-json\/wp\/v2\/users\/120"}],"version-history":[{"count":3,"href":"https:\/\/us.edu.pl\/instytut\/int\/wp-json\/wp\/v2\/event\/2610\/revisions"}],"predecessor-version":[{"id":2616,"href":"https:\/\/us.edu.pl\/instytut\/int\/wp-json\/wp\/v2\/event\/2610\/revisions\/2616"}],"wp:featuredmedia":[{"embeddable":true,"href":"https:\/\/us.edu.pl\/instytut\/int\/wp-json\/wp\/v2\/media\/2622"}],"wp:attachment":[{"href":"https:\/\/us.edu.pl\/instytut\/int\/wp-json\/wp\/v2\/media?parent=2610"}],"curies":[{"name":"wp","href":"https:\/\/api.w.org\/{rel}","templated":true}]}}

XIII Międzynarodowa Konferencja Ekumeniczno-Prawna: Świecki w Kościele: Wspólnota-Uczestnictwo-Misja

<p>[vc_row][vc_column][vc_column_text]<span style="font-size: 12pt;">Serdecznie zapraszamy na XIII edycję Międzynarodowej Konferencji Ekumeniczno-Prawnej: Świecki w Kościele: Wspólnota-Uczestnictwo-Misja <strong>(XIII International Ecumenical-Legal Conference: The Laity in the Church: Communion, Participation, Mission).</strong></span></p>
<p>&nbsp;</p>
<p><strong><span style="font-size: 12pt;">Program konferencji:</span></strong></p>
<p><span style="font-size: 12pt;"><strong>Wednesday, April 24 </strong></span></p>
<p><strong><span style="font-size: 12pt;">13:00 Lunch<br />
</span><span style="font-size: 12pt;">13:30 Registration</span></strong></p>
<p><strong><span style="font-size: 12pt;">13:45 Opening of the Conference<br />
</span><span style="font-size: 12pt;"><em>Prof. UŚ Dr hab. Jacek Kempa</em> – <em>Dean of the Faculty of Theology </em><em>of the University of Silesia in Katowice</em></span></strong></p>
<p><span style="font-size: 12pt;"><strong>1<sup>st</sup> Session </strong></span><span style="font-size: 12pt;"><strong>/14:00–16:05/ </strong></span></p>
<p><strong><span style="font-size: 12pt;">Miejsce świeckich w synodalnej wizji Kościoła / </span></strong><span style="font-size: 12pt;"><strong>The Place of the Laity in the Synodal Vision of the Church</strong><br />
</span><span style="font-size: 12pt;"><em>Prof. UŚ Dr hab. Aleksander Bańka (University of Silesia in Katowice, Poland)</em></span></p>
<p><strong><span style="font-size: 12pt;">Świeccy w Kościele Prymasa Wyszyńskiego / </span></strong><span style="font-size: 12pt;"><strong>The Laity in the </strong><em><strong>Primate Wyszyński’s Church</strong><br />
</em></span><span style="font-size: 12pt;"><em>Prof. Dr hab. Krzysztof Wieczorek </em><em>(University of Silesia in Katowice, Poland)</em></span></p>
<p><strong><span style="font-size: 12pt;">Osoba: napięcie poszukiwania sensu / </span></strong><span style="font-size: 12pt;"><strong>Person: the Tension of the Search for Meaning</strong><br />
</span><span style="font-size: 12pt;"><em>Prof.</em><em> PhDr. </em><em>Pavol Dancák, PhD. </em><em>(University of Presov, Slovakia)</em></span></p>
<p><strong><span style="font-size: 12pt;">Godność osoby ludzkiej a problem przemocy instytucjonalnej / </span></strong><span style="font-size: 12pt;"><strong>The Dignity of the Human Person and the Problem of Institutional Violence</strong><br />
</span><span style="font-size: 12pt;"><em>Prof. UŚ Dr hab. </em><em>Mariusz Wojewoda</em> <em>(University of Silesia in Katowice, Poland)</em></span></p>
<p><strong><span style="font-size: 12pt;">„A czworo Zwierząt mówiło: Amen” (Ap 5:14). Czy świeccy w Kościele są podobni do zwierząt z Księgi Objawienia? Refleksje świeckiego audytora Soboru Watykańskiego II / </span></strong><span style="font-size: 12pt;"><strong>“And the Four Animals Said: &#8211; Amen” (Rev 5:14). Are the Laity in the Church Like the Animals in Book of Revelation? Reflections of the Lay Auditor of the Second Vatican Council</strong><br />
</span><span style="font-size: 12pt;"><em>Prof. UŚ Dr hab. Marek Rembierz</em> <em>(University of Silesia in Katowice, Poland)</em></span></p>
<p><span style="font-size: 12pt;"><strong>15:40 Panel discussion<br />
</strong></span><span style="font-size: 12pt;"><strong>16:05 Coffee break</strong></span></p>
<p><span style="font-size: 12pt;"><strong>2<sup>nd</sup> Session </strong></span><span style="font-size: 12pt;"><strong>/16:30–17:50/</strong></span></p>
<p><strong><span style="font-size: 12pt;">O misji integralnej: Jak ewangelikalni chrześcijanie formułują swą myśl społeczną? / </span></strong><span style="font-size: 12pt;"><strong>About the Integral Mission: How Evangelical Christians form their Social Thought?</strong><br />
</span><span style="font-size: 12pt;"><em>Prof. Dr hab. Piotr Kopiec (The John Paul II Catholic University of Lublin, Poland)</em></span></p>
<p><strong><span style="font-size: 12pt;">Powszechne kapłaństwo a urząd kościelny w luteranizmie / </span></strong><span style="font-size: 12pt;"><strong>Universal Priesthood and Church Office in Lutheranism<br />
</strong></span><span style="font-size: 12pt;"><em>Prof. ChAT</em> <em>Dr hab. Jerzy Sojka</em> <em>(Christian Theological Academy in Warsaw, Poland)</em></span></p>
<p><strong><span style="font-size: 12pt;">Świeccy a rozeznawanie i zarządzanie w Kościele katolickim: Stan obecny i perspektywy / </span><span style="font-size: 12pt;">The Laity and Discernment and Governance in the Catholic Church: Current State and Perspectives<br />
</span></strong><span style="font-size: 12pt;"><em>Ks. Dr Przemysław Sawa</em> <em>(University of Silesia in Katowice, Poland)</em></span></p>
<p><span style="font-size: 12pt;"><strong>17:25 Panel discussion<br />
</strong></span><span style="font-size: 12pt;"><strong>17:50 Closing of the 1<sup>st</sup> day of the Conference<br />
</strong></span><span style="font-size: 12pt;"><strong>18:00 Dinner</strong></span></p>
<p><span style="font-size: 12pt;"><strong> </strong></span></p>
<p><span style="font-size: 12pt;"><strong>Thursday, April 25  </strong></span></p>
<p><span style="font-size: 12pt;"><strong>3<sup>rd</sup> Session </strong></span><span style="font-size: 12pt;"><strong>/8:30–10:35/</strong></span></p>
<p><span style="font-size: 12pt;"><strong>The Participation of the Laymen in the Orthodox Church to the Exertion of Jurisdictional Power. Canonical Study<br />
</strong></span><span style="font-size: 12pt;"><em>Prof. Univ. Dr. Nicolae V. Dură (</em><em><a href="https://www.google.pl/url?sa=t&amp;rct=j&amp;q=&amp;esrc=s&amp;source=web&amp;cd=1&amp;cad=rja&amp;uact=8&amp;ved=0ahUKEwiuj-SRk6TSAhUlDZoKHWLKA_8QFggkMAA&amp;url=http%3A%2F%2Fadmission.univ-ovidius.ro%2F&amp;usg=AFQjCNFsf_BVSu4Pdvjm5A7x0OIOWs0Ueg&amp;bvm=bv.147448319,d.bGs">Ovidius University of Constanta</a></em><em>, Romania)</em></span></p>
<p><span style="font-size: 12pt;"><strong>Canonical Norms of the Eastern Church Regarding the Participation of the Laymen to the Exertion of Teaching Power<br />
</strong></span><em style="font-size: 12pt;">Assoc. Prof. Cătălina Mititelu</em> <em style="font-size: 12pt;">(</em><em style="font-size: 12pt;"><a href="https://www.google.pl/url?sa=t&amp;rct=j&amp;q=&amp;esrc=s&amp;source=web&amp;cd=1&amp;cad=rja&amp;uact=8&amp;ved=0ahUKEwiuj-SRk6TSAhUlDZoKHWLKA_8QFggkMAA&amp;url=http%3A%2F%2Fadmission.univ-ovidius.ro%2F&amp;usg=AFQjCNFsf_BVSu4Pdvjm5A7x0OIOWs0Ueg&amp;bvm=bv.147448319,d.bGs">Ovidius University of Constanta</a></em><em style="font-size: 12pt;">, Romania)</em></p>
<p><span style="font-size: 12pt;"><strong>Współczesna misja świeckich teologów / </strong></span><span style="font-size: 12pt;"><strong>The Contemporary Mission of Lay Theologians</strong><br />
</span><span style="font-size: 12pt;"><em>Dr Monika Menke </em><em>(Palacký University in Olomouc, Czech Republic)</em></span></p>
<p><span style="font-size: 12pt;"><strong>Pozycja świeckich w parafii: rola i misja / </strong></span><span style="font-size: 12pt;"><strong>The Position of the Laity in the Parish: Role and Mission</strong><br />
</span><span style="font-size: 12pt;"><em>Dr Jurij Popovič</em> <em>(University of Presov, Slovakia)</em></span></p>
<p><span style="font-size: 12pt;"><strong>10:10 Panel discussion<br />
</strong></span><span style="font-size: 12pt;"><strong>10:35 Coffee break</strong></span></p>
<p><span style="font-size: 12pt;"><strong> </strong></span></p>
<p><span style="font-size: 12pt;"><strong>4<sup>th</sup> Session </strong></span><span style="font-size: 12pt;"><strong>/11:00–12:55/</strong></span></p>
<p><span style="font-size: 12pt;"><strong>Laie und Amt unter besonderer Berücksichtigung des Dienstes der Pastoralassistentin in der österreichischen Kirche / </strong></span><strong><span style="font-size: 12pt;">Lay and Office with Particular Consideration on the Service of a Pastoral Assistant in the Austrian Church<br />
</span></strong><span style="font-size: 12pt;"><em>Prof. Univ. Dr. Wilhelm Rees (University of Innsbruck, Austria)</em></span></p>
<p><span style="font-size: 12pt;"><strong>Clericalization of Laity: A View of Canon Law and Theology<br />
</strong></span><span style="font-size: 12pt;"><em>Doc. JUDr. Stanislav Přibyl, Ph.D., JCD (University in České Budějovice, Czech Republic)</em></span></p>
<p><span style="font-size: 12pt;"><strong>Dominican Tertiaries in Today’s Secularized World<br />
</strong></span><span style="font-size: 12pt;"><em>Prof. Lic. </em><em><a href="https://www.google.pl/url?sa=t&amp;rct=j&amp;q=&amp;esrc=s&amp;source=web&amp;cd=1&amp;cad=rja&amp;uact=8&amp;ved=0ahUKEwjqsYSQ3fXPAhWLiSwKHWvYBMIQFggjMAA&amp;url=https%3A%2F%2Fcs.wikipedia.org%2Fwiki%2FDami%25C3%25A1n_N%25C4%259Bmec&amp;usg=AFQjCNEApO14hAIMfAvV3Tq66_JrekyYyg&amp;bvm=bv.136593572,d.bGg">Damián Němec</a></em>,<em> Dr (Palacký University in Olomouc, Czech Republic)</em></span></p>
<p><span style="font-size: 12pt;"><strong>Are there Differences in the Right to Privacy of Laity, Clergy and Religious?<br />
</strong></span><span style="font-size: 12pt;"><em>Ks. Prof. Dr hab. Piotr Kroczek (Pontifical University of John Paul II, Cracow, Poland)</em></span></p>
<p><span style="font-size: 12pt;"><strong>12:30 Panel discussion<br />
</strong></span><span style="font-size: 12pt;"><strong>13:00 Lunch<br />
</strong></span><span style="font-size: 12pt;"><strong>13:30 Closing of the Conference </strong></span>[/vc_column_text][/vc_column][/vc_row]</p>

<p>[vc_row][vc_column][vc_column_text]Serdecznie zapraszamy na XIII edycję Międzynarodowej Konferencji Ekumeniczno-Prawnej: Świecki w Kościele: Wspólnota-Uczestnictwo-Misja (XIII International Ecumenical-Legal Conference: The Laity in the Church: Communion, Participation, Mission). &nbsp; Program konferencji: Wednesday, April 24 13:00 Lunch 13:30 Registration 13:45 Opening of the Conference Prof. UŚ Dr hab. Jacek Kempa – Dean of the Faculty of Theology of the University [&#8230;]</p>
<p><a class="btn btn-secondary understrap-read-more-link" href="https://us.edu.pl/instytut/int/event/xiii-miedzynarodowa-konferencja-ekumeniczno-prawna-swiecki-w-kosciele-wspolnota-udzial-misja/">Read More&#8230;</a></p>
