{"id":613,"date":"2020-06-08T22:20:47","date_gmt":"2020-06-08T20:20:47","guid":{"rendered":"https:\/\/us.edu.pl\/instytut\/int\/?page_id=613"},"modified":"2026-03-11T12:25:57","modified_gmt":"2026-03-11T11:25:57","slug":"projekty-zespolowe","status":"publish","type":"page","link":"https:\/\/us.edu.pl\/instytut\/int\/projekty-badawcze\/projekty-zespolowe\/","title":{"rendered":"Projekty zespo\u0142owe"},"content":{"rendered":"<p>[vc_row][vc_column]\r\n                <div class=\"text-modules\">\r\n                    <div class=\"container\">\r\n                        <h3 class=\"page-title text__title\">Zespo\u0142y badawcze (aktualne w 2026 roku)<\/h3>\r\n                        <div class=\"text-modules__content\"><p>W ramach instytutu Nauk Teologicznych prace badawcze prowadzi kilka zespo\u0142\u00f3w zajmuj\u0105cych si\u0119 r\u00f3\u017cnorodn\u0105 tematyk\u0105 teologiczn\u0105. Poni\u017cej prezentujemy podejmowane przez nie tematy badawcze, cz\u0142onk\u00f3w zespo\u0142\u00f3w, plany naukowe oraz efekty ich pracy.<\/p>\n<\/div>\r\n                    <\/div>\r\n                <\/div>[\/vc_column][\/vc_row]<\/p>","protected":false},"excerpt":{"rendered":"<p>[vc_row][vc_column][\/vc_column][\/vc_row] [&#8230;]<\/p>\n<p><a class=\"btn btn-secondary understrap-read-more-link\" href=\"https:\/\/us.edu.pl\/instytut\/int\/projekty-badawcze\/projekty-zespolowe\/\">Read More&#8230;<\/a><\/p>\n","protected":false},"author":120,"featured_media":0,"parent":135,"menu_order":0,"comment_status":"closed","ping_status":"closed","template":"page-templates\/inner-page-with-bookmarks.php","meta":{"_expiration-date-status":"","_expiration-date":0,"_expiration-date-type":"","_expiration-date-categories":[],"_expiration-date-options":[]},"acf":[],"_links":{"self":[{"href":"https:\/\/us.edu.pl\/instytut\/int\/wp-json\/wp\/v2\/pages\/613"}],"collection":[{"href":"https:\/\/us.edu.pl\/instytut\/int\/wp-json\/wp\/v2\/pages"}],"about":[{"href":"https:\/\/us.edu.pl\/instytut\/int\/wp-json\/wp\/v2\/types\/page"}],"author":[{"embeddable":true,"href":"https:\/\/us.edu.pl\/instytut\/int\/wp-json\/wp\/v2\/users\/120"}],"replies":[{"embeddable":true,"href":"https:\/\/us.edu.pl\/instytut\/int\/wp-json\/wp\/v2\/comments?post=613"}],"version-history":[{"count":11,"href":"https:\/\/us.edu.pl\/instytut\/int\/wp-json\/wp\/v2\/pages\/613\/revisions"}],"predecessor-version":[{"id":4563,"href":"https:\/\/us.edu.pl\/instytut\/int\/wp-json\/wp\/v2\/pages\/613\/revisions\/4563"}],"up":[{"embeddable":true,"href":"https:\/\/us.edu.pl\/instytut\/int\/wp-json\/wp\/v2\/pages\/135"}],"wp:attachment":[{"href":"https:\/\/us.edu.pl\/instytut\/int\/wp-json\/wp\/v2\/media?parent=613"}],"curies":[{"name":"wp","href":"https:\/\/api.w.org\/{rel}","templated":true}]}}