{"id":7760,"date":"2024-10-17T17:49:49","date_gmt":"2024-10-17T15:49:49","guid":{"rendered":"https:\/\/us.edu.pl\/instytut\/ip\/?post_type=komunikaty&#038;p=7760"},"modified":"2024-10-17T17:53:45","modified_gmt":"2024-10-17T15:53:45","slug":"zwiazek-pomiedzy-symptomami-ptsd-zachowaniami-zywieniowymi-i-zdrowiem-fizycznym-korelaty-zapalne-kardiometaboliczne-i-psychofizjologiczne","status":"publish","type":"komunikaty","link":"https:\/\/us.edu.pl\/instytut\/ip\/komunikaty\/zwiazek-pomiedzy-symptomami-ptsd-zachowaniami-zywieniowymi-i-zdrowiem-fizycznym-korelaty-zapalne-kardiometaboliczne-i-psychofizjologiczne\/","title":{"rendered":"Zwi\u0105zek pomi\u0119dzy symptomami PTSD, zachowaniami \u017cywieniowymi i zdrowiem fizycznym: Korelaty zapalne, kardiometaboliczne, i psychofizjologiczne"},"content":{"rendered":"<p><span style=\"font-size: 14pt;\"><strong>Kierownik projektu:\u00a0<\/strong>dr Monika Stojek, prof. U\u015a<\/span><\/p>\n<p><span style=\"font-size: 14pt;\"><strong>Tytu\u0142 projektu: <\/strong>Zwi\u0105zek pomi\u0119dzy symptomami PTSD, zachowaniami \u017cywieniowymi i zdrowiem fizycznym: Korelaty zapalne, kardiometaboliczne, i psychofizjologiczne<\/span><\/p>\n<p><span style=\"font-size: 14pt;\"><strong>Konkurs: <\/strong>OPUS-21<\/span><\/p>\n<p><span style=\"font-size: 14pt;\"><strong>Finansowanie:<\/strong>\u00a0Narodowe Centrum Bada\u0144 \u2013 NCN<\/span><\/p>\n<p><span style=\"font-size: 14pt;\"><strong>Kontakt:\u00a0<\/strong>monika.stojek@us.edu.pl<\/span><\/p>","protected":false},"excerpt":{"rendered":"<p>Kierownik projektu:\u00a0dr Monika Stojek, prof. U\u015a Tytu\u0142 projektu: Zwi\u0105zek pomi\u0119dzy symptomami PTSD, zachowaniami \u017cywieniowymi i zdrowiem fizycznym: Korelaty zapalne, kardiometaboliczne, i psychofizjologiczne Konkurs: OPUS-21 Finansowanie:\u00a0Narodowe Centrum Bada\u0144 \u2013 NCN Kontakt:\u00a0monika.stojek@us.edu.pl [&#8230;]<\/p>\n<p><a class=\"btn btn-secondary understrap-read-more-link\" href=\"https:\/\/us.edu.pl\/instytut\/ip\/komunikaty\/zwiazek-pomiedzy-symptomami-ptsd-zachowaniami-zywieniowymi-i-zdrowiem-fizycznym-korelaty-zapalne-kardiometaboliczne-i-psychofizjologiczne\/\">Read More&#8230;<\/a><\/p>\n","protected":false},"author":159,"featured_media":0,"template":"","meta":{"_expiration-date-status":"","_expiration-date":0,"_expiration-date-type":"","_expiration-date-categories":[],"_expiration-date-options":[]},"acf":[],"_links":{"self":[{"href":"https:\/\/us.edu.pl\/instytut\/ip\/wp-json\/wp\/v2\/komunikaty\/7760"}],"collection":[{"href":"https:\/\/us.edu.pl\/instytut\/ip\/wp-json\/wp\/v2\/komunikaty"}],"about":[{"href":"https:\/\/us.edu.pl\/instytut\/ip\/wp-json\/wp\/v2\/types\/komunikaty"}],"author":[{"embeddable":true,"href":"https:\/\/us.edu.pl\/instytut\/ip\/wp-json\/wp\/v2\/users\/159"}],"version-history":[{"count":4,"href":"https:\/\/us.edu.pl\/instytut\/ip\/wp-json\/wp\/v2\/komunikaty\/7760\/revisions"}],"predecessor-version":[{"id":7797,"href":"https:\/\/us.edu.pl\/instytut\/ip\/wp-json\/wp\/v2\/komunikaty\/7760\/revisions\/7797"}],"wp:attachment":[{"href":"https:\/\/us.edu.pl\/instytut\/ip\/wp-json\/wp\/v2\/media?parent=7760"}],"curies":[{"name":"wp","href":"https:\/\/api.w.org\/{rel}","templated":true}]}}

Związek pomiędzy symptomami PTSD, zachowaniami żywieniowymi i zdrowiem fizycznym: Korelaty zapalne, kardiometaboliczne, i psychofizjologiczne

<p><span style="font-size: 14pt;"><strong>Kierownik projektu: </strong>dr Monika Stojek, prof. UŚ</span></p>
<p><span style="font-size: 14pt;"><strong>Tytuł projektu: </strong>Związek pomiędzy symptomami PTSD, zachowaniami żywieniowymi i zdrowiem fizycznym: Korelaty zapalne, kardiometaboliczne, i psychofizjologiczne</span></p>
<p><span style="font-size: 14pt;"><strong>Konkurs: </strong>OPUS-21</span></p>
<p><span style="font-size: 14pt;"><strong>Finansowanie:</strong> Narodowe Centrum Badań – NCN</span></p>
<p><span style="font-size: 14pt;"><strong>Kontakt: </strong>monika.stojek@us.edu.pl</span></p>

<p>Kierownik projektu: dr Monika Stojek, prof. UŚ Tytuł projektu: Związek pomiędzy symptomami PTSD, zachowaniami żywieniowymi i zdrowiem fizycznym: Korelaty zapalne, kardiometaboliczne, i psychofizjologiczne Konkurs: OPUS-21 Finansowanie: Narodowe Centrum Badań – NCN Kontakt: monika.stojek@us.edu.pl [&#8230;]</p>
<p><a class="btn btn-secondary understrap-read-more-link" href="https://us.edu.pl/instytut/ip/komunikaty/zwiazek-pomiedzy-symptomami-ptsd-zachowaniami-zywieniowymi-i-zdrowiem-fizycznym-korelaty-zapalne-kardiometaboliczne-i-psychofizjologiczne/">Read More&#8230;</a></p>
