{"id":240,"date":"2019-12-01T16:42:56","date_gmt":"2019-12-01T15:42:56","guid":{"rendered":"http:\/\/us.edu.pl\/instytut\/ip\/?page_id=240"},"modified":"2025-05-13T08:51:49","modified_gmt":"2025-05-13T06:51:49","slug":"granty","status":"publish","type":"page","link":"https:\/\/us.edu.pl\/instytut\/ip\/nauka\/granty\/","title":{"rendered":"granty naukowe"},"content":{"rendered":"<p>[vc_row][vc_column]\r\n            <div class=\"container\">  \r\n                <div class=\"lists-with-links\">\r\n                    <div class=\"section-title\">Granty naukowe<\/div>\r\n                   <div class=\"lists-with-links__items lists-1\"><ul class=\"angle-list\"> <div class=\"angle-list__title\">NCN - Sonata Bis<\/div><li> <a href=\"https:\/\/us.edu.pl\/instytut\/ip\/2025\/03\/13\/dr-mariola-paruzel-czachura-prof-us-wsrod-laureatow-konkursu-ncn-sonata-bis\/\"> Czy dobry drink tworzy z\u0142ych ludzi? Wp\u0142yw alkoholu na warto\u015bci, emocje i zachowania moralne <\/a> <\/li><\/ul><ul class=\"angle-list\"> <div class=\"angle-list__title\">NCN - OPUS 21<\/div><li> <a href=\"https:\/\/us.edu.pl\/instytut\/ip\/komunikaty\/zwiazek-pomiedzy-symptomami-ptsd-zachowaniami-zywieniowymi-i-zdrowiem-fizycznym-korelaty-zapalne-kardiometaboliczne-i-psychofizjologiczne\/\"> Zwi\u0105zek pomi\u0119dzy symptomami PTSD, zachowaniami \u017cywieniowymi i zdrowiem fizycznym: Korelaty zapalne, kardiometaboliczne, i psychofizjologiczne <\/a> <\/li><\/ul><ul class=\"angle-list\"> <div class=\"angle-list__title\">NCN -BEETHOVEN<\/div><li> <a href=\"https:\/\/us.edu.pl\/instytut\/ip\/komunikaty\/flow-i-efektywnosc-zespolu\/\"> Flow i efektywno\u015b\u0107 zespo\u0142u wirtualnego <\/a> <\/li><\/ul><ul class=\"angle-list\"> <div class=\"angle-list__title\">NCN -Sonata 16 <\/div><li> <a href=\"https:\/\/us.edu.pl\/instytut\/ip\/komunikaty\/rola-czynnikow-makro-mezo-i-mikro-w-uzaleznieniu-od-pracy-i-w-zwiazanych-z-nim-problemach-zdrowotnych\/\"> Rola czynnik\u00f3w makro, mezo i mikro w uzale\u017cnieniu od pracy i w zwi\u0105zanych z nim problemach zdrowotnych <\/a> <\/li><\/ul><ul class=\"angle-list\"> <div class=\"angle-list__title\">NCN -Sonata 12<\/div><li> <a href=\"https:\/\/us.edu.pl\/instytut\/ip\/komunikaty\/bol-zagrozonego-ja-samoocena-jawna-i-utajona-reakcja-stresowa-w-obliczu-zagrozenia-spolecznego-a-progi-czucia-i-tolerancji-na-bol\/\"> B\u00f3l zagro\u017conego Ja. Samoocena jawna i utajona, reakcja stresowa w obliczu zagro\u017cenia spo\u0142ecznego a progi czucia i tolerancji na b\u00f3l <\/a> <\/li><\/ul><ul class=\"angle-list\"> <div class=\"angle-list__title\">NCN -TANGO IV<\/div><li> <a href=\"https:\/\/us.edu.pl\/instytut\/ip\/komunikaty\/opracowanie-autorskiego-programu-on-boardingpro-wspierajacego-proaktywnosc-pracownika-w-procesie-adaptacji-do-miejsca-pracy-w-formie-e-szkolenia\/\"> Opracowanie autorskiego programu ON-BOARDINGPro wspieraj\u0105cego proaktywno\u015b\u0107 pracownika w procesie adaptacji do miejsca pracy w formie e-szkolenia <\/a> <\/li><\/ul><ul class=\"angle-list\"> <div class=\"angle-list__title\">NCN -PRELUDIUM<\/div><li> <a href=\"https:\/\/us.edu.pl\/instytut\/ip\/2024\/12\/11\/mgr-zuzanna-schneider-wsrod-laureatow-konkursu-preludium-23\/\"> Impostoryzm jako czynnik ryzyka uzale\u017cnienia od uczenia si\u0119: longitudinalna i mi\u0119dzykulturowa perspektywa <\/a> <\/li><li> <a href=\"https:\/\/us.edu.pl\/wydzial\/wns\/zwiazek-pomiedzy-poczuciem-narodowej-wiktymizacji-a-postawami-wobec-skrajnie-prawicowego-brutalnego-ekstremizmu\/\"> Zwi\u0105zek pomi\u0119dzy poczuciem narodowej wiktymizacji a postawami wobec skrajnie prawicowego brutalnego ekstremizmu <\/a> <\/li><li> <a href=\"https:\/\/us.edu.pl\/instytut\/ip\/2025\/05\/13\/9967\/\"> Kiedy dotyk samotno\u015bci boli najbardziej: implikacje samotno\u015bci i dotyku spo\u0142ecznego dla endogennej modulacji b\u00f3lu i stresu oksydacyjnegowirtualnego <\/a> <\/li><\/ul><ul class=\"angle-list\"> <div class=\"angle-list__title\">NCN - MINIATURA<\/div><li> <a href=\"https:\/\/us.edu.pl\/instytut\/ip\/2024\/12\/06\/dr-anna-brandt-salmeri-wsrod-laureatow-konkursu-miniatura-8\/\"> Zdrowie psychiczne niemowl\u0105t: adaptacja narz\u0119dzi pomiaru, identyfikacja grup ryzyka oraz zale\u017cno\u015bci ze stanem psychicznym rodzica (Miniatura 8) <\/a> <\/li><li> <a href=\"https:\/\/us.edu.pl\/instytut\/ip\/nauka\/zespoly-badawcze\/projekty-naukowe-2\/pregnancy-parenthoodlab-prepare-lab\/aktualne-projekty-prepare-lab\/rola-filmu-informacyjnego-w-redukowaniu-leku-przed-cieciem-cesarskim-u-kobiet-w-okresie-okoloporodowym\/\"> Rola filmu informacyjnego w redukowaniu l\u0119ku przed ci\u0119ciem cesarskim u kobiet w okresie oko\u0142oporodowym (Miniatura 6) <\/a> <\/li><li> <a href=\"https:\/\/us.edu.pl\/instytut\/ip\/nauka\/zespoly-badawcze\/projekty-naukowe-2\/pregnancy-parenthoodlab-prepare-lab\/aktualne-projekty-prepare-lab\/zaburzenia-snu-w-ciazy-wplyw-na-zdrowie-psychiczne-matki-i-niemowlecia-sonnomamma\/\"> Zaburzenia snu w ci\u0105\u017cy: wp\u0142yw na zdrowie psychiczne matki i niemowl\u0119cia (Miniatura 6) <\/a> <\/li><li> <a href=\"https:\/\/us.edu.pl\/instytut\/ip\/2025\/05\/13\/9983\/\"> Kamufla\u017c spo\u0142eczny jako kompensacyjna strategia radzenia sobie z dysregulacj\u0105 emocjonaln\u0105. Konceptualizacja mechanizmu funkcjonowania u os\u00f3b w spektrum autyzmu oraz z rozpoznaniem l\u0119ku spo\u0142ecznego (Miniatura 6) <\/a> <\/li><li> <a href=\"https:\/\/us.edu.pl\/wydzial\/wns\/2022\/09\/19\/dr-dagna-kocur-laureatka-konkursu-miniatura-6\/\"> Okazywanie uczu\u0107 w zwi\u0105zku romantycznym a radzenie sobie z wykroczeniem relacyjnym (Miniatura 6) <\/a> <\/li><li> <a href=\"https:\/\/us.edu.pl\/instytut\/ip\/komunikaty\/kobieta-cykliczna-badanie-pilotazowe-doswiadczenie-swojej-pierwszej-miesiaczki-oraz-pierwszej-miesiaczki-u-swoich-corek-w-grupie-polskich-kobiet\/\"> Kobieta cykliczna \u2013 badanie pilota\u017cowe. Do\u015bwiadczenie swojej pierwszej miesi\u0105czki oraz pierwszej miesi\u0105czki u swoich c\u00f3rek w grupie polskich kobiet (Miniatura 5) <\/a> <\/li><li> <a href=\"https:\/\/us.edu.pl\/instytut\/ip\/komunikaty\/3715\/\"> Konceptualizacja funkcjonowania psychologicznego muzyk\u00f3w na podstawie modelu elastyczno\u015bci psychologicznej (Miniatura 5) <\/a> <\/li><li> <a href=\"https:\/\/us.edu.pl\/instytut\/ip\/komunikaty\/regulacja-emocjonalna-a-agresja-relacyjna-w-parach-romantycznych-badanie-z-pomiarem-podluznym-w-planie-diadycznym\/\"> Regulacja emocjonalna a agresja relacyjna w parach romantycznych: Badanie z pomiarem pod\u0142u\u017cnym w planie diadycznym (Miniatura 4) <\/a> <\/li><li> <a href=\"https:\/\/us.edu.pl\/instytut\/ip\/komunikaty\/elastycznosc-psychologiczna-w-funkcjonowaniu-jednostki\/\"> Elastyczno\u015b\u0107 psychologiczna w funkcjonowaniu jednostki <\/a> <\/li><\/ul><ul class=\"angle-list\"> <div class=\"angle-list__title\">NAWA - program Bekkera<\/div><li> <a href=\"https:\/\/us.edu.pl\/instytut\/ip\/komunikaty\/dr-paruzel-czachura-laureatka-programu-bekkera\/\"> Moralne pogl\u0105dy wi\u0119\u017ani\u00f3w  <\/a> <\/li><\/ul><\/div>\r\n                <\/div>\r\n            <\/div>[\/vc_column][\/vc_row]<\/p>","protected":false},"excerpt":{"rendered":"<p>[vc_row][vc_column][\/vc_column][\/vc_row] [&#8230;]<\/p>\n<p><a class=\"btn btn-secondary understrap-read-more-link\" href=\"https:\/\/us.edu.pl\/instytut\/ip\/nauka\/granty\/\">Read More&#8230;<\/a><\/p>\n","protected":false},"author":159,"featured_media":0,"parent":824,"menu_order":0,"comment_status":"closed","ping_status":"closed","template":"page-templates\/page-with-sidebar.php","meta":{"_expiration-date-status":"","_expiration-date":0,"_expiration-date-type":"","_expiration-date-categories":[],"_expiration-date-options":[]},"acf":[],"_links":{"self":[{"href":"https:\/\/us.edu.pl\/instytut\/ip\/wp-json\/wp\/v2\/pages\/240"}],"collection":[{"href":"https:\/\/us.edu.pl\/instytut\/ip\/wp-json\/wp\/v2\/pages"}],"about":[{"href":"https:\/\/us.edu.pl\/instytut\/ip\/wp-json\/wp\/v2\/types\/page"}],"author":[{"embeddable":true,"href":"https:\/\/us.edu.pl\/instytut\/ip\/wp-json\/wp\/v2\/users\/159"}],"replies":[{"embeddable":true,"href":"https:\/\/us.edu.pl\/instytut\/ip\/wp-json\/wp\/v2\/comments?post=240"}],"version-history":[{"count":11,"href":"https:\/\/us.edu.pl\/instytut\/ip\/wp-json\/wp\/v2\/pages\/240\/revisions"}],"predecessor-version":[{"id":9991,"href":"https:\/\/us.edu.pl\/instytut\/ip\/wp-json\/wp\/v2\/pages\/240\/revisions\/9991"}],"up":[{"embeddable":true,"href":"https:\/\/us.edu.pl\/instytut\/ip\/wp-json\/wp\/v2\/pages\/824"}],"wp:attachment":[{"href":"https:\/\/us.edu.pl\/instytut\/ip\/wp-json\/wp\/v2\/media?parent=240"}],"curies":[{"name":"wp","href":"https:\/\/api.w.org\/{rel}","templated":true}]}}

<p>[vc_row][vc_column]
            <div class="container">  
                <div class="lists-with-links">
                    <div class="section-title">Granty naukowe</div>
                   <div class="lists-with-links__items lists-1"><ul class="angle-list"> <div class="angle-list__title">NCN - Sonata Bis</div><li> <a href="https://us.edu.pl/instytut/ip/2025/03/13/dr-mariola-paruzel-czachura-prof-us-wsrod-laureatow-konkursu-ncn-sonata-bis/"> Czy dobry drink tworzy złych ludzi? Wpływ alkoholu na wartości, emocje i zachowania moralne </a> </li></ul><ul class="angle-list"> <div class="angle-list__title">NCN - OPUS 21</div><li> <a href="https://us.edu.pl/instytut/ip/komunikaty/zwiazek-pomiedzy-symptomami-ptsd-zachowaniami-zywieniowymi-i-zdrowiem-fizycznym-korelaty-zapalne-kardiometaboliczne-i-psychofizjologiczne/"> Związek pomiędzy symptomami PTSD, zachowaniami żywieniowymi i zdrowiem fizycznym: Korelaty zapalne, kardiometaboliczne, i psychofizjologiczne </a> </li></ul><ul class="angle-list"> <div class="angle-list__title">NCN -BEETHOVEN</div><li> <a href="https://us.edu.pl/instytut/ip/komunikaty/flow-i-efektywnosc-zespolu/"> Flow i efektywność zespołu wirtualnego </a> </li></ul><ul class="angle-list"> <div class="angle-list__title">NCN -Sonata 16 </div><li> <a href="https://us.edu.pl/instytut/ip/komunikaty/rola-czynnikow-makro-mezo-i-mikro-w-uzaleznieniu-od-pracy-i-w-zwiazanych-z-nim-problemach-zdrowotnych/"> Rola czynników makro, mezo i mikro w uzależnieniu od pracy i w związanych z nim problemach zdrowotnych </a> </li></ul><ul class="angle-list"> <div class="angle-list__title">NCN -Sonata 12</div><li> <a href="https://us.edu.pl/instytut/ip/komunikaty/bol-zagrozonego-ja-samoocena-jawna-i-utajona-reakcja-stresowa-w-obliczu-zagrozenia-spolecznego-a-progi-czucia-i-tolerancji-na-bol/"> Ból zagrożonego Ja. Samoocena jawna i utajona, reakcja stresowa w obliczu zagrożenia społecznego a progi czucia i tolerancji na ból </a> </li></ul><ul class="angle-list"> <div class="angle-list__title">NCN -TANGO IV</div><li> <a href="https://us.edu.pl/instytut/ip/komunikaty/opracowanie-autorskiego-programu-on-boardingpro-wspierajacego-proaktywnosc-pracownika-w-procesie-adaptacji-do-miejsca-pracy-w-formie-e-szkolenia/"> Opracowanie autorskiego programu ON-BOARDINGPro wspierającego proaktywność pracownika w procesie adaptacji do miejsca pracy w formie e-szkolenia </a> </li></ul><ul class="angle-list"> <div class="angle-list__title">NCN -PRELUDIUM</div><li> <a href="https://us.edu.pl/instytut/ip/2024/12/11/mgr-zuzanna-schneider-wsrod-laureatow-konkursu-preludium-23/"> Impostoryzm jako czynnik ryzyka uzależnienia od uczenia się: longitudinalna i międzykulturowa perspektywa </a> </li><li> <a href="https://us.edu.pl/wydzial/wns/zwiazek-pomiedzy-poczuciem-narodowej-wiktymizacji-a-postawami-wobec-skrajnie-prawicowego-brutalnego-ekstremizmu/"> Związek pomiędzy poczuciem narodowej wiktymizacji a postawami wobec skrajnie prawicowego brutalnego ekstremizmu </a> </li><li> <a href="https://us.edu.pl/instytut/ip/2025/05/13/9967/"> Kiedy dotyk samotności boli najbardziej: implikacje samotności i dotyku społecznego dla endogennej modulacji bólu i stresu oksydacyjnegowirtualnego </a> </li></ul><ul class="angle-list"> <div class="angle-list__title">NCN - MINIATURA</div><li> <a href="https://us.edu.pl/instytut/ip/2024/12/06/dr-anna-brandt-salmeri-wsrod-laureatow-konkursu-miniatura-8/"> Zdrowie psychiczne niemowląt: adaptacja narzędzi pomiaru, identyfikacja grup ryzyka oraz zależności ze stanem psychicznym rodzica (Miniatura 8) </a> </li><li> <a href="https://us.edu.pl/instytut/ip/nauka/zespoly-badawcze/projekty-naukowe-2/pregnancy-parenthoodlab-prepare-lab/aktualne-projekty-prepare-lab/rola-filmu-informacyjnego-w-redukowaniu-leku-przed-cieciem-cesarskim-u-kobiet-w-okresie-okoloporodowym/"> Rola filmu informacyjnego w redukowaniu lęku przed cięciem cesarskim u kobiet w okresie okołoporodowym (Miniatura 6) </a> </li><li> <a href="https://us.edu.pl/instytut/ip/nauka/zespoly-badawcze/projekty-naukowe-2/pregnancy-parenthoodlab-prepare-lab/aktualne-projekty-prepare-lab/zaburzenia-snu-w-ciazy-wplyw-na-zdrowie-psychiczne-matki-i-niemowlecia-sonnomamma/"> Zaburzenia snu w ciąży: wpływ na zdrowie psychiczne matki i niemowlęcia (Miniatura 6) </a> </li><li> <a href="https://us.edu.pl/instytut/ip/2025/05/13/9983/"> Kamuflaż społeczny jako kompensacyjna strategia radzenia sobie z dysregulacją emocjonalną. Konceptualizacja mechanizmu funkcjonowania u osób w spektrum autyzmu oraz z rozpoznaniem lęku społecznego (Miniatura 6) </a> </li><li> <a href="https://us.edu.pl/wydzial/wns/2022/09/19/dr-dagna-kocur-laureatka-konkursu-miniatura-6/"> Okazywanie uczuć w związku romantycznym a radzenie sobie z wykroczeniem relacyjnym (Miniatura 6) </a> </li><li> <a href="https://us.edu.pl/instytut/ip/komunikaty/kobieta-cykliczna-badanie-pilotazowe-doswiadczenie-swojej-pierwszej-miesiaczki-oraz-pierwszej-miesiaczki-u-swoich-corek-w-grupie-polskich-kobiet/"> Kobieta cykliczna – badanie pilotażowe. Doświadczenie swojej pierwszej miesiączki oraz pierwszej miesiączki u swoich córek w grupie polskich kobiet (Miniatura 5) </a> </li><li> <a href="https://us.edu.pl/instytut/ip/komunikaty/3715/"> Konceptualizacja funkcjonowania psychologicznego muzyków na podstawie modelu elastyczności psychologicznej (Miniatura 5) </a> </li><li> <a href="https://us.edu.pl/instytut/ip/komunikaty/regulacja-emocjonalna-a-agresja-relacyjna-w-parach-romantycznych-badanie-z-pomiarem-podluznym-w-planie-diadycznym/"> Regulacja emocjonalna a agresja relacyjna w parach romantycznych: Badanie z pomiarem podłużnym w planie diadycznym (Miniatura 4) </a> </li><li> <a href="https://us.edu.pl/instytut/ip/komunikaty/elastycznosc-psychologiczna-w-funkcjonowaniu-jednostki/"> Elastyczność psychologiczna w funkcjonowaniu jednostki </a> </li></ul><ul class="angle-list"> <div class="angle-list__title">NAWA - program Bekkera</div><li> <a href="https://us.edu.pl/instytut/ip/komunikaty/dr-paruzel-czachura-laureatka-programu-bekkera/"> Moralne poglądy więźniów  </a> </li></ul></div>
                </div>
            </div>[/vc_column][/vc_row]</p>
